{"id":8091,"date":"2025-07-14T11:18:22","date_gmt":"2025-07-14T09:18:22","guid":{"rendered":"https:\/\/www.bambergorthodox.de\/?page_id=8091"},"modified":"2025-07-14T11:25:20","modified_gmt":"2025-07-14T09:25:20","slug":"prea-sfanta-maica-si-fecioara","status":"publish","type":"page","link":"https:\/\/www.bambergorthodox.de\/?page_id=8091","title":{"rendered":"Prea Sf\u00e2nt\u0103 Maic\u0103 \u0219i Fecioar\u0103"},"content":{"rendered":"\u201dDe n-ai fi rev\u0103rsat tu zorii<br \/>\nPeste p\u0103m\u00e2ntul adormit<br \/>\nAtuncea umbra cea de moarte<br \/>\nAr fi r\u0103mas f\u0103r\u0103 sf\u00e2r\u0219it.\u201d<\/p>\n<p>Ie\u0219it\u0103 din pana Sf. Ioan Iacob Rom\u00e2nul de la Hozeva (1913-1960), priceasna denot\u0103 \u00een\u0103l\u021bimile suflete\u0219ti la care Harul l-a \u00een\u0103l\u021bat pe autor. Este un sf\u00e2nt mai recent, care s-a nevoit 24 de ani \u00een <a title=\"\u021aara Sf\u00e2nt\u0103\" href=\"https:\/\/ro.orthodoxwiki.org\/%C8%9Aara_Sf%C3%A2nt%C4%83\">\u021a<\/a>ara Sf\u00e2nt\u0103, \u00een pustiul Hozeva. Pild\u0103 vie de credin\u021b\u0103 \u0219i vie\u021buire cre\u0219tineasc\u0103, este s\u0103rb\u0103torit pe\u00a05 august (sursa: <a href=\"https:\/\/ro.orthodoxwiki.org\/Ioan_Iacob_Hozevitul\">OrthodoxWiki<\/a>).<\/p>\n<p>Partitura, cor mixt (pdf):\u00a0<a href=\"https:\/\/www.bambergorthodox.de\/wp-content\/uploads\/2025\/07\/PreaSfantaMaica.pdf\">Prea Sf\u00e2nt\u0103 Maic\u0103 \u0219i Fecioar\u0103<\/a><\/p>\n<p>Voci (mp3): <a href=\"https:\/\/www.bambergorthodox.de\/wp-content\/uploads\/2024\/02\/PreaSfantaMaica-1.mp3\">sopran<\/a>, <a href=\"https:\/\/www.bambergorthodox.de\/wp-content\/uploads\/2024\/02\/PreaSfantaMaica-2.mp3\">alto<\/a>, <a href=\"https:\/\/www.bambergorthodox.de\/wp-content\/uploads\/2025\/07\/PreaSfantaMaica-3.mp3\">tenor<\/a>, <a href=\"https:\/\/www.bambergorthodox.de\/wp-content\/uploads\/2025\/07\/PreaSfantaMaica-4.mp3\">bas<\/a>,\u00a0<a href=\"https:\/\/www.bambergorthodox.de\/wp-content\/uploads\/2025\/07\/PreaSfantaMaica.mp3\">cor<\/a><\/p>\n<p>Surs\u0103 Lilypond (ly): <a href=\"https:\/\/www.bambergorthodox.de\/wp-content\/uploads\/2025\/07\/PreaSfantaMaica.zip\">Prea Sf\u00e2nt\u0103 Maic\u0103 \u0219i Fecioar\u0103<\/a><\/p>\n<p><img loading=\"lazy\" decoding=\"async\" class=\"alignnone\" src=\"https:\/\/commons.orthodoxwiki.org\/images\/5\/57\/John_of_Neamt.jpg\" alt=\"Sf. Ioan Iacob Hozevitul\" width=\"274\" height=\"380\" \/>","protected":false},"excerpt":{"rendered":"<p>\u201dDe n-ai fi rev\u0103rsat tu zorii Peste p\u0103m\u00e2ntul adormit Atuncea umbra cea de moarte Ar fi r\u0103mas f\u0103r\u0103 sf\u00e2r\u0219it.\u201d Ie\u0219it\u0103 din pana Sf. Ioan Iacob Rom\u00e2nul de la Hozeva (1913-1960), priceasna denot\u0103 \u00een\u0103l\u021bimile suflete\u0219ti la care Harul l-a \u00een\u0103l\u021bat pe autor. Este un sf\u00e2nt mai recent, care s-a nevoit 24 de ani \u00een \u021aara Sf\u00e2nt\u0103, &#8230; <a class=\"read-more\" href=\"https:\/\/www.bambergorthodox.de\/?page_id=8091\">Read more&#8230;<\/a><\/p>\n","protected":false},"author":2,"featured_media":0,"parent":0,"menu_order":0,"comment_status":"closed","ping_status":"closed","template":"","meta":{"jetpack_post_was_ever_published":false,"footnotes":""},"class_list":["post-8091","page","type-page","status-publish"],"jetpack_sharing_enabled":true,"jetpack_shortlink":"https:\/\/wp.me\/P93ZOd-26v","_links":{"self":[{"href":"https:\/\/www.bambergorthodox.de\/index.php?rest_route=\/wp\/v2\/pages\/8091","targetHints":{"allow":["GET"]}}],"collection":[{"href":"https:\/\/www.bambergorthodox.de\/index.php?rest_route=\/wp\/v2\/pages"}],"about":[{"href":"https:\/\/www.bambergorthodox.de\/index.php?rest_route=\/wp\/v2\/types\/page"}],"author":[{"embeddable":true,"href":"https:\/\/www.bambergorthodox.de\/index.php?rest_route=\/wp\/v2\/users\/2"}],"replies":[{"embeddable":true,"href":"https:\/\/www.bambergorthodox.de\/index.php?rest_route=%2Fwp%2Fv2%2Fcomments&post=8091"}],"version-history":[{"count":3,"href":"https:\/\/www.bambergorthodox.de\/index.php?rest_route=\/wp\/v2\/pages\/8091\/revisions"}],"predecessor-version":[{"id":8095,"href":"https:\/\/www.bambergorthodox.de\/index.php?rest_route=\/wp\/v2\/pages\/8091\/revisions\/8095"}],"wp:attachment":[{"href":"https:\/\/www.bambergorthodox.de\/index.php?rest_route=%2Fwp%2Fv2%2Fmedia&parent=8091"}],"curies":[{"name":"wp","href":"https:\/\/api.w.org\/{rel}","templated":true}]}}

Prea Sfântă Maică și Fecioară

”De n-ai fi revărsat tu zorii<br />
Peste pământul adormit<br />
Atuncea umbra cea de moarte<br />
Ar fi rămas fără sfârșit.”</p>
<p>Ieșită din pana Sf. Ioan Iacob Românul de la Hozeva (1913-1960), priceasna denotă înălțimile sufletești la care Harul l-a înălțat pe autor. Este un sfânt mai recent, care s-a nevoit 24 de ani în <a title="Țara Sfântă" href="https://ro.orthodoxwiki.org/%C8%9Aara_Sf%C3%A2nt%C4%83">Ț</a>ara Sfântă, în pustiul Hozeva. Pildă vie de credință și viețuire creștinească, este sărbătorit pe 5 august (sursa: <a href="https://ro.orthodoxwiki.org/Ioan_Iacob_Hozevitul">OrthodoxWiki</a>).</p>
<p>Partitura, cor mixt (pdf): <a href="https://www.bambergorthodox.de/wp-content/uploads/2025/07/PreaSfantaMaica.pdf">Prea Sfântă Maică și Fecioară</a></p>
<p>Voci (mp3): <a href="https://www.bambergorthodox.de/wp-content/uploads/2024/02/PreaSfantaMaica-1.mp3">sopran</a>, <a href="https://www.bambergorthodox.de/wp-content/uploads/2024/02/PreaSfantaMaica-2.mp3">alto</a>, <a href="https://www.bambergorthodox.de/wp-content/uploads/2025/07/PreaSfantaMaica-3.mp3">tenor</a>, <a href="https://www.bambergorthodox.de/wp-content/uploads/2025/07/PreaSfantaMaica-4.mp3">bas</a>, <a href="https://www.bambergorthodox.de/wp-content/uploads/2025/07/PreaSfantaMaica.mp3">cor</a></p>
<p>Sursă Lilypond (ly): <a href="https://www.bambergorthodox.de/wp-content/uploads/2025/07/PreaSfantaMaica.zip">Prea Sfântă Maică și Fecioară</a></p>
<p><img loading="lazy" decoding="async" class="alignnone" src="https://commons.orthodoxwiki.org/images/5/57/John_of_Neamt.jpg" alt="Sf. Ioan Iacob Hozevitul" width="274" height="380" />

<p>”De n-ai fi revărsat tu zorii Peste pământul adormit Atuncea umbra cea de moarte Ar fi rămas fără sfârșit.” Ieșită din pana Sf. Ioan Iacob Românul de la Hozeva (1913-1960), priceasna denotă înălțimile sufletești la care Harul l-a înălțat pe autor. Este un sfânt mai recent, care s-a nevoit 24 de ani în Țara Sfântă, &#8230; <a class="read-more" href="https://www.bambergorthodox.de/?page_id=8091">Read more&#8230;</a></p>
