{"id":771,"date":"2016-07-21T12:45:39","date_gmt":"2016-07-21T10:45:39","guid":{"rendered":"http:\/\/www.bambergorthodox.de\/?page_id=771"},"modified":"2020-10-06T15:35:07","modified_gmt":"2020-10-06T13:35:07","slug":"kontakt","status":"publish","type":"page","link":"https:\/\/www.bambergorthodox.de\/?page_id=771","title":{"rendered":"Contact"},"content":{"rendered":"<strong>Biserica:<\/strong><\/p>\n<p><a  href=\"https:\/\/www.bambergorthodox.de\/wp-content\/uploads\/2020\/10\/IMG_3525.jpeg\" data-rel=\"lightbox-gallery-0\" data-rl_title=\"\" data-rl_caption=\"\" title=\"\"><img loading=\"lazy\" decoding=\"async\" class=\"size-medium wp-image-4543 alignleft\" src=\"https:\/\/www.bambergorthodox.de\/wp-content\/uploads\/2020\/10\/IMG_3525-300x225.jpeg\" alt=\"\" width=\"300\" height=\"225\" srcset=\"https:\/\/www.bambergorthodox.de\/wp-content\/uploads\/2020\/10\/IMG_3525-300x225.jpeg 300w, https:\/\/www.bambergorthodox.de\/wp-content\/uploads\/2020\/10\/IMG_3525-768x576.jpeg 768w, https:\/\/www.bambergorthodox.de\/wp-content\/uploads\/2020\/10\/IMG_3525-1024x768.jpeg 1024w\" sizes=\"auto, (max-width: 300px) 100vw, 300px\" \/><\/a><\/p>\n<p>&nbsp;<\/p>\n<p><em>St. Johannes Kirche<\/em><\/p>\n<p style=\"text-align: left;\">Andreas Hofer Str. 21<\/p>\n<p style=\"text-align: left;\">96049 Bamberg<\/p>\n<p>&nbsp;<\/p>\n<p>&nbsp;<\/p>\n<p>&nbsp;<\/p>\n<p>&nbsp;<\/p>\n<p><strong>Preot paroh Ionu\u021b P\u0103un<\/strong><\/p>\n<p><a  href=\"https:\/\/www.bambergorthodox.de\/wp-content\/uploads\/2015\/05\/foto-eu.jpg\" data-rel=\"lightbox-gallery-0\" data-rl_title=\"\" data-rl_caption=\"\" title=\"\"><img loading=\"lazy\" decoding=\"async\" class=\"alignleft wp-image-2661 size-medium\" src=\"https:\/\/www.bambergorthodox.de\/wp-content\/uploads\/2015\/05\/foto-eu-199x300.jpg\" alt=\"\" width=\"199\" height=\"300\" srcset=\"https:\/\/www.bambergorthodox.de\/wp-content\/uploads\/2015\/05\/foto-eu-199x300.jpg 199w, https:\/\/www.bambergorthodox.de\/wp-content\/uploads\/2015\/05\/foto-eu-768x1160.jpg 768w, https:\/\/www.bambergorthodox.de\/wp-content\/uploads\/2015\/05\/foto-eu-678x1024.jpg 678w, https:\/\/www.bambergorthodox.de\/wp-content\/uploads\/2015\/05\/foto-eu.jpg 1653w\" sizes=\"auto, (max-width: 199px) 100vw, 199px\" \/><\/a><\/p>\n<p>&nbsp;<\/p>\n<p>&nbsp;<\/p>\n<p>Telefon: 0176\/38004659<\/p>\n<p>Email: <a href=\"mailto:pr.paun@yahoo.de\">pr.paun@yahoo.de<\/a>\u00a0 sau\u00a0\u00a0\u00a0<a href=\"mailto:info@bambergorthodox.de\">info@bambergorthodox.de<\/a><\/p>\n<p>Facebook:\u00a0<a href=\"https:\/\/www.facebook.com\/BambergOrthodox\/\">Parohia Ortodoxa Romana Bamberg<\/a><\/p>\n<p>&nbsp;<\/p>\n<p>&nbsp;<\/p>\n<p>&nbsp;<\/p>\n<p>&nbsp;<\/p>\n<p>&nbsp;<\/p>\n<hr \/>\n<h1><span lang=\"fr-FR\">Descrierea c\u0103ilor de acces:<\/span><\/h1>\n<p><span lang=\"en-US\">La biserica rom\u00e2neasc\u0103\u00a0din Bamberg se poate ajunge:<\/span><span lang=\"en-US\"><br \/>\n<\/span><\/p>\n<div class=\"su-gmap su-u-responsive-media-yes\"><iframe loading=\"lazy\" width=\"600\" height=\"400\" src=\"\/\/maps.google.com\/maps?q=Andreas%20Hofer%20Str.%2021%2C%2096049%20Bamberg%2C%20Deutschland&amp;output=embed\" title=\"\"><\/iframe><\/div>\n<div>\n<hr \/>\n<h1><\/h1>\n<h1><\/h1>\n<\/div>","protected":false},"excerpt":{"rendered":"<p>Biserica: &nbsp; St. Johannes Kirche Andreas Hofer Str. 21 96049 Bamberg &nbsp; &nbsp; &nbsp; &nbsp; Preot paroh Ionu\u021b P\u0103un &nbsp; &nbsp; Telefon: 0176\/38004659 Email: pr.paun@yahoo.de\u00a0 sau\u00a0\u00a0\u00a0info@bambergorthodox.de Facebook:\u00a0Parohia Ortodoxa Romana Bamberg &nbsp; &nbsp; &nbsp; &nbsp; &nbsp; Descrierea c\u0103ilor de acces: La biserica rom\u00e2neasc\u0103\u00a0din Bamberg se poate ajunge:<\/p>\n","protected":false},"author":1,"featured_media":0,"parent":0,"menu_order":0,"comment_status":"closed","ping_status":"closed","template":"","meta":{"jetpack_post_was_ever_published":false,"footnotes":""},"class_list":["post-771","page","type-page","status-publish"],"jetpack_sharing_enabled":true,"jetpack_shortlink":"https:\/\/wp.me\/P93ZOd-cr","_links":{"self":[{"href":"https:\/\/www.bambergorthodox.de\/index.php?rest_route=\/wp\/v2\/pages\/771","targetHints":{"allow":["GET"]}}],"collection":[{"href":"https:\/\/www.bambergorthodox.de\/index.php?rest_route=\/wp\/v2\/pages"}],"about":[{"href":"https:\/\/www.bambergorthodox.de\/index.php?rest_route=\/wp\/v2\/types\/page"}],"author":[{"embeddable":true,"href":"https:\/\/www.bambergorthodox.de\/index.php?rest_route=\/wp\/v2\/users\/1"}],"replies":[{"embeddable":true,"href":"https:\/\/www.bambergorthodox.de\/index.php?rest_route=%2Fwp%2Fv2%2Fcomments&post=771"}],"version-history":[{"count":19,"href":"https:\/\/www.bambergorthodox.de\/index.php?rest_route=\/wp\/v2\/pages\/771\/revisions"}],"predecessor-version":[{"id":4545,"href":"https:\/\/www.bambergorthodox.de\/index.php?rest_route=\/wp\/v2\/pages\/771\/revisions\/4545"}],"wp:attachment":[{"href":"https:\/\/www.bambergorthodox.de\/index.php?rest_route=%2Fwp%2Fv2%2Fmedia&parent=771"}],"curies":[{"name":"wp","href":"https:\/\/api.w.org\/{rel}","templated":true}]}}

<strong>Biserica:</strong></p>
<p><a  href="https://www.bambergorthodox.de/wp-content/uploads/2020/10/IMG_3525.jpeg" data-rel="lightbox-gallery-0" data-rl_title="" data-rl_caption="" title=""><img loading="lazy" decoding="async" class="size-medium wp-image-4543 alignleft" src="https://www.bambergorthodox.de/wp-content/uploads/2020/10/IMG_3525-300x225.jpeg" alt="" width="300" height="225" srcset="https://www.bambergorthodox.de/wp-content/uploads/2020/10/IMG_3525-300x225.jpeg 300w, https://www.bambergorthodox.de/wp-content/uploads/2020/10/IMG_3525-768x576.jpeg 768w, https://www.bambergorthodox.de/wp-content/uploads/2020/10/IMG_3525-1024x768.jpeg 1024w" sizes="auto, (max-width: 300px) 100vw, 300px" /></a></p>
<p>&nbsp;</p>
<p><em>St. Johannes Kirche</em></p>
<p style="text-align: left;">Andreas Hofer Str. 21</p>
<p style="text-align: left;">96049 Bamberg</p>
<p>&nbsp;</p>
<p>&nbsp;</p>
<p>&nbsp;</p>
<p>&nbsp;</p>
<p><strong>Preot paroh Ionuț Păun</strong></p>
<p><a  href="https://www.bambergorthodox.de/wp-content/uploads/2015/05/foto-eu.jpg" data-rel="lightbox-gallery-0" data-rl_title="" data-rl_caption="" title=""><img loading="lazy" decoding="async" class="alignleft wp-image-2661 size-medium" src="https://www.bambergorthodox.de/wp-content/uploads/2015/05/foto-eu-199x300.jpg" alt="" width="199" height="300" srcset="https://www.bambergorthodox.de/wp-content/uploads/2015/05/foto-eu-199x300.jpg 199w, https://www.bambergorthodox.de/wp-content/uploads/2015/05/foto-eu-768x1160.jpg 768w, https://www.bambergorthodox.de/wp-content/uploads/2015/05/foto-eu-678x1024.jpg 678w, https://www.bambergorthodox.de/wp-content/uploads/2015/05/foto-eu.jpg 1653w" sizes="auto, (max-width: 199px) 100vw, 199px" /></a></p>
<p>&nbsp;</p>
<p>&nbsp;</p>
<p>Telefon: 0176/38004659</p>
<p>Email: <a href="mailto:pr.paun@yahoo.de">pr.paun@yahoo.de</a>  sau   <a href="mailto:info@bambergorthodox.de">info@bambergorthodox.de</a></p>
<p>Facebook: <a href="https://www.facebook.com/BambergOrthodox/">Parohia Ortodoxa Romana Bamberg</a></p>
<p>&nbsp;</p>
<p>&nbsp;</p>
<p>&nbsp;</p>
<p>&nbsp;</p>
<p>&nbsp;</p>
<hr />
<h1><span lang="fr-FR">Descrierea căilor de acces:</span></h1>
<p><span lang="en-US">La biserica românească din Bamberg se poate ajunge:</span><span lang="en-US"><br />
</span></p>
<div class="su-gmap su-u-responsive-media-yes"><iframe loading="lazy" width="600" height="400" src="//maps.google.com/maps?q=Andreas%20Hofer%20Str.%2021%2C%2096049%20Bamberg%2C%20Deutschland&amp;output=embed" title=""></iframe></div>
<div>
<hr />
<h1></h1>
<h1></h1>
</div>

<p>Biserica: &nbsp; St. Johannes Kirche Andreas Hofer Str. 21 96049 Bamberg &nbsp; &nbsp; &nbsp; &nbsp; Preot paroh Ionuț Păun &nbsp; &nbsp; Telefon: 0176/38004659 Email: pr.paun@yahoo.de  sau   info@bambergorthodox.de Facebook: Parohia Ortodoxa Romana Bamberg &nbsp; &nbsp; &nbsp; &nbsp; &nbsp; Descrierea căilor de acces: La biserica românească din Bamberg se poate ajunge:</p>
