{"id":6865,"date":"2024-03-08T11:57:47","date_gmt":"2024-03-08T10:57:47","guid":{"rendered":"https:\/\/www.bambergorthodox.de\/?page_id=6865"},"modified":"2024-03-08T11:57:47","modified_gmt":"2024-03-08T10:57:47","slug":"o-ce-veste-minunata","status":"publish","type":"page","link":"https:\/\/www.bambergorthodox.de\/?page_id=6865","title":{"rendered":"O, ce veste minunat\u0103"},"content":{"rendered":"&#8221;\u00a0O, ce veste minunat\u0103!<br \/>\n\u00cen Viflaim ni se-arat\u0103<br \/>\nC\u0103 azi S-a n\u0103scut<br \/>\nCel f\u0103r&#8217; de-nceput<br \/>\nCum au zis proorocii.&#8221;<\/p>\n<p>Partitura, cor mixt (pdf): <a href=\"https:\/\/www.bambergorthodox.de\/wp-content\/uploads\/2024\/02\/O-ce-veste.pdf\">O, ce veste minunat\u0103<\/a><\/p>\n<p>Voci (mp3): <a href=\"https:\/\/www.bambergorthodox.de\/wp-content\/uploads\/2024\/02\/O-ce-veste-1.mp3\">sopran<\/a>,\u00a0<a href=\"https:\/\/www.bambergorthodox.de\/wp-content\/uploads\/2024\/02\/O-ce-veste-2.mp3\">alto<\/a>,\u00a0<a href=\"https:\/\/www.bambergorthodox.de\/wp-content\/uploads\/2024\/02\/O-ce-veste-3.mp3\">bariton<\/a>,\u00a0<a href=\"https:\/\/www.bambergorthodox.de\/wp-content\/uploads\/2024\/02\/O-ce-veste.mp3\">cor mixt<\/a><\/p>\n<p>Surs\u0103 Lilypond (ly): <a href=\"https:\/\/www.bambergorthodox.de\/wp-content\/uploads\/2024\/02\/O-ce-veste.zip\">O, ce veste minunat\u0103<\/a>","protected":false},"excerpt":{"rendered":"<p>&#8221;\u00a0O, ce veste minunat\u0103! \u00cen Viflaim ni se-arat\u0103 C\u0103 azi S-a n\u0103scut Cel f\u0103r&#8217; de-nceput Cum au zis proorocii.&#8221; Partitura, cor mixt (pdf): O, ce veste minunat\u0103 Voci (mp3): sopran,\u00a0alto,\u00a0bariton,\u00a0cor mixt Surs\u0103 Lilypond (ly): O, ce veste minunat\u0103<\/p>\n","protected":false},"author":2,"featured_media":0,"parent":0,"menu_order":0,"comment_status":"closed","ping_status":"closed","template":"","meta":{"jetpack_post_was_ever_published":false,"footnotes":""},"class_list":["post-6865","page","type-page","status-publish"],"jetpack_sharing_enabled":true,"jetpack_shortlink":"https:\/\/wp.me\/P93ZOd-1MJ","_links":{"self":[{"href":"https:\/\/www.bambergorthodox.de\/index.php?rest_route=\/wp\/v2\/pages\/6865","targetHints":{"allow":["GET"]}}],"collection":[{"href":"https:\/\/www.bambergorthodox.de\/index.php?rest_route=\/wp\/v2\/pages"}],"about":[{"href":"https:\/\/www.bambergorthodox.de\/index.php?rest_route=\/wp\/v2\/types\/page"}],"author":[{"embeddable":true,"href":"https:\/\/www.bambergorthodox.de\/index.php?rest_route=\/wp\/v2\/users\/2"}],"replies":[{"embeddable":true,"href":"https:\/\/www.bambergorthodox.de\/index.php?rest_route=%2Fwp%2Fv2%2Fcomments&post=6865"}],"version-history":[{"count":1,"href":"https:\/\/www.bambergorthodox.de\/index.php?rest_route=\/wp\/v2\/pages\/6865\/revisions"}],"predecessor-version":[{"id":6866,"href":"https:\/\/www.bambergorthodox.de\/index.php?rest_route=\/wp\/v2\/pages\/6865\/revisions\/6866"}],"wp:attachment":[{"href":"https:\/\/www.bambergorthodox.de\/index.php?rest_route=%2Fwp%2Fv2%2Fmedia&parent=6865"}],"curies":[{"name":"wp","href":"https:\/\/api.w.org\/{rel}","templated":true}]}}

O, ce veste minunată

&#8221; O, ce veste minunată!<br />
În Viflaim ni se-arată<br />
Că azi S-a născut<br />
Cel făr&#8217; de-nceput<br />
Cum au zis proorocii.&#8221;</p>
<p>Partitura, cor mixt (pdf): <a href="https://www.bambergorthodox.de/wp-content/uploads/2024/02/O-ce-veste.pdf">O, ce veste minunată</a></p>
<p>Voci (mp3): <a href="https://www.bambergorthodox.de/wp-content/uploads/2024/02/O-ce-veste-1.mp3">sopran</a>, <a href="https://www.bambergorthodox.de/wp-content/uploads/2024/02/O-ce-veste-2.mp3">alto</a>, <a href="https://www.bambergorthodox.de/wp-content/uploads/2024/02/O-ce-veste-3.mp3">bariton</a>, <a href="https://www.bambergorthodox.de/wp-content/uploads/2024/02/O-ce-veste.mp3">cor mixt</a></p>
<p>Sursă Lilypond (ly): <a href="https://www.bambergorthodox.de/wp-content/uploads/2024/02/O-ce-veste.zip">O, ce veste minunată</a>

<p>&#8221; O, ce veste minunată! În Viflaim ni se-arată Că azi S-a născut Cel făr&#8217; de-nceput Cum au zis proorocii.&#8221; Partitura, cor mixt (pdf): O, ce veste minunată Voci (mp3): sopran, alto, bariton, cor mixt Sursă Lilypond (ly): O, ce veste minunată</p>
