{"id":5370,"date":"2023-03-23T11:08:31","date_gmt":"2023-03-23T10:08:31","guid":{"rendered":"https:\/\/www.bambergorthodox.de\/?page_id=5370"},"modified":"2024-03-14T16:53:49","modified_gmt":"2024-03-14T15:53:49","slug":"glaube-liebe-hoffnung","status":"publish","type":"page","link":"https:\/\/www.bambergorthodox.de\/?page_id=5370","title":{"rendered":"(Deutsch) Glaube &#8211; Liebe &#8211; Hoffnung"},"content":{"rendered":"<p class=\"qtranxs-available-languages-message qtranxs-available-languages-message-ro\">Din p\u0103cate acest articol este disponibil doar \u00een <a href=\"https:\/\/www.bambergorthodox.de\/index.php?rest_route=%2Fwp%2Fv2%2Fpages%2F5370&lang=de\" class=\"qtranxs-available-language-link qtranxs-available-language-link-de\" title=\"Deutsch\">Deutsch<\/a>. For the sake of viewer convenience, the content is shown below in the alternative language. You may click the link to switch the active language.<\/p>Eines Tages, etwa 2020, sah ich eine Sendung auf bibel.tv, die mich als Chors\u00e4nger ber\u00fchrte: ein \u00e4lterer Herr sang. So weit, so gut. Was mich ber\u00fchrte war seine Hingabe, seine Authentizit\u00e4t. Seine Aura. Es war G\u00fcnther Klempnauer, &#8222;Kaufmann, Gemeindepastor, Oberstudienrat f\u00fcr ev. Theologie und Sport, Promi-Pastor, Suchttherapeut, Buchautor, Journalist und TV-Moderator.&#8221;<\/p>\n<p>Das Lied lie\u00df mich nicht mehr los. Es macht Mut, es str\u00f6mt \u00fcber vor Dankbarkeit gegen\u00fcber Gott. Die Verse stammen von G\u00fcnther Klempnauer (2019). \u00dcber das Internet fand ich die Originalmelodie von Amanda McBroom (1979) und schrieb eine kleine Chorfassung:<\/p>\n<p>Partitur (pdf): <a href=\"https:\/\/www.bambergorthodox.de\/wp-content\/uploads\/2024\/03\/Glaube-L-H.pdf\">Glaube &#8211; Liebe &#8211; Hoffnung<\/a><\/p>\n<p>Stimmen (mp3):\u00a0<a href=\"https:\/\/www.bambergorthodox.de\/wp-content\/uploads\/2024\/03\/Glaube-L-H-1.mp3\">Sopran<\/a>, <a href=\"https:\/\/www.bambergorthodox.de\/wp-content\/uploads\/2024\/03\/Glaube-L-H-2.mp3\">Alt<\/a>, <a href=\"https:\/\/www.bambergorthodox.de\/wp-content\/uploads\/2024\/03\/Glaube-L-H-3.mp3\">Bass<\/a>, <a href=\"https:\/\/www.bambergorthodox.de\/wp-content\/uploads\/2024\/03\/Glaube-L-H.mp3\">Chor<\/a><\/p>\n<p>Quelle Lilypond (ly): <a href=\"https:\/\/www.bambergorthodox.de\/wp-content\/uploads\/2024\/03\/Glaube-L-H.zip\">Glaube &#8211; Liebe &#8211; Hoffnung<\/a>","protected":false},"excerpt":{"rendered":"<p>Din p\u0103cate acest articol este disponibil doar \u00een Deutsch. For the sake of viewer convenience, the content is shown below in the alternative language. You may click the link to switch the active language.Eines Tages, etwa 2020, sah ich eine Sendung auf bibel.tv, die mich als Chors\u00e4nger ber\u00fchrte: ein \u00e4lterer Herr sang. So weit, so &#8230; <a class=\"read-more\" href=\"https:\/\/www.bambergorthodox.de\/?page_id=5370\">Read more&#8230;<\/a><\/p>\n","protected":false},"author":2,"featured_media":0,"parent":0,"menu_order":0,"comment_status":"closed","ping_status":"closed","template":"","meta":{"jetpack_post_was_ever_published":false,"footnotes":""},"class_list":["post-5370","page","type-page","status-publish"],"jetpack_sharing_enabled":true,"jetpack_shortlink":"https:\/\/wp.me\/P93ZOd-1oC","_links":{"self":[{"href":"https:\/\/www.bambergorthodox.de\/index.php?rest_route=\/wp\/v2\/pages\/5370","targetHints":{"allow":["GET"]}}],"collection":[{"href":"https:\/\/www.bambergorthodox.de\/index.php?rest_route=\/wp\/v2\/pages"}],"about":[{"href":"https:\/\/www.bambergorthodox.de\/index.php?rest_route=\/wp\/v2\/types\/page"}],"author":[{"embeddable":true,"href":"https:\/\/www.bambergorthodox.de\/index.php?rest_route=\/wp\/v2\/users\/2"}],"replies":[{"embeddable":true,"href":"https:\/\/www.bambergorthodox.de\/index.php?rest_route=%2Fwp%2Fv2%2Fcomments&post=5370"}],"version-history":[{"count":1,"href":"https:\/\/www.bambergorthodox.de\/index.php?rest_route=\/wp\/v2\/pages\/5370\/revisions"}],"predecessor-version":[{"id":5371,"href":"https:\/\/www.bambergorthodox.de\/index.php?rest_route=\/wp\/v2\/pages\/5370\/revisions\/5371"}],"wp:attachment":[{"href":"https:\/\/www.bambergorthodox.de\/index.php?rest_route=%2Fwp%2Fv2%2Fmedia&parent=5370"}],"curies":[{"name":"wp","href":"https:\/\/api.w.org\/{rel}","templated":true}]}}