{"id":5220,"date":"2022-12-08T09:50:20","date_gmt":"2022-12-08T08:50:20","guid":{"rendered":"https:\/\/www.bambergorthodox.de\/?page_id=5220"},"modified":"2024-03-07T18:39:01","modified_gmt":"2024-03-07T17:39:01","slug":"es-ist-ein-ros-entsprungen","status":"publish","type":"page","link":"https:\/\/www.bambergorthodox.de\/?page_id=5220","title":{"rendered":"Es ist ein Ros&#8217; entsprungen"},"content":{"rendered":"&#8221;O Ml\u0103di\u0163\u0103 va ie\u015fi din tulpina lui Iesei \u015fi un L\u0103star din r\u0103d\u0103cinile lui va da.&#8221; (Isaia 11,1)<\/p>\n<p>Es ist ein Ros entsprungen<br \/>\naus einer Wurzel zart,<br \/>\nWie uns die Alten sungen,<br \/>\nvon Jesse kam die Art.<br \/>\nUnd hat ein Bl\u00fcmlein bracht,<br \/>\nmitten im kalten Winter,<br \/>\nwohl zu der halben Nacht.<\/p>\n<p>&#8222;Doch aus dem Baumstumpf Isais w\u00e4chst ein Reis hervor, ein junger Trieb aus seinen Wurzeln bringt Frucht.&#8221; (Jes 11,1)<\/p>\n<p>&nbsp;<\/p>\n<p>Partitura, cor mixt (pdf): <a href=\"https:\/\/www.bambergorthodox.de\/wp-content\/uploads\/2024\/03\/Ros-Praetorius.pdf\">Es ist ein Ros&#8217; entsprungen<\/a><\/p>\n<p>Voci (mp3):\u00a0<a href=\"https:\/\/www.bambergorthodox.de\/wp-content\/uploads\/2024\/03\/Ros-Praetorius-1.mp3\">sopran<\/a>,\u00a0<a href=\"https:\/\/www.bambergorthodox.de\/wp-content\/uploads\/2024\/03\/Ros-Praetorius-2.mp3\">alto<\/a>,\u00a0<a href=\"https:\/\/www.bambergorthodox.de\/wp-content\/uploads\/2024\/03\/Ros-Praetorius-3.mp3\">tenor<\/a>,\u00a0<a href=\"https:\/\/www.bambergorthodox.de\/wp-content\/uploads\/2024\/03\/Ros-Praetorius-4.mp3\">bas<\/a>,\u00a0<a href=\"https:\/\/www.bambergorthodox.de\/wp-content\/uploads\/2024\/03\/Ros-Praetorius.mp3\">cor mixt<\/a><\/p>\n<p>Surs\u0103 Lilypond (ly): <a href=\"https:\/\/www.bambergorthodox.de\/wp-content\/uploads\/2024\/03\/Ros-Praetorius.zip\">Es ist ein Ros&#8217; entsprungen<\/a>","protected":false},"excerpt":{"rendered":"<p>&#8221;O Ml\u0103di\u0163\u0103 va ie\u015fi din tulpina lui Iesei \u015fi un L\u0103star din r\u0103d\u0103cinile lui va da.&#8221; (Isaia 11,1) Es ist ein Ros entsprungen aus einer Wurzel zart, Wie uns die Alten sungen, von Jesse kam die Art. Und hat ein Bl\u00fcmlein bracht, mitten im kalten Winter, wohl zu der halben Nacht. &#8222;Doch aus dem Baumstumpf &#8230; <a class=\"read-more\" href=\"https:\/\/www.bambergorthodox.de\/?page_id=5220\">Read more&#8230;<\/a><\/p>\n","protected":false},"author":2,"featured_media":0,"parent":0,"menu_order":0,"comment_status":"closed","ping_status":"closed","template":"","meta":{"jetpack_post_was_ever_published":false,"footnotes":""},"class_list":["post-5220","page","type-page","status-publish"],"jetpack_sharing_enabled":true,"jetpack_shortlink":"https:\/\/wp.me\/P93ZOd-1mc","_links":{"self":[{"href":"https:\/\/www.bambergorthodox.de\/index.php?rest_route=\/wp\/v2\/pages\/5220","targetHints":{"allow":["GET"]}}],"collection":[{"href":"https:\/\/www.bambergorthodox.de\/index.php?rest_route=\/wp\/v2\/pages"}],"about":[{"href":"https:\/\/www.bambergorthodox.de\/index.php?rest_route=\/wp\/v2\/types\/page"}],"author":[{"embeddable":true,"href":"https:\/\/www.bambergorthodox.de\/index.php?rest_route=\/wp\/v2\/users\/2"}],"replies":[{"embeddable":true,"href":"https:\/\/www.bambergorthodox.de\/index.php?rest_route=%2Fwp%2Fv2%2Fcomments&post=5220"}],"version-history":[{"count":3,"href":"https:\/\/www.bambergorthodox.de\/index.php?rest_route=\/wp\/v2\/pages\/5220\/revisions"}],"predecessor-version":[{"id":6839,"href":"https:\/\/www.bambergorthodox.de\/index.php?rest_route=\/wp\/v2\/pages\/5220\/revisions\/6839"}],"wp:attachment":[{"href":"https:\/\/www.bambergorthodox.de\/index.php?rest_route=%2Fwp%2Fv2%2Fmedia&parent=5220"}],"curies":[{"name":"wp","href":"https:\/\/api.w.org\/{rel}","templated":true}]}}