{"id":5096,"date":"2022-07-01T11:07:25","date_gmt":"2022-07-01T09:07:25","guid":{"rendered":"https:\/\/www.bambergorthodox.de\/?page_id=5096"},"modified":"2024-03-05T17:09:37","modified_gmt":"2024-03-05T16:09:37","slug":"ce-bine-e-cand-fratii","status":"publish","type":"page","link":"https:\/\/www.bambergorthodox.de\/?page_id=5096","title":{"rendered":"Ce bine e c\u00e2nd fra\u021bii"},"content":{"rendered":"\u201eVa merge spre lumin\u0103,<br \/>\nAtunci, orice popor,<br \/>\nVa fi numai o turm\u0103,<br \/>\nO turm\u0101 \u0219i-un P\u0103stor!\u201d<\/p>\n<p>Versurile de mai sus sunt o superb\u0103 \u00eencheiere a unei pricesne ortodoxe, prevestind Ierusalimul ceresc. Sub titlul \u201eWie lieblich ist&#8217;s hienieden\u201d, \u00eei apar\u021bin poetului \u0219i medicului Karl Friedrich Gottlob Wetzel, un preromantic german, prieten cu Heinrich von Kleist \u0219i E. T. A. Hoffmann. A tr\u0103it la Bamberg, unde \u00eei este \u0219i morm\u00e2ntul. Compozitorul se pare c\u0103 este americanul Lowell Mason.<\/p>\n<p>Partitura, cor mixt (pdf): <a href=\"https:\/\/www.bambergorthodox.de\/wp-content\/uploads\/2024\/03\/CeBineFra.pdf\">Ce bine e c\u00e2nd fra\u021bii<\/a><\/p>\n<p>Voci (mp3):\u00a0<a href=\"https:\/\/www.bambergorthodox.de\/wp-content\/uploads\/2024\/03\/CeBineFra-1.mp3\">sopran<\/a>,\u00a0<a href=\"https:\/\/www.bambergorthodox.de\/wp-content\/uploads\/2024\/03\/CeBineFra-2.mp3\">alto<\/a>, <a href=\"https:\/\/www.bambergorthodox.de\/wp-content\/uploads\/2024\/03\/CeBineFra-3.mp3\">tenor<\/a>, <a href=\"https:\/\/www.bambergorthodox.de\/wp-content\/uploads\/2024\/03\/CeBineFra-4.mp3\">bas<\/a>,\u00a0<a href=\"https:\/\/www.bambergorthodox.de\/wp-content\/uploads\/2024\/03\/CeBineFra.mp3\">cor mixt<\/a>.<\/p>\n<p>Surs\u0103 Lilypond (ly): <a href=\"https:\/\/www.bambergorthodox.de\/wp-content\/uploads\/2024\/03\/CeBineFra.zip\">Ce bine e c\u00e2nd fra\u021bii<\/a>","protected":false},"excerpt":{"rendered":"<p>\u201eVa merge spre lumin\u0103, Atunci, orice popor, Va fi numai o turm\u0103, O turm\u0101 \u0219i-un P\u0103stor!\u201d Versurile de mai sus sunt o superb\u0103 \u00eencheiere a unei pricesne ortodoxe, prevestind Ierusalimul ceresc. Sub titlul \u201eWie lieblich ist&#8217;s hienieden\u201d, \u00eei apar\u021bin poetului \u0219i medicului Karl Friedrich Gottlob Wetzel, un preromantic german, prieten cu Heinrich von Kleist \u0219i &#8230; <a class=\"read-more\" href=\"https:\/\/www.bambergorthodox.de\/?page_id=5096\">Read more&#8230;<\/a><\/p>\n","protected":false},"author":2,"featured_media":0,"parent":0,"menu_order":0,"comment_status":"closed","ping_status":"closed","template":"","meta":{"jetpack_post_was_ever_published":false,"footnotes":""},"class_list":["post-5096","page","type-page","status-publish"],"jetpack_sharing_enabled":true,"jetpack_shortlink":"https:\/\/wp.me\/P93ZOd-1kc","_links":{"self":[{"href":"https:\/\/www.bambergorthodox.de\/index.php?rest_route=\/wp\/v2\/pages\/5096","targetHints":{"allow":["GET"]}}],"collection":[{"href":"https:\/\/www.bambergorthodox.de\/index.php?rest_route=\/wp\/v2\/pages"}],"about":[{"href":"https:\/\/www.bambergorthodox.de\/index.php?rest_route=\/wp\/v2\/types\/page"}],"author":[{"embeddable":true,"href":"https:\/\/www.bambergorthodox.de\/index.php?rest_route=\/wp\/v2\/users\/2"}],"replies":[{"embeddable":true,"href":"https:\/\/www.bambergorthodox.de\/index.php?rest_route=%2Fwp%2Fv2%2Fcomments&post=5096"}],"version-history":[{"count":3,"href":"https:\/\/www.bambergorthodox.de\/index.php?rest_route=\/wp\/v2\/pages\/5096\/revisions"}],"predecessor-version":[{"id":6692,"href":"https:\/\/www.bambergorthodox.de\/index.php?rest_route=\/wp\/v2\/pages\/5096\/revisions\/6692"}],"wp:attachment":[{"href":"https:\/\/www.bambergorthodox.de\/index.php?rest_route=%2Fwp%2Fv2%2Fmedia&parent=5096"}],"curies":[{"name":"wp","href":"https:\/\/api.w.org\/{rel}","templated":true}]}}