{"id":5005,"date":"2022-04-01T14:26:23","date_gmt":"2022-04-01T12:26:23","guid":{"rendered":"https:\/\/www.bambergorthodox.de\/?page_id=5005"},"modified":"2024-03-08T18:56:45","modified_gmt":"2024-03-08T17:56:45","slug":"antifonul-i-special","status":"publish","type":"page","link":"https:\/\/www.bambergorthodox.de\/?page_id=5005","title":{"rendered":"Antifonul I (special)"},"content":{"rendered":"La S\u0103rb\u0103torile \u00cemp\u0103r\u0103te\u0219ti:<\/p>\n<p>Pentru rug\u0103ciunile N\u0103sc\u0103toarei de Dumnezeu, M\u00e2ntuitorule, m\u00e2ntuie\u0219te-ne pe noi.<\/p>\n<p>Partiturile sunt pe glasul I, precum \u0219i o variant\u0103 mai melodioas\u0103, dup\u0103 I. Croitoru.<\/p>\n<p>&nbsp;<\/p>\n<p>Partitura, cor mixt (pdf):\u00a0<a href=\"https:\/\/www.bambergorthodox.de\/wp-content\/uploads\/2024\/02\/Ant1-spec.pdf\">Antifonul I (special)<\/a><\/p>\n<p>Voci (mp3): \u00a0<a href=\"https:\/\/www.bambergorthodox.de\/wp-content\/uploads\/2024\/02\/Ant1-spec-1.mp3\">sopran<\/a>,\u00a0<a href=\"https:\/\/www.bambergorthodox.de\/wp-content\/uploads\/2024\/02\/Ant1-spec-2.mp3\">alto<\/a>,\u00a0<a href=\"https:\/\/bamberg.emester.com\/wp-content\/uploads\/2020\/06\/Ant1-spec-3.mp3\">bariton<\/a>,\u00a0<a href=\"https:\/\/www.bambergorthodox.de\/wp-content\/uploads\/2024\/02\/Ant1-spec.mp3\">cor mixt<\/a><\/p>\n<p>Surs\u0103 Lilypond (ly):\u00a0<a href=\"https:\/\/www.bambergorthodox.de\/wp-content\/uploads\/2024\/02\/Ant1-spec.zip\">Antifonul I (special)<\/a>","protected":false},"excerpt":{"rendered":"<p>La S\u0103rb\u0103torile \u00cemp\u0103r\u0103te\u0219ti: Pentru rug\u0103ciunile N\u0103sc\u0103toarei de Dumnezeu, M\u00e2ntuitorule, m\u00e2ntuie\u0219te-ne pe noi. Partiturile sunt pe glasul I, precum \u0219i o variant\u0103 mai melodioas\u0103, dup\u0103 I. Croitoru. &nbsp; Partitura, cor mixt (pdf):\u00a0Antifonul I (special) Voci (mp3): \u00a0sopran,\u00a0alto,\u00a0bariton,\u00a0cor mixt Surs\u0103 Lilypond (ly):\u00a0Antifonul I (special)<\/p>\n","protected":false},"author":2,"featured_media":0,"parent":0,"menu_order":0,"comment_status":"closed","ping_status":"closed","template":"","meta":{"jetpack_post_was_ever_published":false,"footnotes":""},"class_list":["post-5005","page","type-page","status-publish"],"jetpack_sharing_enabled":true,"jetpack_shortlink":"https:\/\/wp.me\/P93ZOd-1iJ","_links":{"self":[{"href":"https:\/\/www.bambergorthodox.de\/index.php?rest_route=\/wp\/v2\/pages\/5005","targetHints":{"allow":["GET"]}}],"collection":[{"href":"https:\/\/www.bambergorthodox.de\/index.php?rest_route=\/wp\/v2\/pages"}],"about":[{"href":"https:\/\/www.bambergorthodox.de\/index.php?rest_route=\/wp\/v2\/types\/page"}],"author":[{"embeddable":true,"href":"https:\/\/www.bambergorthodox.de\/index.php?rest_route=\/wp\/v2\/users\/2"}],"replies":[{"embeddable":true,"href":"https:\/\/www.bambergorthodox.de\/index.php?rest_route=%2Fwp%2Fv2%2Fcomments&post=5005"}],"version-history":[{"count":4,"href":"https:\/\/www.bambergorthodox.de\/index.php?rest_route=\/wp\/v2\/pages\/5005\/revisions"}],"predecessor-version":[{"id":6927,"href":"https:\/\/www.bambergorthodox.de\/index.php?rest_route=\/wp\/v2\/pages\/5005\/revisions\/6927"}],"wp:attachment":[{"href":"https:\/\/www.bambergorthodox.de\/index.php?rest_route=%2Fwp%2Fv2%2Fmedia&parent=5005"}],"curies":[{"name":"wp","href":"https:\/\/api.w.org\/{rel}","templated":true}]}}

La Sărbătorile Împărătești:</p>
<p>Pentru rugăciunile Născătoarei de Dumnezeu, Mântuitorule, mântuiește-ne pe noi.</p>
<p>Partiturile sunt pe glasul I, precum și o variantă mai melodioasă, după I. Croitoru.</p>
<p>&nbsp;</p>
<p>Partitura, cor mixt (pdf): <a href="https://www.bambergorthodox.de/wp-content/uploads/2024/02/Ant1-spec.pdf">Antifonul I (special)</a></p>
<p>Voci (mp3):  <a href="https://www.bambergorthodox.de/wp-content/uploads/2024/02/Ant1-spec-1.mp3">sopran</a>, <a href="https://www.bambergorthodox.de/wp-content/uploads/2024/02/Ant1-spec-2.mp3">alto</a>, <a href="https://bamberg.emester.com/wp-content/uploads/2020/06/Ant1-spec-3.mp3">bariton</a>, <a href="https://www.bambergorthodox.de/wp-content/uploads/2024/02/Ant1-spec.mp3">cor mixt</a></p>
<p>Sursă Lilypond (ly): <a href="https://www.bambergorthodox.de/wp-content/uploads/2024/02/Ant1-spec.zip">Antifonul I (special)</a>

<p>La Sărbătorile Împărătești: Pentru rugăciunile Născătoarei de Dumnezeu, Mântuitorule, mântuiește-ne pe noi. Partiturile sunt pe glasul I, precum și o variantă mai melodioasă, după I. Croitoru. &nbsp; Partitura, cor mixt (pdf): Antifonul I (special) Voci (mp3):  sopran, alto, bariton, cor mixt Sursă Lilypond (ly): Antifonul I (special)</p>
