{"id":4915,"date":"2022-03-17T11:01:58","date_gmt":"2022-03-17T10:01:58","guid":{"rendered":"https:\/\/www.bambergorthodox.de\/?page_id=4915"},"modified":"2025-07-15T11:42:20","modified_gmt":"2025-07-15T09:42:20","slug":"rugaciune-i-popescu-pasarea","status":"publish","type":"page","link":"https:\/\/www.bambergorthodox.de\/?page_id=4915","title":{"rendered":"Rug\u0103ciune &#8211; I. Popescu-Pas\u0103rea"},"content":{"rendered":"&#8221;Doamne, Doamne, Cela ce toate le pline\u0219ti, trimite-ne nou\u0103, Doamne, harul T\u0103u. \u0218i f\u0103-ne ca s\u0103 Te cunoa\u0219tem \u0219i s\u0103 lucr\u0103m \u00een voia Ta. Aliluia.&#8221;<\/p>\n<p>O foarte frumoas\u0103 pies\u0103, adev\u0103rat\u0103 bijuterie \u00eentre Laudele aduse Domnului. Prin armonia belcanto, pare s\u0103 fie mai degrab\u0103 o excep\u021bie pentru compozitorul Ion Popescu-Pas\u0103rea (1871-1943), considerat a fi &#8222;cel mai important compozitor \u0219i pedagog rom\u00e2n de muzic\u0103 <em>psaltic\u0103\u201d<\/em>. Senator, publicist, bun c\u00e2nt\u0103re\u021b de stran\u0103, l-a format \u0219i pe Nicolae Lungu. A numit c\u00e2ntarea bicericeasc\u0103 &#8222;podoab\u0103 a slujbelor&#8221;.<\/p>\n<p>Partitura, cor mixt (pdf): <a href=\"https:\/\/www.bambergorthodox.de\/wp-content\/uploads\/2025\/07\/Ruga-Pasa.pdf\">Rug\u0103ciune &#8211; I. Popescu-Pas\u0103rea<\/a><\/p>\n<p>Voci (mp3): \u00a0<a href=\"https:\/\/www.bambergorthodox.de\/wp-content\/uploads\/2024\/02\/Ruga-Pasa-1.mp3\">sopran<\/a>, <a href=\"https:\/\/www.bambergorthodox.de\/wp-content\/uploads\/2024\/02\/Ruga-Pasa-2.mp3\">alto<\/a>, <a href=\"https:\/\/www.bambergorthodox.de\/wp-content\/uploads\/2025\/07\/Ruga-Pasa-3.mp3\">tenor<\/a>, <a href=\"https:\/\/www.bambergorthodox.de\/wp-content\/uploads\/2025\/07\/Ruga-Pasa-4.mp3\">bas<\/a>,\u00a0<a href=\"https:\/\/www.bambergorthodox.de\/wp-content\/uploads\/2025\/07\/Ruga-Pasa.mp3\">cor<\/a><\/p>\n<p>Surs\u0103 Lilypond (ly): <a href=\"https:\/\/www.bambergorthodox.de\/wp-content\/uploads\/2025\/07\/Ruga-Pasa.zip\">Rug\u0103ciune &#8211; I. Popescu-Pas\u0103rea<\/a>","protected":false},"excerpt":{"rendered":"<p>&#8221;Doamne, Doamne, Cela ce toate le pline\u0219ti, trimite-ne nou\u0103, Doamne, harul T\u0103u. \u0218i f\u0103-ne ca s\u0103 Te cunoa\u0219tem \u0219i s\u0103 lucr\u0103m \u00een voia Ta. Aliluia.&#8221; O foarte frumoas\u0103 pies\u0103, adev\u0103rat\u0103 bijuterie \u00eentre Laudele aduse Domnului. Prin armonia belcanto, pare s\u0103 fie mai degrab\u0103 o excep\u021bie pentru compozitorul Ion Popescu-Pas\u0103rea (1871-1943), considerat a fi &#8222;cel mai &#8230; <a class=\"read-more\" href=\"https:\/\/www.bambergorthodox.de\/?page_id=4915\">Read more&#8230;<\/a><\/p>\n","protected":false},"author":2,"featured_media":0,"parent":0,"menu_order":0,"comment_status":"closed","ping_status":"closed","template":"","meta":{"jetpack_post_was_ever_published":false,"footnotes":""},"class_list":["post-4915","page","type-page","status-publish"],"jetpack_sharing_enabled":true,"jetpack_shortlink":"https:\/\/wp.me\/P93ZOd-1hh","_links":{"self":[{"href":"https:\/\/www.bambergorthodox.de\/index.php?rest_route=\/wp\/v2\/pages\/4915","targetHints":{"allow":["GET"]}}],"collection":[{"href":"https:\/\/www.bambergorthodox.de\/index.php?rest_route=\/wp\/v2\/pages"}],"about":[{"href":"https:\/\/www.bambergorthodox.de\/index.php?rest_route=\/wp\/v2\/types\/page"}],"author":[{"embeddable":true,"href":"https:\/\/www.bambergorthodox.de\/index.php?rest_route=\/wp\/v2\/users\/2"}],"replies":[{"embeddable":true,"href":"https:\/\/www.bambergorthodox.de\/index.php?rest_route=%2Fwp%2Fv2%2Fcomments&post=4915"}],"version-history":[{"count":6,"href":"https:\/\/www.bambergorthodox.de\/index.php?rest_route=\/wp\/v2\/pages\/4915\/revisions"}],"predecessor-version":[{"id":8115,"href":"https:\/\/www.bambergorthodox.de\/index.php?rest_route=\/wp\/v2\/pages\/4915\/revisions\/8115"}],"wp:attachment":[{"href":"https:\/\/www.bambergorthodox.de\/index.php?rest_route=%2Fwp%2Fv2%2Fmedia&parent=4915"}],"curies":[{"name":"wp","href":"https:\/\/api.w.org\/{rel}","templated":true}]}}

Rugăciune &#8211; I. Popescu-Pasărea

&#8221;Doamne, Doamne, Cela ce toate le plinești, trimite-ne nouă, Doamne, harul Tău. Și fă-ne ca să Te cunoaștem și să lucrăm în voia Ta. Aliluia.&#8221;</p>
<p>O foarte frumoasă piesă, adevărată bijuterie între Laudele aduse Domnului. Prin armonia belcanto, pare să fie mai degrabă o excepție pentru compozitorul Ion Popescu-Pasărea (1871-1943), considerat a fi &#8222;cel mai important compozitor și pedagog român de muzică <em>psaltică”</em>. Senator, publicist, bun cântăreț de strană, l-a format și pe Nicolae Lungu. A numit cântarea bicericească &#8222;podoabă a slujbelor&#8221;.</p>
<p>Partitura, cor mixt (pdf): <a href="https://www.bambergorthodox.de/wp-content/uploads/2025/07/Ruga-Pasa.pdf">Rugăciune &#8211; I. Popescu-Pasărea</a></p>
<p>Voci (mp3):  <a href="https://www.bambergorthodox.de/wp-content/uploads/2024/02/Ruga-Pasa-1.mp3">sopran</a>, <a href="https://www.bambergorthodox.de/wp-content/uploads/2024/02/Ruga-Pasa-2.mp3">alto</a>, <a href="https://www.bambergorthodox.de/wp-content/uploads/2025/07/Ruga-Pasa-3.mp3">tenor</a>, <a href="https://www.bambergorthodox.de/wp-content/uploads/2025/07/Ruga-Pasa-4.mp3">bas</a>, <a href="https://www.bambergorthodox.de/wp-content/uploads/2025/07/Ruga-Pasa.mp3">cor</a></p>
<p>Sursă Lilypond (ly): <a href="https://www.bambergorthodox.de/wp-content/uploads/2025/07/Ruga-Pasa.zip">Rugăciune &#8211; I. Popescu-Pasărea</a>

<p>&#8221;Doamne, Doamne, Cela ce toate le plinești, trimite-ne nouă, Doamne, harul Tău. Și fă-ne ca să Te cunoaștem și să lucrăm în voia Ta. Aliluia.&#8221; O foarte frumoasă piesă, adevărată bijuterie între Laudele aduse Domnului. Prin armonia belcanto, pare să fie mai degrabă o excepție pentru compozitorul Ion Popescu-Pasărea (1871-1943), considerat a fi &#8222;cel mai &#8230; <a class="read-more" href="https://www.bambergorthodox.de/?page_id=4915">Read more&#8230;</a></p>
