{"id":4904,"date":"2022-03-17T08:33:32","date_gmt":"2022-03-17T07:33:32","guid":{"rendered":"https:\/\/www.bambergorthodox.de\/?page_id=4904"},"modified":"2025-07-18T08:40:26","modified_gmt":"2025-07-18T06:40:26","slug":"sa-faci-o-iisuse","status":"publish","type":"page","link":"https:\/\/www.bambergorthodox.de\/?page_id=4904","title":{"rendered":"S\u0103 faci, o, Iisuse"},"content":{"rendered":"&#8221;S\u0103 faci, o, Isuse, din inima mea,<br \/>\nO harf\u0103 divin\u0103, s\u0103 c\u00e2n\u0163i Tu cu ea<br \/>\n\u015ei-n corzile-i sfinte, s\u0103 sune mai plin<br \/>\nAcordul iubirii, m\u0103re\u0163 \u015fi sublim!&#8221;<\/p>\n<p>Prea era frumoas\u0103 melodia acestei cunosctue pricesne ca s\u0103 nu fie armonizat\u0103 \u0219i pentru cor. Pur \u0219i simplu \u00eembia. Autor \u0219i compozitor se pare c\u0103 e prolificul \u0219i multilateralul Nicolae Moldoveanu (1922-2007), \u201dFratele Niculi\u021b\u0103\u201d.<\/p>\n<p>Partitura, cor mixt (pdf): <a href=\"https:\/\/www.bambergorthodox.de\/wp-content\/uploads\/2025\/07\/Sa-faci-o-Iisuse.pdf\">S\u0103 faci, o, Iisuse<\/a><\/p>\n<p>Voci (mp3): <a href=\"https:\/\/www.bambergorthodox.de\/wp-content\/uploads\/2024\/02\/Sa-faci-o-Iisuse-1.mp3\">sopran<\/a>,\u00a0<a href=\"https:\/\/www.bambergorthodox.de\/wp-content\/uploads\/2024\/02\/Sa-faci-o-Iisuse-2.mp3\">alto<\/a>, <a href=\"https:\/\/www.bambergorthodox.de\/wp-content\/uploads\/2025\/07\/Sa-faci-o-Iisuse-3.mp3\">tenor<\/a>, <a href=\"https:\/\/www.bambergorthodox.de\/wp-content\/uploads\/2025\/07\/Sa-faci-o-Iisuse-4.mp3\">bas<\/a>, <a href=\"https:\/\/www.bambergorthodox.de\/wp-content\/uploads\/2025\/07\/Sa-faci-o-Iisuse.mp3\">cor<\/a><\/p>\n<p>Surs\u0103 Lilypond (ly): <a href=\"https:\/\/www.bambergorthodox.de\/wp-content\/uploads\/2025\/07\/Sa-faci-o-Iisuse.zip\">S\u0103 faci, o, Iisuse<\/a>","protected":false},"excerpt":{"rendered":"<p>&#8221;S\u0103 faci, o, Isuse, din inima mea, O harf\u0103 divin\u0103, s\u0103 c\u00e2n\u0163i Tu cu ea \u015ei-n corzile-i sfinte, s\u0103 sune mai plin Acordul iubirii, m\u0103re\u0163 \u015fi sublim!&#8221; Prea era frumoas\u0103 melodia acestei cunosctue pricesne ca s\u0103 nu fie armonizat\u0103 \u0219i pentru cor. Pur \u0219i simplu \u00eembia. Autor \u0219i compozitor se pare c\u0103 e prolificul \u0219i &#8230; <a class=\"read-more\" href=\"https:\/\/www.bambergorthodox.de\/?page_id=4904\">Read more&#8230;<\/a><\/p>\n","protected":false},"author":2,"featured_media":0,"parent":0,"menu_order":0,"comment_status":"closed","ping_status":"closed","template":"","meta":{"jetpack_post_was_ever_published":false,"footnotes":""},"class_list":["post-4904","page","type-page","status-publish"],"jetpack_sharing_enabled":true,"jetpack_shortlink":"https:\/\/wp.me\/P93ZOd-1h6","_links":{"self":[{"href":"https:\/\/www.bambergorthodox.de\/index.php?rest_route=\/wp\/v2\/pages\/4904","targetHints":{"allow":["GET"]}}],"collection":[{"href":"https:\/\/www.bambergorthodox.de\/index.php?rest_route=\/wp\/v2\/pages"}],"about":[{"href":"https:\/\/www.bambergorthodox.de\/index.php?rest_route=\/wp\/v2\/types\/page"}],"author":[{"embeddable":true,"href":"https:\/\/www.bambergorthodox.de\/index.php?rest_route=\/wp\/v2\/users\/2"}],"replies":[{"embeddable":true,"href":"https:\/\/www.bambergorthodox.de\/index.php?rest_route=%2Fwp%2Fv2%2Fcomments&post=4904"}],"version-history":[{"count":5,"href":"https:\/\/www.bambergorthodox.de\/index.php?rest_route=\/wp\/v2\/pages\/4904\/revisions"}],"predecessor-version":[{"id":8130,"href":"https:\/\/www.bambergorthodox.de\/index.php?rest_route=\/wp\/v2\/pages\/4904\/revisions\/8130"}],"wp:attachment":[{"href":"https:\/\/www.bambergorthodox.de\/index.php?rest_route=%2Fwp%2Fv2%2Fmedia&parent=4904"}],"curies":[{"name":"wp","href":"https:\/\/api.w.org\/{rel}","templated":true}]}}