{"id":4143,"date":"2019-08-29T12:50:30","date_gmt":"2019-08-29T10:50:30","guid":{"rendered":"https:\/\/www.bambergorthodox.de\/?page_id=4143"},"modified":"2024-03-06T20:26:51","modified_gmt":"2024-03-06T19:26:51","slug":"rugaciunea-lui-iisus","status":"publish","type":"page","link":"https:\/\/www.bambergorthodox.de\/?page_id=4143","title":{"rendered":"Rug\u0103ciunea lui Iisus (Rug\u0103ciunea inimii)"},"content":{"rendered":"\u201dDoamne, Iisuse Hristoase, Fiule al lui Dumnezeu, miluie\u0219te-m\u0103 pe mine p\u0103c\u0103tosul\u201d.<\/p>\n<p>&nbsp;<\/p>\n<p>Partitura, cor mixt (pdf): <a href=\"https:\/\/www.bambergorthodox.de\/wp-content\/uploads\/2024\/03\/Ruga-ini.pdf\">Rug\u0103ciunea lui Iisus<\/a><\/p>\n<p>Voci (mp3): <a href=\"https:\/\/www.bambergorthodox.de\/wp-content\/uploads\/2024\/03\/Ruga-ini-1.mp3\">sopran<\/a>, <a href=\"https:\/\/www.bambergorthodox.de\/wp-content\/uploads\/2024\/03\/Ruga-ini-2.mp3\">alto<\/a>, <a href=\"https:\/\/www.bambergorthodox.de\/wp-content\/uploads\/2024\/03\/Ruga-ini-3.mp3\">bariton<\/a>, <a href=\"https:\/\/www.bambergorthodox.de\/wp-content\/uploads\/2024\/03\/Ruga-ini.mp3\">cor mixt<\/a><\/p>\n<p>Surs\u0103 Lilypond (ly): <a href=\"https:\/\/www.bambergorthodox.de\/wp-content\/uploads\/2024\/03\/Ruga-ini.zip\">Rug\u0103ciunea lui Iisus<\/a>","protected":false},"excerpt":{"rendered":"<p>\u201dDoamne, Iisuse Hristoase, Fiule al lui Dumnezeu, miluie\u0219te-m\u0103 pe mine p\u0103c\u0103tosul\u201d. &nbsp; Partitura, cor mixt (pdf): Rug\u0103ciunea lui Iisus Voci (mp3): sopran, alto, bariton, cor mixt Surs\u0103 Lilypond (ly): Rug\u0103ciunea lui Iisus<\/p>\n","protected":false},"author":2,"featured_media":0,"parent":0,"menu_order":0,"comment_status":"closed","ping_status":"closed","template":"","meta":{"jetpack_post_was_ever_published":false,"footnotes":""},"class_list":["post-4143","page","type-page","status-publish"],"jetpack_sharing_enabled":true,"jetpack_shortlink":"https:\/\/wp.me\/P93ZOd-14P","_links":{"self":[{"href":"https:\/\/www.bambergorthodox.de\/index.php?rest_route=\/wp\/v2\/pages\/4143","targetHints":{"allow":["GET"]}}],"collection":[{"href":"https:\/\/www.bambergorthodox.de\/index.php?rest_route=\/wp\/v2\/pages"}],"about":[{"href":"https:\/\/www.bambergorthodox.de\/index.php?rest_route=\/wp\/v2\/types\/page"}],"author":[{"embeddable":true,"href":"https:\/\/www.bambergorthodox.de\/index.php?rest_route=\/wp\/v2\/users\/2"}],"replies":[{"embeddable":true,"href":"https:\/\/www.bambergorthodox.de\/index.php?rest_route=%2Fwp%2Fv2%2Fcomments&post=4143"}],"version-history":[{"count":4,"href":"https:\/\/www.bambergorthodox.de\/index.php?rest_route=\/wp\/v2\/pages\/4143\/revisions"}],"predecessor-version":[{"id":6772,"href":"https:\/\/www.bambergorthodox.de\/index.php?rest_route=\/wp\/v2\/pages\/4143\/revisions\/6772"}],"wp:attachment":[{"href":"https:\/\/www.bambergorthodox.de\/index.php?rest_route=%2Fwp%2Fv2%2Fmedia&parent=4143"}],"curies":[{"name":"wp","href":"https:\/\/api.w.org\/{rel}","templated":true}]}}

Rugăciunea lui Iisus (Rugăciunea inimii)

”Doamne, Iisuse Hristoase, Fiule al lui Dumnezeu, miluiește-mă pe mine păcătosul”.</p>
<p>&nbsp;</p>
<p>Partitura, cor mixt (pdf): <a href="https://www.bambergorthodox.de/wp-content/uploads/2024/03/Ruga-ini.pdf">Rugăciunea lui Iisus</a></p>
<p>Voci (mp3): <a href="https://www.bambergorthodox.de/wp-content/uploads/2024/03/Ruga-ini-1.mp3">sopran</a>, <a href="https://www.bambergorthodox.de/wp-content/uploads/2024/03/Ruga-ini-2.mp3">alto</a>, <a href="https://www.bambergorthodox.de/wp-content/uploads/2024/03/Ruga-ini-3.mp3">bariton</a>, <a href="https://www.bambergorthodox.de/wp-content/uploads/2024/03/Ruga-ini.mp3">cor mixt</a></p>
<p>Sursă Lilypond (ly): <a href="https://www.bambergorthodox.de/wp-content/uploads/2024/03/Ruga-ini.zip">Rugăciunea lui Iisus</a>

<p>”Doamne, Iisuse Hristoase, Fiule al lui Dumnezeu, miluiește-mă pe mine păcătosul”. &nbsp; Partitura, cor mixt (pdf): Rugăciunea lui Iisus Voci (mp3): sopran, alto, bariton, cor mixt Sursă Lilypond (ly): Rugăciunea lui Iisus</p>
