{"id":4030,"date":"2019-04-16T09:47:21","date_gmt":"2019-04-16T07:47:21","guid":{"rendered":"https:\/\/www.bambergorthodox.de\/?page_id=4030"},"modified":"2024-03-09T16:00:33","modified_gmt":"2024-03-09T15:00:33","slug":"heruvic-m-cuteanu","status":"publish","type":"page","link":"https:\/\/www.bambergorthodox.de\/?page_id=4030","title":{"rendered":"Heruvic &#8211; M. Cuteanu"},"content":{"rendered":"Un element caracteristic liturgic al Vohodului Mare este Imnul Heruvimic (Heruvicul):<br \/>\n\u201cNoi, care pe Heruvimi cu tain\u0103 \u00eenchipuim \u015fi f\u0103c\u0103toarei de via\u0163\u0103 Treimi, \u00eentreit sf\u00e2nt\u0103 c\u00e2ntare aducem, toat\u0103 grija cea lumeasc\u0103 acum s\u0103 o lep\u0103d\u0103m&#8221;.<\/p>\n<p>Adic\u0103: \u201cNoi, care tainic \u00eenchipuim pe Heruvimi \u015fi c\u00e2nt\u0103m Treimii de via\u0163\u0103 f\u0103c\u0103toare c\u00e2ntarea cea \u00eentreit sf\u00e2nt\u0103, s\u0103 l\u0103s\u0103m orice grij\u0103 lumeasc\u0103\u201d.<br \/>\nSf. Nicolae Cabasila<\/p>\n<p>\u00centr-o str\u0103fulgerare genial\u0103 de condei, Marius Cuteanu (1917 &#8211; 2013), a introdus elemente de folclor la \u201d\u00eentreit sf\u00e2nt\u0103 c\u00e2ntare aducem\u201d, care sun\u0103 a Rapsodia rom\u00e2n\u0103 de Enescu.<\/p>\n<p>&nbsp;<\/p>\n<p>Partitura, cor mixt (pdf): <a href=\"https:\/\/www.bambergorthodox.de\/wp-content\/uploads\/2024\/03\/Heruvic-Cuteanu.pdf\">Heruvic<\/a><\/p>\n<p>Voci (mp3): <a href=\"https:\/\/www.bambergorthodox.de\/wp-content\/uploads\/2024\/03\/Heruvic-Cuteanu-1.mp3\">sopran<\/a>, <a href=\"https:\/\/www.bambergorthodox.de\/wp-content\/uploads\/2024\/03\/Heruvic-Cuteanu-2.mp3\">alto<\/a>, <a href=\"https:\/\/www.bambergorthodox.de\/wp-content\/uploads\/2024\/03\/Heruvic-Cuteanu-3.mp3\">tenor<\/a>, <a href=\"https:\/\/www.bambergorthodox.de\/wp-content\/uploads\/2024\/03\/Heruvic-Cuteanu-4.mp3\">bas<\/a>, <a href=\"https:\/\/www.bambergorthodox.de\/wp-content\/uploads\/2024\/03\/Heruvic-Cuteanu.mp3\">cor mixt<\/a><\/p>\n<p>Surs\u0103 Lilypond (ly): <a href=\"https:\/\/www.bambergorthodox.de\/wp-content\/uploads\/2024\/03\/Heruvic-Cuteanu.zip\">Heruvic<\/a>","protected":false},"excerpt":{"rendered":"<p>Un element caracteristic liturgic al Vohodului Mare este Imnul Heruvimic (Heruvicul): \u201cNoi, care pe Heruvimi cu tain\u0103 \u00eenchipuim \u015fi f\u0103c\u0103toarei de via\u0163\u0103 Treimi, \u00eentreit sf\u00e2nt\u0103 c\u00e2ntare aducem, toat\u0103 grija cea lumeasc\u0103 acum s\u0103 o lep\u0103d\u0103m&#8221;. Adic\u0103: \u201cNoi, care tainic \u00eenchipuim pe Heruvimi \u015fi c\u00e2nt\u0103m Treimii de via\u0163\u0103 f\u0103c\u0103toare c\u00e2ntarea cea \u00eentreit sf\u00e2nt\u0103, s\u0103 l\u0103s\u0103m orice &#8230; <a class=\"read-more\" href=\"https:\/\/www.bambergorthodox.de\/?page_id=4030\">Read more&#8230;<\/a><\/p>\n","protected":false},"author":2,"featured_media":0,"parent":0,"menu_order":0,"comment_status":"closed","ping_status":"closed","template":"","meta":{"jetpack_post_was_ever_published":false,"footnotes":""},"class_list":["post-4030","page","type-page","status-publish"],"jetpack_sharing_enabled":true,"jetpack_shortlink":"https:\/\/wp.me\/P93ZOd-130","_links":{"self":[{"href":"https:\/\/www.bambergorthodox.de\/index.php?rest_route=\/wp\/v2\/pages\/4030","targetHints":{"allow":["GET"]}}],"collection":[{"href":"https:\/\/www.bambergorthodox.de\/index.php?rest_route=\/wp\/v2\/pages"}],"about":[{"href":"https:\/\/www.bambergorthodox.de\/index.php?rest_route=\/wp\/v2\/types\/page"}],"author":[{"embeddable":true,"href":"https:\/\/www.bambergorthodox.de\/index.php?rest_route=\/wp\/v2\/users\/2"}],"replies":[{"embeddable":true,"href":"https:\/\/www.bambergorthodox.de\/index.php?rest_route=%2Fwp%2Fv2%2Fcomments&post=4030"}],"version-history":[{"count":2,"href":"https:\/\/www.bambergorthodox.de\/index.php?rest_route=\/wp\/v2\/pages\/4030\/revisions"}],"predecessor-version":[{"id":6982,"href":"https:\/\/www.bambergorthodox.de\/index.php?rest_route=\/wp\/v2\/pages\/4030\/revisions\/6982"}],"wp:attachment":[{"href":"https:\/\/www.bambergorthodox.de\/index.php?rest_route=%2Fwp%2Fv2%2Fmedia&parent=4030"}],"curies":[{"name":"wp","href":"https:\/\/api.w.org\/{rel}","templated":true}]}}