{"id":3752,"date":"2018-10-31T12:26:15","date_gmt":"2018-10-31T11:26:15","guid":{"rendered":"https:\/\/www.bambergorthodox.de\/?page_id=3752"},"modified":"2018-10-31T12:27:46","modified_gmt":"2018-10-31T11:27:46","slug":"crucii-tale","status":"publish","type":"page","link":"https:\/\/www.bambergorthodox.de\/?page_id=3752","title":{"rendered":"Crucii Tale"},"content":{"rendered":"&#8221;Crucii Tale ne \u00eenchin\u0103m, St\u0103p\u00e2ne, \u0219i sf\u00e2nt\u0103 \u00cenvierea Ta o l\u0103ud\u0103m \u0219i o m\u0103rim.&#8221;<\/p>\n<p>&nbsp;<\/p>\n<p>Partitura, cor mixt (pdf): <a href=\"https:\/\/bamberg.emester.com\/wp-content\/uploads\/2018\/10\/Crucii-Tale.pdf\">Crucii Tale<\/a><\/p>\n<p>Voci (mp3): <a href=\"https:\/\/bamberg.emester.com\/wp-content\/uploads\/2018\/10\/Crucii-Tale-1.mp3\">sopran<\/a>, <a href=\"https:\/\/bamberg.emester.com\/wp-content\/uploads\/2018\/10\/Crucii-Tale-2.mp3\">alto<\/a>, <a href=\"https:\/\/bamberg.emester.com\/wp-content\/uploads\/2018\/10\/Crucii-Tale-3.mp3\">bariton<\/a>, <a href=\"https:\/\/bamberg.emester.com\/wp-content\/uploads\/2018\/10\/Crucii-Tale.mp3\">cor mixt<\/a><\/p>\n<p>Surs\u0103 Lilypond (ly): <a href=\"https:\/\/bamberg.emester.com\/wp-content\/uploads\/2018\/10\/Crucii-Tale.zip\">Crucii Tale<\/a>","protected":false},"excerpt":{"rendered":"<p>&#8221;Crucii Tale ne \u00eenchin\u0103m, St\u0103p\u00e2ne, \u0219i sf\u00e2nt\u0103 \u00cenvierea Ta o l\u0103ud\u0103m \u0219i o m\u0103rim.&#8221; &nbsp; Partitura, cor mixt (pdf): Crucii Tale Voci (mp3): sopran, alto, bariton, cor mixt Surs\u0103 Lilypond (ly): Crucii Tale<\/p>\n","protected":false},"author":2,"featured_media":0,"parent":0,"menu_order":0,"comment_status":"closed","ping_status":"closed","template":"","meta":{"jetpack_post_was_ever_published":false,"footnotes":""},"class_list":["post-3752","page","type-page","status-publish"],"jetpack_sharing_enabled":true,"jetpack_shortlink":"https:\/\/wp.me\/P93ZOd-Yw","_links":{"self":[{"href":"https:\/\/www.bambergorthodox.de\/index.php?rest_route=\/wp\/v2\/pages\/3752","targetHints":{"allow":["GET"]}}],"collection":[{"href":"https:\/\/www.bambergorthodox.de\/index.php?rest_route=\/wp\/v2\/pages"}],"about":[{"href":"https:\/\/www.bambergorthodox.de\/index.php?rest_route=\/wp\/v2\/types\/page"}],"author":[{"embeddable":true,"href":"https:\/\/www.bambergorthodox.de\/index.php?rest_route=\/wp\/v2\/users\/2"}],"replies":[{"embeddable":true,"href":"https:\/\/www.bambergorthodox.de\/index.php?rest_route=%2Fwp%2Fv2%2Fcomments&post=3752"}],"version-history":[{"count":2,"href":"https:\/\/www.bambergorthodox.de\/index.php?rest_route=\/wp\/v2\/pages\/3752\/revisions"}],"predecessor-version":[{"id":3754,"href":"https:\/\/www.bambergorthodox.de\/index.php?rest_route=\/wp\/v2\/pages\/3752\/revisions\/3754"}],"wp:attachment":[{"href":"https:\/\/www.bambergorthodox.de\/index.php?rest_route=%2Fwp%2Fv2%2Fmedia&parent=3752"}],"curies":[{"name":"wp","href":"https:\/\/api.w.org\/{rel}","templated":true}]}}

&#8221;Crucii Tale ne închinăm, Stăpâne, și sfântă Învierea Ta o lăudăm și o mărim.&#8221;</p>
<p>&nbsp;</p>
<p>Partitura, cor mixt (pdf): <a href="https://bamberg.emester.com/wp-content/uploads/2018/10/Crucii-Tale.pdf">Crucii Tale</a></p>
<p>Voci (mp3): <a href="https://bamberg.emester.com/wp-content/uploads/2018/10/Crucii-Tale-1.mp3">sopran</a>, <a href="https://bamberg.emester.com/wp-content/uploads/2018/10/Crucii-Tale-2.mp3">alto</a>, <a href="https://bamberg.emester.com/wp-content/uploads/2018/10/Crucii-Tale-3.mp3">bariton</a>, <a href="https://bamberg.emester.com/wp-content/uploads/2018/10/Crucii-Tale.mp3">cor mixt</a></p>
<p>Sursă Lilypond (ly): <a href="https://bamberg.emester.com/wp-content/uploads/2018/10/Crucii-Tale.zip">Crucii Tale</a>

<p>&#8221;Crucii Tale ne închinăm, Stăpâne, și sfântă Învierea Ta o lăudăm și o mărim.&#8221; &nbsp; Partitura, cor mixt (pdf): Crucii Tale Voci (mp3): sopran, alto, bariton, cor mixt Sursă Lilypond (ly): Crucii Tale</p>
