{"id":3614,"date":"2018-04-23T14:55:09","date_gmt":"2018-04-23T12:55:09","guid":{"rendered":"http:\/\/www.bambergorthodox.de\/?page_id=3614"},"modified":"2024-03-06T20:15:47","modified_gmt":"2024-03-06T19:15:47","slug":"rugaciune-c-dragusin","status":"publish","type":"page","link":"https:\/\/www.bambergorthodox.de\/?page_id=3614","title":{"rendered":"Rug\u0103ciune &#8211; C. Dr\u0103gu\u0219in"},"content":{"rendered":"&#8221;Doamne, pe Tine noi Te rug\u0103m,<br \/>\n\u021aie \u00ee\u021bi \u00een\u0103l\u021b\u0103m rug\u0103ciune;<br \/>\n\u00een imne \u0219i-n psalmi<br \/>\nTe c\u00e2nt\u0103m \u0219i Te m\u0103rim.<br \/>\nAliluia!&#8221;<\/p>\n<p>&nbsp;<\/p>\n<p>Partitura, cor mixt (pdf): <a href=\"https:\/\/www.bambergorthodox.de\/wp-content\/uploads\/2024\/03\/Ruga-Dragu.pdf\">Rug\u0103ciune &#8211; C. Dr\u0103gu\u0219in<\/a><\/p>\n<p>Voci (mp3): <a href=\"https:\/\/www.bambergorthodox.de\/wp-content\/uploads\/2024\/03\/Ruga-Dragu-1.mp3\">sopran<\/a>, <a href=\"https:\/\/www.bambergorthodox.de\/wp-content\/uploads\/2024\/03\/Ruga-Dragu-2.mp3\">alto<\/a>, <a href=\"https:\/\/www.bambergorthodox.de\/wp-content\/uploads\/2024\/03\/Ruga-Dragu-3.mp3\">tenor<\/a>, <a href=\"https:\/\/www.bambergorthodox.de\/wp-content\/uploads\/2024\/03\/Ruga-Dragu-4.mp3\">bas<\/a>, <a href=\"https:\/\/www.bambergorthodox.de\/wp-content\/uploads\/2024\/03\/Ruga-Dragu.mp3\">cor mixt<\/a><\/p>\n<p>Surs\u0103 Lilypond (ly): <a href=\"https:\/\/www.bambergorthodox.de\/wp-content\/uploads\/2024\/03\/Ruga-Dragu.zip\">Rug\u0103ciune &#8211; C. Dr\u0103gu\u0219in<\/a>","protected":false},"excerpt":{"rendered":"<p>&#8221;Doamne, pe Tine noi Te rug\u0103m, \u021aie \u00ee\u021bi \u00een\u0103l\u021b\u0103m rug\u0103ciune; \u00een imne \u0219i-n psalmi Te c\u00e2nt\u0103m \u0219i Te m\u0103rim. Aliluia!&#8221; &nbsp; Partitura, cor mixt (pdf): Rug\u0103ciune &#8211; C. Dr\u0103gu\u0219in Voci (mp3): sopran, alto, tenor, bas, cor mixt Surs\u0103 Lilypond (ly): Rug\u0103ciune &#8211; C. Dr\u0103gu\u0219in<\/p>\n","protected":false},"author":2,"featured_media":0,"parent":0,"menu_order":0,"comment_status":"closed","ping_status":"closed","template":"","meta":{"jetpack_post_was_ever_published":false,"footnotes":""},"class_list":["post-3614","page","type-page","status-publish"],"jetpack_sharing_enabled":true,"jetpack_shortlink":"https:\/\/wp.me\/P93ZOd-Wi","_links":{"self":[{"href":"https:\/\/www.bambergorthodox.de\/index.php?rest_route=\/wp\/v2\/pages\/3614","targetHints":{"allow":["GET"]}}],"collection":[{"href":"https:\/\/www.bambergorthodox.de\/index.php?rest_route=\/wp\/v2\/pages"}],"about":[{"href":"https:\/\/www.bambergorthodox.de\/index.php?rest_route=\/wp\/v2\/types\/page"}],"author":[{"embeddable":true,"href":"https:\/\/www.bambergorthodox.de\/index.php?rest_route=\/wp\/v2\/users\/2"}],"replies":[{"embeddable":true,"href":"https:\/\/www.bambergorthodox.de\/index.php?rest_route=%2Fwp%2Fv2%2Fcomments&post=3614"}],"version-history":[{"count":4,"href":"https:\/\/www.bambergorthodox.de\/index.php?rest_route=\/wp\/v2\/pages\/3614\/revisions"}],"predecessor-version":[{"id":6764,"href":"https:\/\/www.bambergorthodox.de\/index.php?rest_route=\/wp\/v2\/pages\/3614\/revisions\/6764"}],"wp:attachment":[{"href":"https:\/\/www.bambergorthodox.de\/index.php?rest_route=%2Fwp%2Fv2%2Fmedia&parent=3614"}],"curies":[{"name":"wp","href":"https:\/\/api.w.org\/{rel}","templated":true}]}}

Rugăciune &#8211; C. Drăgușin

&#8221;Doamne, pe Tine noi Te rugăm,<br />
Ție îți înălțăm rugăciune;<br />
în imne și-n psalmi<br />
Te cântăm și Te mărim.<br />
Aliluia!&#8221;</p>
<p>&nbsp;</p>
<p>Partitura, cor mixt (pdf): <a href="https://www.bambergorthodox.de/wp-content/uploads/2024/03/Ruga-Dragu.pdf">Rugăciune &#8211; C. Drăgușin</a></p>
<p>Voci (mp3): <a href="https://www.bambergorthodox.de/wp-content/uploads/2024/03/Ruga-Dragu-1.mp3">sopran</a>, <a href="https://www.bambergorthodox.de/wp-content/uploads/2024/03/Ruga-Dragu-2.mp3">alto</a>, <a href="https://www.bambergorthodox.de/wp-content/uploads/2024/03/Ruga-Dragu-3.mp3">tenor</a>, <a href="https://www.bambergorthodox.de/wp-content/uploads/2024/03/Ruga-Dragu-4.mp3">bas</a>, <a href="https://www.bambergorthodox.de/wp-content/uploads/2024/03/Ruga-Dragu.mp3">cor mixt</a></p>
<p>Sursă Lilypond (ly): <a href="https://www.bambergorthodox.de/wp-content/uploads/2024/03/Ruga-Dragu.zip">Rugăciune &#8211; C. Drăgușin</a>

<p>&#8221;Doamne, pe Tine noi Te rugăm, Ție îți înălțăm rugăciune; în imne și-n psalmi Te cântăm și Te mărim. Aliluia!&#8221; &nbsp; Partitura, cor mixt (pdf): Rugăciune &#8211; C. Drăgușin Voci (mp3): sopran, alto, tenor, bas, cor mixt Sursă Lilypond (ly): Rugăciune &#8211; C. Drăgușin</p>
