{"id":3481,"date":"2018-01-31T10:08:52","date_gmt":"2018-01-31T09:08:52","guid":{"rendered":"http:\/\/www.bambergorthodox.de\/?page_id=3481"},"modified":"2024-03-08T19:22:23","modified_gmt":"2024-03-08T18:22:23","slug":"cati-in-hristos","status":"publish","type":"page","link":"https:\/\/www.bambergorthodox.de\/?page_id=3481","title":{"rendered":"C\u00e2\u021bi \u00een Hristos"},"content":{"rendered":"La S\u0103rb\u0103torile \u00cemp\u0103r\u0103te\u0219ti, \u00een loc de &#8222;Sfinte Dumnezeule&#8221;, se c\u00e2nt\u0103:<\/p>\n<p>&#8222;C\u00e2\u0163i \u00een Hristos v-a\u0163i botezat, \u00een Hristos v-a\u0163i \u00eembr\u0103cat&#8221; (Gal. III, 27)<\/p>\n<p>&nbsp;<\/p>\n<p>Partitura, cor mixt (pdf): <a href=\"https:\/\/www.bambergorthodox.de\/wp-content\/uploads\/2024\/03\/CatiHris.pdf\">C\u00e2\u021bi \u00een Hristos<\/a><\/p>\n<p>Voci (mp3): <a href=\"https:\/\/www.bambergorthodox.de\/wp-content\/uploads\/2018\/01\/CatiHris-1.mp3\">sopran<\/a>, <a href=\"https:\/\/www.bambergorthodox.de\/wp-content\/uploads\/2018\/01\/CatiHris-2.mp3\">alto<\/a>, <a href=\"https:\/\/www.bambergorthodox.de\/wp-content\/uploads\/2018\/01\/CatiHris-3.mp3\">tenor<\/a>, <a href=\"https:\/\/www.bambergorthodox.de\/wp-content\/uploads\/2018\/01\/CatiHris-4.mp3\">bas<\/a>, <a href=\"https:\/\/www.bambergorthodox.de\/wp-content\/uploads\/2018\/01\/CatiHris.mp3\">cor mixt<\/a><\/p>\n<p>Surs\u0103 Lilypond (ly): <a href=\"https:\/\/www.bambergorthodox.de\/wp-content\/uploads\/2024\/03\/CatiHris.zip\">C\u00e2\u021bi \u00een Hristos<\/a>","protected":false},"excerpt":{"rendered":"<p>La S\u0103rb\u0103torile \u00cemp\u0103r\u0103te\u0219ti, \u00een loc de &#8222;Sfinte Dumnezeule&#8221;, se c\u00e2nt\u0103: &#8222;C\u00e2\u0163i \u00een Hristos v-a\u0163i botezat, \u00een Hristos v-a\u0163i \u00eembr\u0103cat&#8221; (Gal. III, 27) &nbsp; Partitura, cor mixt (pdf): C\u00e2\u021bi \u00een Hristos Voci (mp3): sopran, alto, tenor, bas, cor mixt Surs\u0103 Lilypond (ly): C\u00e2\u021bi \u00een Hristos<\/p>\n","protected":false},"author":2,"featured_media":0,"parent":0,"menu_order":0,"comment_status":"closed","ping_status":"closed","template":"","meta":{"jetpack_post_was_ever_published":false,"footnotes":""},"class_list":["post-3481","page","type-page","status-publish"],"jetpack_sharing_enabled":true,"jetpack_shortlink":"https:\/\/wp.me\/P93ZOd-U9","_links":{"self":[{"href":"https:\/\/www.bambergorthodox.de\/index.php?rest_route=\/wp\/v2\/pages\/3481","targetHints":{"allow":["GET"]}}],"collection":[{"href":"https:\/\/www.bambergorthodox.de\/index.php?rest_route=\/wp\/v2\/pages"}],"about":[{"href":"https:\/\/www.bambergorthodox.de\/index.php?rest_route=\/wp\/v2\/types\/page"}],"author":[{"embeddable":true,"href":"https:\/\/www.bambergorthodox.de\/index.php?rest_route=\/wp\/v2\/users\/2"}],"replies":[{"embeddable":true,"href":"https:\/\/www.bambergorthodox.de\/index.php?rest_route=%2Fwp%2Fv2%2Fcomments&post=3481"}],"version-history":[{"count":3,"href":"https:\/\/www.bambergorthodox.de\/index.php?rest_route=\/wp\/v2\/pages\/3481\/revisions"}],"predecessor-version":[{"id":6941,"href":"https:\/\/www.bambergorthodox.de\/index.php?rest_route=\/wp\/v2\/pages\/3481\/revisions\/6941"}],"wp:attachment":[{"href":"https:\/\/www.bambergorthodox.de\/index.php?rest_route=%2Fwp%2Fv2%2Fmedia&parent=3481"}],"curies":[{"name":"wp","href":"https:\/\/api.w.org\/{rel}","templated":true}]}}

Câți în Hristos

La Sărbătorile Împărătești, în loc de &#8222;Sfinte Dumnezeule&#8221;, se cântă:</p>
<p>&#8222;Câţi în Hristos v-aţi botezat, în Hristos v-aţi îmbrăcat&#8221; (Gal. III, 27)</p>
<p>&nbsp;</p>
<p>Partitura, cor mixt (pdf): <a href="https://www.bambergorthodox.de/wp-content/uploads/2024/03/CatiHris.pdf">Câți în Hristos</a></p>
<p>Voci (mp3): <a href="https://www.bambergorthodox.de/wp-content/uploads/2018/01/CatiHris-1.mp3">sopran</a>, <a href="https://www.bambergorthodox.de/wp-content/uploads/2018/01/CatiHris-2.mp3">alto</a>, <a href="https://www.bambergorthodox.de/wp-content/uploads/2018/01/CatiHris-3.mp3">tenor</a>, <a href="https://www.bambergorthodox.de/wp-content/uploads/2018/01/CatiHris-4.mp3">bas</a>, <a href="https://www.bambergorthodox.de/wp-content/uploads/2018/01/CatiHris.mp3">cor mixt</a></p>
<p>Sursă Lilypond (ly): <a href="https://www.bambergorthodox.de/wp-content/uploads/2024/03/CatiHris.zip">Câți în Hristos</a>

<p>La Sărbătorile Împărătești, în loc de &#8222;Sfinte Dumnezeule&#8221;, se cântă: &#8222;Câţi în Hristos v-aţi botezat, în Hristos v-aţi îmbrăcat&#8221; (Gal. III, 27) &nbsp; Partitura, cor mixt (pdf): Câți în Hristos Voci (mp3): sopran, alto, tenor, bas, cor mixt Sursă Lilypond (ly): Câți în Hristos</p>
