{"id":34,"date":"2015-05-31T20:52:59","date_gmt":"2015-05-31T18:52:59","guid":{"rendered":"http:\/\/www.bambergorthodox.de\/wp\/?page_id=34"},"modified":"2019-02-07T12:02:29","modified_gmt":"2019-02-07T11:02:29","slug":"taina-cununiei","status":"publish","type":"page","link":"https:\/\/www.bambergorthodox.de\/?page_id=34","title":{"rendered":"Sf. Cununie"},"content":{"rendered":"<strong>Condi\u021biile ce trebuiesc \u00eendeplinite pentru s\u0103v\u00e2r\u0219irea slujbei Cununiei\u00a0sunt urm\u0103toarele:<\/strong><\/p>\n<ol>\n<li><strong>mirii \u0219i na\u0219ii s\u0103 fie membri ai parohiei noastre <\/strong><em>(desc\u0103rca\u021bi <span style=\"color: #ff0000;\">cererea de \u00eenscriere \u00een parohie<\/span> d\u00e2nd click <a href=\"https:\/\/www.bambergorthodox.de\/wp-content\/uploads\/2019\/02\/cerere-membru_2019.pdf\" target=\"_blank\" rel=\"noopener\"><strong><span style=\"color: #ff0000;\">aici<\/span><\/strong><\/a>,\u00a0o completa\u021bi \u0219i o aduce\u021bi la biseric\u0103; de asemenea, afla\u021bi ce \u00eenseamn\u0103 a fi membru al parohiei d\u00e2nd click <a href=\"https:\/\/www.bambergorthodox.de\/?page_id=45\" target=\"_blank\" rel=\"noopener\"><span style=\"color: #ff0000;\"><strong>aici<\/strong><\/span><\/a>).<\/em><\/li>\n<li><strong>mirii \u0219i na\u0219ii s\u0103 participe la o preg\u0103tire religioas\u0103 pentru Taina Cununiei: dialog \u015fi spovedanie cu preotul\u00a0<\/strong><\/li>\n<li><strong>na\u015fii s\u0103 fie membri ai Bisericii Ortodoxe \u015fi sa fie cununa\u0163i religios (\u00een biseric\u0103)<\/strong><\/li>\n<\/ol>\n<p><strong>Pentru slujb\u0103 sunt necesare urm\u0103toarele:<\/strong><\/p>\n<ol>\n<li><em>certificat de c\u0103s\u0103torie civil\u0103 (copie), se ad\u0103ug\u0103: adresa mirilor, adresa \u015fi numele na\u015filor, num\u0103rul de telefon \u0219i adresa de email<\/em><\/li>\n<li><em>verighetele \u0219i dou\u0103 lum\u00e2n\u0103ri (lum\u00e2n\u0103rile se pot procura de la biseric\u0103)<\/em><\/li>\n<li><em>o sticl\u0103 de vin ro\u0219u (dulce)<\/em><\/li>\n<li><em>pi\u0219coturi<\/em><\/li>\n<\/ol>\n<p>Orice dona\u021bie este binevenit\u0103, bine\u0219tiind c\u0103 parohia noastr\u0103 \u00ee\u0219i sus\u021bine activitatea numai prin contribu\u021biile benevole ale credincio\u0219ilor \u0219i din dona\u021biile tuturor celor ce iubesc Biserica lui Dumnezeu.<\/p>\n<p><strong>Nu se pot face nun\u0163i \u00een urm\u0103toarele zile \u015fi timpuri de peste an:<\/strong><\/p>\n<ul>\n<li>\u00een cele patru posturi de peste an, ca \u015fi \u00een toate zilele de post din cursul anului: miercurea \u015fi vinerea, Ziua Crucii (14 septembrie), T\u0103ierea Capului Sf\u00e2ntului Ioan Botez\u0103torul (29 august).<\/li>\n<li>\u00een s\u0103pt\u0103m\u00e2na br\u00e2nzei (sau s\u0103pt\u0103m\u00e2na alb\u0103), care este socotita ca vreme de preg\u0103tire pentru post.<\/li>\n<li>\u00een s\u0103pt\u0103m\u00e2na luminat\u0103 (dintre Duminica Pa\u015ftilor \u015fi Duminica Tomii), \u00een Duminica Rusaliilor, \u00een timpul dintre Cr\u0103ciun si Boboteaz\u0103, precum \u015fi \u00een ajunul tuturor praznicelor \u00eemp\u0103r\u0103te\u015fti.<\/li>\n<\/ul>","protected":false},"excerpt":{"rendered":"<p>Condi\u021biile ce trebuiesc \u00eendeplinite pentru s\u0103v\u00e2r\u0219irea slujbei Cununiei\u00a0sunt urm\u0103toarele: mirii \u0219i na\u0219ii s\u0103 fie membri ai parohiei noastre (desc\u0103rca\u021bi cererea de \u00eenscriere \u00een parohie d\u00e2nd click aici,\u00a0o completa\u021bi \u0219i o aduce\u021bi la biseric\u0103; de asemenea, afla\u021bi ce \u00eenseamn\u0103 a fi membru al parohiei d\u00e2nd click aici). mirii \u0219i na\u0219ii s\u0103 participe la o preg\u0103tire religioas\u0103 &#8230; <a class=\"read-more\" href=\"https:\/\/www.bambergorthodox.de\/?page_id=34\">Read more&#8230;<\/a><\/p>\n","protected":false},"author":1,"featured_media":0,"parent":12,"menu_order":0,"comment_status":"closed","ping_status":"open","template":"","meta":{"jetpack_post_was_ever_published":false,"footnotes":""},"class_list":["post-34","page","type-page","status-publish"],"jetpack_sharing_enabled":true,"jetpack_shortlink":"https:\/\/wp.me\/P93ZOd-y","_links":{"self":[{"href":"https:\/\/www.bambergorthodox.de\/index.php?rest_route=\/wp\/v2\/pages\/34","targetHints":{"allow":["GET"]}}],"collection":[{"href":"https:\/\/www.bambergorthodox.de\/index.php?rest_route=\/wp\/v2\/pages"}],"about":[{"href":"https:\/\/www.bambergorthodox.de\/index.php?rest_route=\/wp\/v2\/types\/page"}],"author":[{"embeddable":true,"href":"https:\/\/www.bambergorthodox.de\/index.php?rest_route=\/wp\/v2\/users\/1"}],"replies":[{"embeddable":true,"href":"https:\/\/www.bambergorthodox.de\/index.php?rest_route=%2Fwp%2Fv2%2Fcomments&post=34"}],"version-history":[{"count":32,"href":"https:\/\/www.bambergorthodox.de\/index.php?rest_route=\/wp\/v2\/pages\/34\/revisions"}],"predecessor-version":[{"id":3889,"href":"https:\/\/www.bambergorthodox.de\/index.php?rest_route=\/wp\/v2\/pages\/34\/revisions\/3889"}],"up":[{"embeddable":true,"href":"https:\/\/www.bambergorthodox.de\/index.php?rest_route=\/wp\/v2\/pages\/12"}],"wp:attachment":[{"href":"https:\/\/www.bambergorthodox.de\/index.php?rest_route=%2Fwp%2Fv2%2Fmedia&parent=34"}],"curies":[{"name":"wp","href":"https:\/\/api.w.org\/{rel}","templated":true}]}}

<strong>Condițiile ce trebuiesc îndeplinite pentru săvârșirea slujbei Cununiei sunt următoarele:</strong></p>
<ol>
<li><strong>mirii și nașii să fie membri ai parohiei noastre </strong><em>(descărcați <span style="color: #ff0000;">cererea de înscriere în parohie</span> dând click <a href="https://www.bambergorthodox.de/wp-content/uploads/2019/02/cerere-membru_2019.pdf" target="_blank" rel="noopener"><strong><span style="color: #ff0000;">aici</span></strong></a>, o completați și o aduceți la biserică; de asemenea, aflați ce înseamnă a fi membru al parohiei dând click <a href="https://www.bambergorthodox.de/?page_id=45" target="_blank" rel="noopener"><span style="color: #ff0000;"><strong>aici</strong></span></a>).</em></li>
<li><strong>mirii și nașii să participe la o pregătire religioasă pentru Taina Cununiei: dialog şi spovedanie cu preotul </strong></li>
<li><strong>naşii să fie membri ai Bisericii Ortodoxe şi sa fie cununaţi religios (în biserică)</strong></li>
</ol>
<p><strong>Pentru slujbă sunt necesare următoarele:</strong></p>
<ol>
<li><em>certificat de căsătorie civilă (copie), se adăugă: adresa mirilor, adresa şi numele naşilor, numărul de telefon și adresa de email</em></li>
<li><em>verighetele și două lumânări (lumânările se pot procura de la biserică)</em></li>
<li><em>o sticlă de vin roșu (dulce)</em></li>
<li><em>pișcoturi</em></li>
</ol>
<p>Orice donație este binevenită, bineștiind că parohia noastră își susține activitatea numai prin contribuțiile benevole ale credincioșilor și din donațiile tuturor celor ce iubesc Biserica lui Dumnezeu.</p>
<p><strong>Nu se pot face nunţi în următoarele zile şi timpuri de peste an:</strong></p>
<ul>
<li>în cele patru posturi de peste an, ca şi în toate zilele de post din cursul anului: miercurea şi vinerea, Ziua Crucii (14 septembrie), Tăierea Capului Sfântului Ioan Botezătorul (29 august).</li>
<li>în săptămâna brânzei (sau săptămâna albă), care este socotita ca vreme de pregătire pentru post.</li>
<li>în săptămâna luminată (dintre Duminica Paştilor şi Duminica Tomii), în Duminica Rusaliilor, în timpul dintre Crăciun si Bobotează, precum şi în ajunul tuturor praznicelor împărăteşti.</li>
</ul>

<p>Condițiile ce trebuiesc îndeplinite pentru săvârșirea slujbei Cununiei sunt următoarele: mirii și nașii să fie membri ai parohiei noastre (descărcați cererea de înscriere în parohie dând click aici, o completați și o aduceți la biserică; de asemenea, aflați ce înseamnă a fi membru al parohiei dând click aici). mirii și nașii să participe la o pregătire religioasă &#8230; <a class="read-more" href="https://www.bambergorthodox.de/?page_id=34">Read more&#8230;</a></p>
