{"id":2946,"date":"2017-08-25T09:35:55","date_gmt":"2017-08-25T07:35:55","guid":{"rendered":"http:\/\/www.bambergorthodox.de\/?page_id=2946"},"modified":"2024-03-07T18:29:28","modified_gmt":"2024-03-07T17:29:28","slug":"din-cer-senin-7","status":"publish","type":"page","link":"https:\/\/www.bambergorthodox.de\/?page_id=2946","title":{"rendered":"Din cer senin"},"content":{"rendered":"&#8221;Din cer senin, un cor divin<br \/>\nSe-aude lin c\u00e2nt\u00e2nd&#8221;&#8230;<\/p>\n<p>Partitura, cor mixt (pdf): <a href=\"https:\/\/www.bambergorthodox.de\/wp-content\/uploads\/2024\/03\/Din-cer-senin.pdf\">Din cer senin<\/a><\/p>\n<p>Voci (mp3): <a href=\"https:\/\/www.bambergorthodox.de\/wp-content\/uploads\/2017\/08\/Din-cer-senin-1.mp3\">sopran<\/a>, <a href=\"https:\/\/www.bambergorthodox.de\/wp-content\/uploads\/2017\/08\/Din-cer-senin-2.mp3\">alto<\/a>, <a href=\"https:\/\/www.bambergorthodox.de\/wp-content\/uploads\/2017\/08\/Din-cer-senin-3.mp3\">tenor<\/a>, <a href=\"https:\/\/www.bambergorthodox.de\/wp-content\/uploads\/2017\/08\/Din-cer-senin-4.mp3\">bas<\/a>, <a href=\"https:\/\/www.bambergorthodox.de\/wp-content\/uploads\/2017\/08\/Din-cer-senin.mp3\">cor mixt<\/a><\/p>\n<p>Surs\u0103 Lilypond (ly): <a href=\"https:\/\/www.bambergorthodox.de\/wp-content\/uploads\/2024\/03\/Din-cer-senin.zip\">Din cer senin<\/a>","protected":false},"excerpt":{"rendered":"<p>&#8221;Din cer senin, un cor divin Se-aude lin c\u00e2nt\u00e2nd&#8221;&#8230; Partitura, cor mixt (pdf): Din cer senin Voci (mp3): sopran, alto, tenor, bas, cor mixt Surs\u0103 Lilypond (ly): Din cer senin<\/p>\n","protected":false},"author":2,"featured_media":0,"parent":0,"menu_order":0,"comment_status":"closed","ping_status":"closed","template":"","meta":{"jetpack_post_was_ever_published":false,"footnotes":""},"class_list":["post-2946","page","type-page","status-publish"],"jetpack_sharing_enabled":true,"jetpack_shortlink":"https:\/\/wp.me\/P93ZOd-Lw","_links":{"self":[{"href":"https:\/\/www.bambergorthodox.de\/index.php?rest_route=\/wp\/v2\/pages\/2946","targetHints":{"allow":["GET"]}}],"collection":[{"href":"https:\/\/www.bambergorthodox.de\/index.php?rest_route=\/wp\/v2\/pages"}],"about":[{"href":"https:\/\/www.bambergorthodox.de\/index.php?rest_route=\/wp\/v2\/types\/page"}],"author":[{"embeddable":true,"href":"https:\/\/www.bambergorthodox.de\/index.php?rest_route=\/wp\/v2\/users\/2"}],"replies":[{"embeddable":true,"href":"https:\/\/www.bambergorthodox.de\/index.php?rest_route=%2Fwp%2Fv2%2Fcomments&post=2946"}],"version-history":[{"count":7,"href":"https:\/\/www.bambergorthodox.de\/index.php?rest_route=\/wp\/v2\/pages\/2946\/revisions"}],"predecessor-version":[{"id":6831,"href":"https:\/\/www.bambergorthodox.de\/index.php?rest_route=\/wp\/v2\/pages\/2946\/revisions\/6831"}],"wp:attachment":[{"href":"https:\/\/www.bambergorthodox.de\/index.php?rest_route=%2Fwp%2Fv2%2Fmedia&parent=2946"}],"curies":[{"name":"wp","href":"https:\/\/api.w.org\/{rel}","templated":true}]}}

&#8221;Din cer senin, un cor divin<br />
Se-aude lin cântând&#8221;&#8230;</p>
<p>Partitura, cor mixt (pdf): <a href="https://www.bambergorthodox.de/wp-content/uploads/2024/03/Din-cer-senin.pdf">Din cer senin</a></p>
<p>Voci (mp3): <a href="https://www.bambergorthodox.de/wp-content/uploads/2017/08/Din-cer-senin-1.mp3">sopran</a>, <a href="https://www.bambergorthodox.de/wp-content/uploads/2017/08/Din-cer-senin-2.mp3">alto</a>, <a href="https://www.bambergorthodox.de/wp-content/uploads/2017/08/Din-cer-senin-3.mp3">tenor</a>, <a href="https://www.bambergorthodox.de/wp-content/uploads/2017/08/Din-cer-senin-4.mp3">bas</a>, <a href="https://www.bambergorthodox.de/wp-content/uploads/2017/08/Din-cer-senin.mp3">cor mixt</a></p>
<p>Sursă Lilypond (ly): <a href="https://www.bambergorthodox.de/wp-content/uploads/2024/03/Din-cer-senin.zip">Din cer senin</a>

<p>&#8221;Din cer senin, un cor divin Se-aude lin cântând&#8221;&#8230; Partitura, cor mixt (pdf): Din cer senin Voci (mp3): sopran, alto, tenor, bas, cor mixt Sursă Lilypond (ly): Din cer senin</p>
