{"id":2370,"date":"2017-04-11T14:17:04","date_gmt":"2017-04-11T12:17:04","guid":{"rendered":"http:\/\/www.bambergorthodox.de\/?page_id=2370"},"modified":"2017-05-18T14:58:18","modified_gmt":"2017-05-18T12:58:18","slug":"sfestania","status":"publish","type":"page","link":"https:\/\/www.bambergorthodox.de\/?page_id=2370","title":{"rendered":"Sfe\u0219tania"},"content":{"rendered":"Pagin\u0103 \u00een lucru. V\u0103 rug\u0103m \u00eencerca\u021bi mai t\u00e2rziu\u2026","protected":false},"excerpt":{"rendered":"<p>Pagin\u0103 \u00een lucru. V\u0103 rug\u0103m \u00eencerca\u021bi mai t\u00e2rziu\u2026<\/p>\n","protected":false},"author":1,"featured_media":0,"parent":0,"menu_order":0,"comment_status":"closed","ping_status":"closed","template":"","meta":{"jetpack_post_was_ever_published":false,"footnotes":""},"class_list":["post-2370","page","type-page","status-publish"],"jetpack_sharing_enabled":true,"jetpack_shortlink":"https:\/\/wp.me\/P93ZOd-Ce","_links":{"self":[{"href":"https:\/\/www.bambergorthodox.de\/index.php?rest_route=\/wp\/v2\/pages\/2370","targetHints":{"allow":["GET"]}}],"collection":[{"href":"https:\/\/www.bambergorthodox.de\/index.php?rest_route=\/wp\/v2\/pages"}],"about":[{"href":"https:\/\/www.bambergorthodox.de\/index.php?rest_route=\/wp\/v2\/types\/page"}],"author":[{"embeddable":true,"href":"https:\/\/www.bambergorthodox.de\/index.php?rest_route=\/wp\/v2\/users\/1"}],"replies":[{"embeddable":true,"href":"https:\/\/www.bambergorthodox.de\/index.php?rest_route=%2Fwp%2Fv2%2Fcomments&post=2370"}],"version-history":[{"count":2,"href":"https:\/\/www.bambergorthodox.de\/index.php?rest_route=\/wp\/v2\/pages\/2370\/revisions"}],"predecessor-version":[{"id":2736,"href":"https:\/\/www.bambergorthodox.de\/index.php?rest_route=\/wp\/v2\/pages\/2370\/revisions\/2736"}],"wp:attachment":[{"href":"https:\/\/www.bambergorthodox.de\/index.php?rest_route=%2Fwp%2Fv2%2Fmedia&parent=2370"}],"curies":[{"name":"wp","href":"https:\/\/api.w.org\/{rel}","templated":true}]}}

Sfeștania

Pagină în lucru. Vă rugăm încercați mai târziu…

<p>Pagină în lucru. Vă rugăm încercați mai târziu…</p>
