{"id":2360,"date":"2017-04-11T14:02:37","date_gmt":"2017-04-11T12:02:37","guid":{"rendered":"http:\/\/www.bambergorthodox.de\/?page_id=2360"},"modified":"2017-05-18T14:56:03","modified_gmt":"2017-05-18T12:56:03","slug":"sf-impartasanie","status":"publish","type":"page","link":"https:\/\/www.bambergorthodox.de\/?page_id=2360","title":{"rendered":"Sf. \u00cemp\u0103rt\u0103\u0219anie"},"content":{"rendered":"Pagin\u0103 \u00een lucru. V\u0103 rug\u0103m \u00eencerca\u021bi mai t\u00e2rziu\u2026","protected":false},"excerpt":{"rendered":"<p>Pagin\u0103 \u00een lucru. V\u0103 rug\u0103m \u00eencerca\u021bi mai t\u00e2rziu\u2026<\/p>\n","protected":false},"author":1,"featured_media":0,"parent":0,"menu_order":0,"comment_status":"closed","ping_status":"closed","template":"","meta":{"jetpack_post_was_ever_published":false,"footnotes":""},"class_list":["post-2360","page","type-page","status-publish"],"jetpack_sharing_enabled":true,"jetpack_shortlink":"https:\/\/wp.me\/P93ZOd-C4","_links":{"self":[{"href":"https:\/\/www.bambergorthodox.de\/index.php?rest_route=\/wp\/v2\/pages\/2360","targetHints":{"allow":["GET"]}}],"collection":[{"href":"https:\/\/www.bambergorthodox.de\/index.php?rest_route=\/wp\/v2\/pages"}],"about":[{"href":"https:\/\/www.bambergorthodox.de\/index.php?rest_route=\/wp\/v2\/types\/page"}],"author":[{"embeddable":true,"href":"https:\/\/www.bambergorthodox.de\/index.php?rest_route=\/wp\/v2\/users\/1"}],"replies":[{"embeddable":true,"href":"https:\/\/www.bambergorthodox.de\/index.php?rest_route=%2Fwp%2Fv2%2Fcomments&post=2360"}],"version-history":[{"count":2,"href":"https:\/\/www.bambergorthodox.de\/index.php?rest_route=\/wp\/v2\/pages\/2360\/revisions"}],"predecessor-version":[{"id":2734,"href":"https:\/\/www.bambergorthodox.de\/index.php?rest_route=\/wp\/v2\/pages\/2360\/revisions\/2734"}],"wp:attachment":[{"href":"https:\/\/www.bambergorthodox.de\/index.php?rest_route=%2Fwp%2Fv2%2Fmedia&parent=2360"}],"curies":[{"name":"wp","href":"https:\/\/api.w.org\/{rel}","templated":true}]}}

Sf. Împărtășanie

Pagină în lucru. Vă rugăm încercați mai târziu…

<p>Pagină în lucru. Vă rugăm încercați mai târziu…</p>
