{"id":2264,"date":"2017-03-30T14:21:47","date_gmt":"2017-03-30T12:21:47","guid":{"rendered":"http:\/\/www.bambergorthodox.de\/?page_id=2264"},"modified":"2024-03-09T16:15:22","modified_gmt":"2024-03-09T15:15:22","slug":"iubi-te-voi-doamne","status":"publish","type":"page","link":"https:\/\/www.bambergorthodox.de\/?page_id=2264","title":{"rendered":"Iubi-Te-voi, Doamne"},"content":{"rendered":"<div id=\"container\">\n<p>&#8222;Iubi-Te-voi, Doamne, v\u00e2rtutea mea. Domnul este \u00eent\u0103rirea mea \u0219i sc\u0103parea mea \u0219i izb\u0103vitorul meu.&#8221;<\/p>\n<\/div>\n<p>&nbsp;<\/p>\n<p>Partitura, cor mixt (pdf): <a href=\"https:\/\/www.bambergorthodox.de\/wp-content\/uploads\/2024\/03\/Iubi-Te-voi.pdf\">Iubi-Te-voi, Doamne<\/a><\/p>\n<p>Voci (mp3): <a href=\"https:\/\/www.bambergorthodox.de\/wp-content\/uploads\/2017\/03\/Iubi-Te-voi-1.mp3\">solo tenor<\/a>, <a href=\"https:\/\/www.bambergorthodox.de\/wp-content\/uploads\/2017\/03\/Iubi-Te-voi-2.mp3\">sopran<\/a>, <a href=\"https:\/\/www.bambergorthodox.de\/wp-content\/uploads\/2017\/03\/Iubi-Te-voi-3.mp3\">alto<\/a>, <a href=\"https:\/\/www.bambergorthodox.de\/wp-content\/uploads\/2017\/03\/Iubi-Te-voi-4.mp3\">tenor<\/a>, <a href=\"https:\/\/www.bambergorthodox.de\/wp-content\/uploads\/2017\/03\/Iubi-Te-voi-5.mp3\">bas<\/a>, <a href=\"https:\/\/www.bambergorthodox.de\/wp-content\/uploads\/2017\/03\/Iubi-Te-voi.mp3\">cor mixt<\/a><\/p>\n<p>Surs\u0103 Lilypond (ly): <a href=\"https:\/\/www.bambergorthodox.de\/wp-content\/uploads\/2024\/03\/Iubi-Te-voi.zip\">Iubi-Te-voi, Doamne<\/a>","protected":false},"excerpt":{"rendered":"<p>&#8222;Iubi-Te-voi, Doamne, v\u00e2rtutea mea. Domnul este \u00eent\u0103rirea mea \u0219i sc\u0103parea mea \u0219i izb\u0103vitorul meu.&#8221; &nbsp; Partitura, cor mixt (pdf): Iubi-Te-voi, Doamne Voci (mp3): solo tenor, sopran, alto, tenor, bas, cor mixt Surs\u0103 Lilypond (ly): Iubi-Te-voi, Doamne<\/p>\n","protected":false},"author":2,"featured_media":0,"parent":0,"menu_order":0,"comment_status":"closed","ping_status":"closed","template":"","meta":{"jetpack_post_was_ever_published":false,"footnotes":""},"class_list":["post-2264","page","type-page","status-publish"],"jetpack_sharing_enabled":true,"jetpack_shortlink":"https:\/\/wp.me\/P93ZOd-Aw","_links":{"self":[{"href":"https:\/\/www.bambergorthodox.de\/index.php?rest_route=\/wp\/v2\/pages\/2264","targetHints":{"allow":["GET"]}}],"collection":[{"href":"https:\/\/www.bambergorthodox.de\/index.php?rest_route=\/wp\/v2\/pages"}],"about":[{"href":"https:\/\/www.bambergorthodox.de\/index.php?rest_route=\/wp\/v2\/types\/page"}],"author":[{"embeddable":true,"href":"https:\/\/www.bambergorthodox.de\/index.php?rest_route=\/wp\/v2\/users\/2"}],"replies":[{"embeddable":true,"href":"https:\/\/www.bambergorthodox.de\/index.php?rest_route=%2Fwp%2Fv2%2Fcomments&post=2264"}],"version-history":[{"count":4,"href":"https:\/\/www.bambergorthodox.de\/index.php?rest_route=\/wp\/v2\/pages\/2264\/revisions"}],"predecessor-version":[{"id":6992,"href":"https:\/\/www.bambergorthodox.de\/index.php?rest_route=\/wp\/v2\/pages\/2264\/revisions\/6992"}],"wp:attachment":[{"href":"https:\/\/www.bambergorthodox.de\/index.php?rest_route=%2Fwp%2Fv2%2Fmedia&parent=2264"}],"curies":[{"name":"wp","href":"https:\/\/api.w.org\/{rel}","templated":true}]}}

<div id="container">
<p>&#8222;Iubi-Te-voi, Doamne, vârtutea mea. Domnul este întărirea mea și scăparea mea și izbăvitorul meu.&#8221;</p>
</div>
<p>&nbsp;</p>
<p>Partitura, cor mixt (pdf): <a href="https://www.bambergorthodox.de/wp-content/uploads/2024/03/Iubi-Te-voi.pdf">Iubi-Te-voi, Doamne</a></p>
<p>Voci (mp3): <a href="https://www.bambergorthodox.de/wp-content/uploads/2017/03/Iubi-Te-voi-1.mp3">solo tenor</a>, <a href="https://www.bambergorthodox.de/wp-content/uploads/2017/03/Iubi-Te-voi-2.mp3">sopran</a>, <a href="https://www.bambergorthodox.de/wp-content/uploads/2017/03/Iubi-Te-voi-3.mp3">alto</a>, <a href="https://www.bambergorthodox.de/wp-content/uploads/2017/03/Iubi-Te-voi-4.mp3">tenor</a>, <a href="https://www.bambergorthodox.de/wp-content/uploads/2017/03/Iubi-Te-voi-5.mp3">bas</a>, <a href="https://www.bambergorthodox.de/wp-content/uploads/2017/03/Iubi-Te-voi.mp3">cor mixt</a></p>
<p>Sursă Lilypond (ly): <a href="https://www.bambergorthodox.de/wp-content/uploads/2024/03/Iubi-Te-voi.zip">Iubi-Te-voi, Doamne</a>

<p>&#8222;Iubi-Te-voi, Doamne, vârtutea mea. Domnul este întărirea mea și scăparea mea și izbăvitorul meu.&#8221; &nbsp; Partitura, cor mixt (pdf): Iubi-Te-voi, Doamne Voci (mp3): solo tenor, sopran, alto, tenor, bas, cor mixt Sursă Lilypond (ly): Iubi-Te-voi, Doamne</p>
