{"id":2162,"date":"2017-03-17T14:30:17","date_gmt":"2017-03-17T13:30:17","guid":{"rendered":"http:\/\/www.bambergorthodox.de\/?page_id=2162"},"modified":"2017-04-07T12:09:58","modified_gmt":"2017-04-07T10:09:58","slug":"adrese-utile","status":"publish","type":"page","link":"https:\/\/www.bambergorthodox.de\/?page_id=2162","title":{"rendered":"Adrese utile"},"content":{"rendered":"<ol>\n<li><a href=\"http:\/\/www.mitropolia-ro.de\" target=\"_blank\">Mitropolia Ortodox\u0103 Rom\u00e2n\u0103 a Germaniei, Europei Centrale \u0219i de Nord<\/a><\/li>\n<li><a href=\"http:\/\/www.cbrom.de\" target=\"_blank\">Centrul Bisericesc M\u00fcnchen<\/a><\/li>\n<li><a href=\"https:\/\/www.bambergorthodox.de\/wp-content\/uploads\/2017\/04\/PAROHII-GERMANIA.pdf\" target=\"_blank\">Lista Parohiilor Rom\u00e2ne\u0219ti din Germania<\/a><\/li>\n<li><a href=\"http:\/\/episcopiascandinavia.se\" target=\"_blank\">Episcopia Europei de Nord<\/a><\/li>\n<li><a href=\"http:\/\/www.episcopiaspanieiportugaliei.es\" target=\"_blank\">Episcopia Spaniei \u0219i Portugaliei<\/a><\/li>\n<li><a href=\"http:\/\/episcopia-italiei.it\" target=\"_blank\">Episcopia Italiei<\/a><\/li>\n<li><a href=\"http:\/\/www.patriarhia.ro\" target=\"_blank\">Patriarhia Rom\u00e2n\u0103<\/a><\/li>\n<li><a href=\"http:\/\/www.basilica.ro\" target=\"_blank\">Agen\u021bia de pres\u0103 Basilica<\/a><\/li>\n<\/ol>\n<ol start=\"9\">\n<li><a href=\"https:\/\/www.stadt.bamberg.de\/index.phtml\" target=\"_blank\">Prim\u0103ria ora\u0219ului Bamberg<\/a><\/li>\n<li><a href=\"https:\/\/www.stadt.bamberg.de\/index.phtml?sNavID=1829.1083.1&amp;La=1\" target=\"_blank\">Consiliul de integrare Bamberg<\/a><\/li>\n<li><a href=\"https:\/\/www.arbeitsagentur.de\" target=\"_blank\">Agen\u021bia For\u021belor de munc\u0103<\/a><\/li>\n<li><a href=\"http:\/\/www.justiz.bayern.de\/gericht\/ag\/ba\/\" target=\"_blank\">Judec\u0103toria<\/a><\/li>\n<li><a href=\"https:\/\/www.stadt.bamberg.de\/index.phtml?ofs_1=0&amp;mNavID=1829.376&amp;sNavID=1829.95&amp;La=1&amp;object=tx%7C1829.734.1&amp;FID=&amp;ffmod=&amp;ff_object_override_mod=tx&amp;ff_object_override_id=1829.734.1\" target=\"_blank\">Alte oficialit\u0103\u021bi<\/a><\/li>\n<\/ol>","protected":false},"excerpt":{"rendered":"<p>Mitropolia Ortodox\u0103 Rom\u00e2n\u0103 a Germaniei, Europei Centrale \u0219i de Nord Centrul Bisericesc M\u00fcnchen Lista Parohiilor Rom\u00e2ne\u0219ti din Germania Episcopia Europei de Nord Episcopia Spaniei \u0219i Portugaliei Episcopia Italiei Patriarhia Rom\u00e2n\u0103 Agen\u021bia de pres\u0103 Basilica Prim\u0103ria ora\u0219ului Bamberg Consiliul de integrare Bamberg Agen\u021bia For\u021belor de munc\u0103 Judec\u0103toria Alte oficialit\u0103\u021bi<\/p>\n","protected":false},"author":1,"featured_media":0,"parent":0,"menu_order":0,"comment_status":"closed","ping_status":"closed","template":"","meta":{"jetpack_post_was_ever_published":false,"footnotes":""},"class_list":["post-2162","page","type-page","status-publish"],"jetpack_sharing_enabled":true,"jetpack_shortlink":"https:\/\/wp.me\/P93ZOd-yS","_links":{"self":[{"href":"https:\/\/www.bambergorthodox.de\/index.php?rest_route=\/wp\/v2\/pages\/2162","targetHints":{"allow":["GET"]}}],"collection":[{"href":"https:\/\/www.bambergorthodox.de\/index.php?rest_route=\/wp\/v2\/pages"}],"about":[{"href":"https:\/\/www.bambergorthodox.de\/index.php?rest_route=\/wp\/v2\/types\/page"}],"author":[{"embeddable":true,"href":"https:\/\/www.bambergorthodox.de\/index.php?rest_route=\/wp\/v2\/users\/1"}],"replies":[{"embeddable":true,"href":"https:\/\/www.bambergorthodox.de\/index.php?rest_route=%2Fwp%2Fv2%2Fcomments&post=2162"}],"version-history":[{"count":7,"href":"https:\/\/www.bambergorthodox.de\/index.php?rest_route=\/wp\/v2\/pages\/2162\/revisions"}],"predecessor-version":[{"id":2343,"href":"https:\/\/www.bambergorthodox.de\/index.php?rest_route=\/wp\/v2\/pages\/2162\/revisions\/2343"}],"wp:attachment":[{"href":"https:\/\/www.bambergorthodox.de\/index.php?rest_route=%2Fwp%2Fv2%2Fmedia&parent=2162"}],"curies":[{"name":"wp","href":"https:\/\/api.w.org\/{rel}","templated":true}]}}

<ol>
<li><a href="http://www.mitropolia-ro.de" target="_blank">Mitropolia Ortodoxă Română a Germaniei, Europei Centrale și de Nord</a></li>
<li><a href="http://www.cbrom.de" target="_blank">Centrul Bisericesc München</a></li>
<li><a href="https://www.bambergorthodox.de/wp-content/uploads/2017/04/PAROHII-GERMANIA.pdf" target="_blank">Lista Parohiilor Românești din Germania</a></li>
<li><a href="http://episcopiascandinavia.se" target="_blank">Episcopia Europei de Nord</a></li>
<li><a href="http://www.episcopiaspanieiportugaliei.es" target="_blank">Episcopia Spaniei și Portugaliei</a></li>
<li><a href="http://episcopia-italiei.it" target="_blank">Episcopia Italiei</a></li>
<li><a href="http://www.patriarhia.ro" target="_blank">Patriarhia Română</a></li>
<li><a href="http://www.basilica.ro" target="_blank">Agenția de presă Basilica</a></li>
</ol>
<ol start="9">
<li><a href="https://www.stadt.bamberg.de/index.phtml" target="_blank">Primăria orașului Bamberg</a></li>
<li><a href="https://www.stadt.bamberg.de/index.phtml?sNavID=1829.1083.1&amp;La=1" target="_blank">Consiliul de integrare Bamberg</a></li>
<li><a href="https://www.arbeitsagentur.de" target="_blank">Agenția Forțelor de muncă</a></li>
<li><a href="http://www.justiz.bayern.de/gericht/ag/ba/" target="_blank">Judecătoria</a></li>
<li><a href="https://www.stadt.bamberg.de/index.phtml?ofs_1=0&amp;mNavID=1829.376&amp;sNavID=1829.95&amp;La=1&amp;object=tx%7C1829.734.1&amp;FID=&amp;ffmod=&amp;ff_object_override_mod=tx&amp;ff_object_override_id=1829.734.1" target="_blank">Alte oficialități</a></li>
</ol>

<p>Mitropolia Ortodoxă Română a Germaniei, Europei Centrale și de Nord Centrul Bisericesc München Lista Parohiilor Românești din Germania Episcopia Europei de Nord Episcopia Spaniei și Portugaliei Episcopia Italiei Patriarhia Română Agenția de presă Basilica Primăria orașului Bamberg Consiliul de integrare Bamberg Agenția Forțelor de muncă Judecătoria Alte oficialități</p>
