{"id":2114,"date":"2017-03-14T13:19:24","date_gmt":"2017-03-14T12:19:24","guid":{"rendered":"http:\/\/www.bambergorthodox.de\/?page_id=2114"},"modified":"2024-03-08T14:40:17","modified_gmt":"2024-03-08T13:40:17","slug":"hristos-a-inviat-6","status":"publish","type":"page","link":"https:\/\/www.bambergorthodox.de\/?page_id=2114","title":{"rendered":"Hristos a \u00eenviat"},"content":{"rendered":"Hristos a \u00eenviat din mor\u0163i<br \/>\nCu moartea pe moarte c\u0103lc\u00e2nd<br \/>\n\u015ei celor din morminte<br \/>\nVia\u0163\u0103 d\u0103ruindu-le!<\/p>\n<p>Partitura, cor mixt (pdf): <a href=\"https:\/\/www.bambergorthodox.de\/wp-content\/uploads\/2024\/02\/Hristos-c.pdf\">Hristos a \u00eenviat<\/a><\/p>\n<p>Voci (mp3): <a href=\"https:\/\/www.bambergorthodox.de\/wp-content\/uploads\/2017\/03\/Hristos-a-inviat-1.mp3\">sopran<\/a>, <a href=\"https:\/\/www.bambergorthodox.de\/wp-content\/uploads\/2017\/03\/Hristos-a-inviat-2.mp3\">alto<\/a>, <a href=\"https:\/\/www.bambergorthodox.de\/wp-content\/uploads\/2017\/03\/Hristos-a-inviat-3.mp3\">tenor<\/a>, <a href=\"https:\/\/www.bambergorthodox.de\/wp-content\/uploads\/2017\/03\/Hristos-a-inviat-4.mp3\">bas<\/a>, <a href=\"https:\/\/www.bambergorthodox.de\/wp-content\/uploads\/2017\/03\/Hristos-a-inviat.mp3\">cor mixt<\/a><\/p>\n<p>Surs\u0103 Lilypond (ly): <a href=\"https:\/\/www.bambergorthodox.de\/wp-content\/uploads\/2024\/02\/Hristos-c.zip\">Hristos a \u00eenviat<\/a>","protected":false},"excerpt":{"rendered":"<p>Hristos a \u00eenviat din mor\u0163i Cu moartea pe moarte c\u0103lc\u00e2nd \u015ei celor din morminte Via\u0163\u0103 d\u0103ruindu-le! Partitura, cor mixt (pdf): Hristos a \u00eenviat Voci (mp3): sopran, alto, tenor, bas, cor mixt Surs\u0103 Lilypond (ly): Hristos a \u00eenviat<\/p>\n","protected":false},"author":2,"featured_media":0,"parent":0,"menu_order":0,"comment_status":"closed","ping_status":"closed","template":"","meta":{"jetpack_post_was_ever_published":false,"footnotes":""},"class_list":["post-2114","page","type-page","status-publish"],"jetpack_sharing_enabled":true,"jetpack_shortlink":"https:\/\/wp.me\/P93ZOd-y6","_links":{"self":[{"href":"https:\/\/www.bambergorthodox.de\/index.php?rest_route=\/wp\/v2\/pages\/2114","targetHints":{"allow":["GET"]}}],"collection":[{"href":"https:\/\/www.bambergorthodox.de\/index.php?rest_route=\/wp\/v2\/pages"}],"about":[{"href":"https:\/\/www.bambergorthodox.de\/index.php?rest_route=\/wp\/v2\/types\/page"}],"author":[{"embeddable":true,"href":"https:\/\/www.bambergorthodox.de\/index.php?rest_route=\/wp\/v2\/users\/2"}],"replies":[{"embeddable":true,"href":"https:\/\/www.bambergorthodox.de\/index.php?rest_route=%2Fwp%2Fv2%2Fcomments&post=2114"}],"version-history":[{"count":4,"href":"https:\/\/www.bambergorthodox.de\/index.php?rest_route=\/wp\/v2\/pages\/2114\/revisions"}],"predecessor-version":[{"id":6906,"href":"https:\/\/www.bambergorthodox.de\/index.php?rest_route=\/wp\/v2\/pages\/2114\/revisions\/6906"}],"wp:attachment":[{"href":"https:\/\/www.bambergorthodox.de\/index.php?rest_route=%2Fwp%2Fv2%2Fmedia&parent=2114"}],"curies":[{"name":"wp","href":"https:\/\/api.w.org\/{rel}","templated":true}]}}

Hristos a înviat

Hristos a înviat din morţi<br />
Cu moartea pe moarte călcând<br />
Şi celor din morminte<br />
Viaţă dăruindu-le!</p>
<p>Partitura, cor mixt (pdf): <a href="https://www.bambergorthodox.de/wp-content/uploads/2024/02/Hristos-c.pdf">Hristos a înviat</a></p>
<p>Voci (mp3): <a href="https://www.bambergorthodox.de/wp-content/uploads/2017/03/Hristos-a-inviat-1.mp3">sopran</a>, <a href="https://www.bambergorthodox.de/wp-content/uploads/2017/03/Hristos-a-inviat-2.mp3">alto</a>, <a href="https://www.bambergorthodox.de/wp-content/uploads/2017/03/Hristos-a-inviat-3.mp3">tenor</a>, <a href="https://www.bambergorthodox.de/wp-content/uploads/2017/03/Hristos-a-inviat-4.mp3">bas</a>, <a href="https://www.bambergorthodox.de/wp-content/uploads/2017/03/Hristos-a-inviat.mp3">cor mixt</a></p>
<p>Sursă Lilypond (ly): <a href="https://www.bambergorthodox.de/wp-content/uploads/2024/02/Hristos-c.zip">Hristos a înviat</a>

<p>Hristos a înviat din morţi Cu moartea pe moarte călcând Şi celor din morminte Viaţă dăruindu-le! Partitura, cor mixt (pdf): Hristos a înviat Voci (mp3): sopran, alto, tenor, bas, cor mixt Sursă Lilypond (ly): Hristos a înviat</p>
