{"id":1587,"date":"2017-01-10T10:10:26","date_gmt":"2017-01-10T09:10:26","guid":{"rendered":"http:\/\/www.bambergorthodox.de\/?page_id=1587"},"modified":"2024-03-06T20:52:06","modified_gmt":"2024-03-06T19:52:06","slug":"cerul-si-pamantul-6","status":"publish","type":"page","link":"https:\/\/www.bambergorthodox.de\/?page_id=1587","title":{"rendered":"Cerul \u0219i p\u0103m\u00e2ntul"},"content":{"rendered":"&#8221;Cerul \u015fi P\u0103m\u00e2ntul<br \/>\n\u00cen c\u00e2ntec r\u0103sun\u0103;<br \/>\n\u00cengeri \u015fi oameni<br \/>\nC\u00e2nt\u0103 \u00eempreun\u0103.<\/p>\n<p>Hristos Se na\u015fte!<br \/>\nDomnul coboar\u0103,<br \/>\nIngerii c\u00e2nt\u0103,<br \/>\nMagii \u00cel adoar\u0103.<br \/>\nP\u0103stori alearg\u0103,<br \/>\nIeslea o-nconjoar\u0103,<br \/>\nMari minuni se \u00eent\u00e2mplar\u0103.&#8221;<\/p>\n<p>Partitura, cor mixt (pdf): <a href=\"https:\/\/www.bambergorthodox.de\/wp-content\/uploads\/2024\/03\/Cerul-si-pamantul.pdf\">Cerul \u0219i p\u0103m\u00e2ntul<\/a><\/p>\n<p>Voci (mp3): <a href=\"https:\/\/www.bambergorthodox.de\/wp-content\/uploads\/2017\/01\/Cerul-si-pamantul-1.mp3\">sopran<\/a>, <a href=\"https:\/\/www.bambergorthodox.de\/wp-content\/uploads\/2017\/01\/Cerul-si-pamantul-2.mp3\">alto<\/a>, <a href=\"https:\/\/www.bambergorthodox.de\/wp-content\/uploads\/2017\/01\/Cerul-si-pamantul-3.mp3\">tenor<\/a>, <a href=\"https:\/\/www.bambergorthodox.de\/wp-content\/uploads\/2017\/01\/Cerul-si-pamantul-4.mp3\">bas<\/a>, <a href=\"https:\/\/www.bambergorthodox.de\/wp-content\/uploads\/2017\/01\/Cerul-si-pamantul.mp3\">cor mixt<\/a><\/p>\n<p>Surs\u0103 Lilypond (ly): <a href=\"https:\/\/www.bambergorthodox.de\/wp-content\/uploads\/2024\/03\/Cerul-si-pamantul.zip\">Cerul \u0219i p\u0103m\u00e2ntul<\/a>","protected":false},"excerpt":{"rendered":"<p>&#8221;Cerul \u015fi P\u0103m\u00e2ntul \u00cen c\u00e2ntec r\u0103sun\u0103; \u00cengeri \u015fi oameni C\u00e2nt\u0103 \u00eempreun\u0103. Hristos Se na\u015fte! Domnul coboar\u0103, Ingerii c\u00e2nt\u0103, Magii \u00cel adoar\u0103. P\u0103stori alearg\u0103, Ieslea o-nconjoar\u0103, Mari minuni se \u00eent\u00e2mplar\u0103.&#8221; Partitura, cor mixt (pdf): Cerul \u0219i p\u0103m\u00e2ntul Voci (mp3): sopran, alto, tenor, bas, cor mixt Surs\u0103 Lilypond (ly): Cerul \u0219i p\u0103m\u00e2ntul<\/p>\n","protected":false},"author":2,"featured_media":0,"parent":0,"menu_order":0,"comment_status":"closed","ping_status":"closed","template":"","meta":{"jetpack_post_was_ever_published":false,"footnotes":""},"class_list":["post-1587","page","type-page","status-publish"],"jetpack_sharing_enabled":true,"jetpack_shortlink":"https:\/\/wp.me\/P93ZOd-pB","_links":{"self":[{"href":"https:\/\/www.bambergorthodox.de\/index.php?rest_route=\/wp\/v2\/pages\/1587","targetHints":{"allow":["GET"]}}],"collection":[{"href":"https:\/\/www.bambergorthodox.de\/index.php?rest_route=\/wp\/v2\/pages"}],"about":[{"href":"https:\/\/www.bambergorthodox.de\/index.php?rest_route=\/wp\/v2\/types\/page"}],"author":[{"embeddable":true,"href":"https:\/\/www.bambergorthodox.de\/index.php?rest_route=\/wp\/v2\/users\/2"}],"replies":[{"embeddable":true,"href":"https:\/\/www.bambergorthodox.de\/index.php?rest_route=%2Fwp%2Fv2%2Fcomments&post=1587"}],"version-history":[{"count":3,"href":"https:\/\/www.bambergorthodox.de\/index.php?rest_route=\/wp\/v2\/pages\/1587\/revisions"}],"predecessor-version":[{"id":6781,"href":"https:\/\/www.bambergorthodox.de\/index.php?rest_route=\/wp\/v2\/pages\/1587\/revisions\/6781"}],"wp:attachment":[{"href":"https:\/\/www.bambergorthodox.de\/index.php?rest_route=%2Fwp%2Fv2%2Fmedia&parent=1587"}],"curies":[{"name":"wp","href":"https:\/\/api.w.org\/{rel}","templated":true}]}}

Cerul și pământul

&#8221;Cerul şi Pământul<br />
În cântec răsună;<br />
Îngeri şi oameni<br />
Cântă împreună.</p>
<p>Hristos Se naşte!<br />
Domnul coboară,<br />
Ingerii cântă,<br />
Magii Îl adoară.<br />
Păstori aleargă,<br />
Ieslea o-nconjoară,<br />
Mari minuni se întâmplară.&#8221;</p>
<p>Partitura, cor mixt (pdf): <a href="https://www.bambergorthodox.de/wp-content/uploads/2024/03/Cerul-si-pamantul.pdf">Cerul și pământul</a></p>
<p>Voci (mp3): <a href="https://www.bambergorthodox.de/wp-content/uploads/2017/01/Cerul-si-pamantul-1.mp3">sopran</a>, <a href="https://www.bambergorthodox.de/wp-content/uploads/2017/01/Cerul-si-pamantul-2.mp3">alto</a>, <a href="https://www.bambergorthodox.de/wp-content/uploads/2017/01/Cerul-si-pamantul-3.mp3">tenor</a>, <a href="https://www.bambergorthodox.de/wp-content/uploads/2017/01/Cerul-si-pamantul-4.mp3">bas</a>, <a href="https://www.bambergorthodox.de/wp-content/uploads/2017/01/Cerul-si-pamantul.mp3">cor mixt</a></p>
<p>Sursă Lilypond (ly): <a href="https://www.bambergorthodox.de/wp-content/uploads/2024/03/Cerul-si-pamantul.zip">Cerul și pământul</a>

<p>&#8221;Cerul şi Pământul În cântec răsună; Îngeri şi oameni Cântă împreună. Hristos Se naşte! Domnul coboară, Ingerii cântă, Magii Îl adoară. Păstori aleargă, Ieslea o-nconjoară, Mari minuni se întâmplară.&#8221; Partitura, cor mixt (pdf): Cerul și pământul Voci (mp3): sopran, alto, tenor, bas, cor mixt Sursă Lilypond (ly): Cerul și pământul</p>
