{"id":1566,"date":"2017-01-10T09:21:50","date_gmt":"2017-01-10T08:21:50","guid":{"rendered":"http:\/\/www.bambergorthodox.de\/?page_id=1566"},"modified":"2024-03-08T12:25:57","modified_gmt":"2024-03-08T11:25:57","slug":"vine-craciunu-pe-sara","status":"publish","type":"page","link":"https:\/\/www.bambergorthodox.de\/?page_id=1566","title":{"rendered":"Vine Cr\u0103ciunu&#8217; pe sar\u0103"},"content":{"rendered":"&#8221;Frunz\u0103 verde de s\u0103car\u0103,<br \/>\nVine Cr\u0103ciunu&#8217; pe sar\u0103&#8230;&#8221;<\/p>\n<p>Partitura, cor mixt (pdf): <a href=\"https:\/\/www.bambergorthodox.de\/wp-content\/uploads\/2024\/03\/Vine-Craciunu.pdf\">Vine Cr\u0103ciunu&#8217; pe sar\u0103<\/a><\/p>\n<p>Voci (mp3): <a href=\"https:\/\/www.bambergorthodox.de\/wp-content\/uploads\/2017\/01\/Vine-Craciunu-1.mp3\">sopran<\/a>, <a href=\"https:\/\/www.bambergorthodox.de\/wp-content\/uploads\/2017\/01\/Vine-Craciunu-2.mp3\">alto<\/a>, <a href=\"https:\/\/www.bambergorthodox.de\/wp-content\/uploads\/2017\/01\/Vine-Craciunu-3.mp3\">tenor<\/a>, <a href=\"https:\/\/www.bambergorthodox.de\/wp-content\/uploads\/2017\/01\/Vine-Craciunu-4.mp3\">bas<\/a>, <a href=\"https:\/\/www.bambergorthodox.de\/wp-content\/uploads\/2017\/01\/Vine-Craciunu.mp3\">cor mixt<\/a><\/p>\n<p>Surs\u0103 Lilypond (ly): <a href=\"https:\/\/www.bambergorthodox.de\/wp-content\/uploads\/2024\/03\/Vine-Craciunu.zip\">Vine Cr\u0103ciunu&#8217; pe sar\u0103<\/a>","protected":false},"excerpt":{"rendered":"<p>&#8221;Frunz\u0103 verde de s\u0103car\u0103, Vine Cr\u0103ciunu&#8217; pe sar\u0103&#8230;&#8221; Partitura, cor mixt (pdf): Vine Cr\u0103ciunu&#8217; pe sar\u0103 Voci (mp3): sopran, alto, tenor, bas, cor mixt Surs\u0103 Lilypond (ly): Vine Cr\u0103ciunu&#8217; pe sar\u0103<\/p>\n","protected":false},"author":2,"featured_media":0,"parent":0,"menu_order":0,"comment_status":"closed","ping_status":"closed","template":"","meta":{"jetpack_post_was_ever_published":false,"footnotes":""},"class_list":["post-1566","page","type-page","status-publish"],"jetpack_sharing_enabled":true,"jetpack_shortlink":"https:\/\/wp.me\/P93ZOd-pg","_links":{"self":[{"href":"https:\/\/www.bambergorthodox.de\/index.php?rest_route=\/wp\/v2\/pages\/1566","targetHints":{"allow":["GET"]}}],"collection":[{"href":"https:\/\/www.bambergorthodox.de\/index.php?rest_route=\/wp\/v2\/pages"}],"about":[{"href":"https:\/\/www.bambergorthodox.de\/index.php?rest_route=\/wp\/v2\/types\/page"}],"author":[{"embeddable":true,"href":"https:\/\/www.bambergorthodox.de\/index.php?rest_route=\/wp\/v2\/users\/2"}],"replies":[{"embeddable":true,"href":"https:\/\/www.bambergorthodox.de\/index.php?rest_route=%2Fwp%2Fv2%2Fcomments&post=1566"}],"version-history":[{"count":5,"href":"https:\/\/www.bambergorthodox.de\/index.php?rest_route=\/wp\/v2\/pages\/1566\/revisions"}],"predecessor-version":[{"id":6884,"href":"https:\/\/www.bambergorthodox.de\/index.php?rest_route=\/wp\/v2\/pages\/1566\/revisions\/6884"}],"wp:attachment":[{"href":"https:\/\/www.bambergorthodox.de\/index.php?rest_route=%2Fwp%2Fv2%2Fmedia&parent=1566"}],"curies":[{"name":"wp","href":"https:\/\/api.w.org\/{rel}","templated":true}]}}

Vine Crăciunu&#8217; pe sară

&#8221;Frunză verde de săcară,<br />
Vine Crăciunu&#8217; pe sară&#8230;&#8221;</p>
<p>Partitura, cor mixt (pdf): <a href="https://www.bambergorthodox.de/wp-content/uploads/2024/03/Vine-Craciunu.pdf">Vine Crăciunu&#8217; pe sară</a></p>
<p>Voci (mp3): <a href="https://www.bambergorthodox.de/wp-content/uploads/2017/01/Vine-Craciunu-1.mp3">sopran</a>, <a href="https://www.bambergorthodox.de/wp-content/uploads/2017/01/Vine-Craciunu-2.mp3">alto</a>, <a href="https://www.bambergorthodox.de/wp-content/uploads/2017/01/Vine-Craciunu-3.mp3">tenor</a>, <a href="https://www.bambergorthodox.de/wp-content/uploads/2017/01/Vine-Craciunu-4.mp3">bas</a>, <a href="https://www.bambergorthodox.de/wp-content/uploads/2017/01/Vine-Craciunu.mp3">cor mixt</a></p>
<p>Sursă Lilypond (ly): <a href="https://www.bambergorthodox.de/wp-content/uploads/2024/03/Vine-Craciunu.zip">Vine Crăciunu&#8217; pe sară</a>

<p>&#8221;Frunză verde de săcară, Vine Crăciunu&#8217; pe sară&#8230;&#8221; Partitura, cor mixt (pdf): Vine Crăciunu&#8217; pe sară Voci (mp3): sopran, alto, tenor, bas, cor mixt Sursă Lilypond (ly): Vine Crăciunu&#8217; pe sară</p>
