{"id":1256,"date":"2016-06-01T14:45:37","date_gmt":"2016-06-01T12:45:37","guid":{"rendered":"http:\/\/orthodoxe-kapelle.de\/?page_id=1256"},"modified":"2024-03-08T19:25:19","modified_gmt":"2024-03-08T18:25:19","slug":"cinei-tale-n-moldoveanu","status":"publish","type":"page","link":"https:\/\/www.bambergorthodox.de\/?page_id=1256","title":{"rendered":"Cinei Tale &#8211; N. Moldoveanu"},"content":{"rendered":"&#8221;Cinei Tale celei de tain\u0103, ast\u0103zi, Fiul lui Dumnezeu, p\u0103rta\u015f m\u0103 prime\u015fte, c\u0103 nu voi spune vr\u0103jma\u015filor T\u0103i taina Ta, nici s\u0103rutare \u00ce\u0163i voi da ca Iuda; ci ca t\u00e2lharul, m\u0103rturisindu-m\u0103, strig \u0162ie: &#8216;pomene\u015fte-m\u0103, Doamne, \u00eentru \u00cemp\u0103r\u0103\u0163ia Ta'&#8221;.<\/p>\n<p>Biserica \u00eenva\u021b\u0103 c\u0103 Jertfa nu este doar un semn, un simbol, ci un adev\u0103rat sacrificiu. Nu p\u00e2inea este jertfit\u0103, ci \u00censu\u0219i Trupul lui Hristos. Jertfa euharistic\u0103 nu este jertfirea s\u00e2ngeroas\u0103 a Mielului, ci jertf\u0103 nes\u00e2ngeroas\u0103, unde p\u00e2inea se preschimb\u0103 \u00een Mielul de jertf\u0103.<br \/>\nMomentele jertfei lui Hristos &#8211; \u00centruparea, Cina cea de Tain\u0103, R\u0103stignirea, \u00cenvierea \u0219i \u00cen\u0103l\u0163area Domnului sunt actualizate \u00een Euharistie, nu sunt repetate.<br \/>\n(sursa: https:\/\/ro.orthodoxwiki.org\/Euharistie)<\/p>\n<p>Partitura, cor mixt (pdf): <a href=\"https:\/\/www.bambergorthodox.de\/wp-content\/uploads\/2024\/03\/Cinei-Tale.pdf\">Cinei Tale<\/a><\/p>\n<p>Voci (mp3): <a href=\"https:\/\/www.bambergorthodox.de\/wp-content\/uploads\/2016\/11\/Cinei-Tale-1.mp3\">sopran<\/a>, <a href=\"https:\/\/www.bambergorthodox.de\/wp-content\/uploads\/2016\/11\/Cinei-Tale-2.mp3\">alto<\/a>, <a href=\"https:\/\/www.bambergorthodox.de\/wp-content\/uploads\/2016\/11\/Cinei-Tale-3.mp3\">tenor<\/a>, <a href=\"https:\/\/www.bambergorthodox.de\/wp-content\/uploads\/2016\/11\/Cinei-Tale-4.mp3\">bas<\/a>, <a href=\"https:\/\/www.bambergorthodox.de\/wp-content\/uploads\/2016\/11\/Cinei-Tale.mp3\">cor mixt<\/a><\/p>\n<p>Surs\u0103 Lilypond (ly): <a href=\"https:\/\/www.bambergorthodox.de\/wp-content\/uploads\/2024\/03\/Cinei-Tale.zip\">Cinei Tale<\/a>","protected":false},"excerpt":{"rendered":"<p>&#8221;Cinei Tale celei de tain\u0103, ast\u0103zi, Fiul lui Dumnezeu, p\u0103rta\u015f m\u0103 prime\u015fte, c\u0103 nu voi spune vr\u0103jma\u015filor T\u0103i taina Ta, nici s\u0103rutare \u00ce\u0163i voi da ca Iuda; ci ca t\u00e2lharul, m\u0103rturisindu-m\u0103, strig \u0162ie: &#8216;pomene\u015fte-m\u0103, Doamne, \u00eentru \u00cemp\u0103r\u0103\u0163ia Ta&#8217;&#8221;. Biserica \u00eenva\u021b\u0103 c\u0103 Jertfa nu este doar un semn, un simbol, ci un adev\u0103rat sacrificiu. Nu p\u00e2inea &#8230; <a class=\"read-more\" href=\"https:\/\/www.bambergorthodox.de\/?page_id=1256\">Read more&#8230;<\/a><\/p>\n","protected":false},"author":2,"featured_media":0,"parent":0,"menu_order":0,"comment_status":"closed","ping_status":"closed","template":"","meta":{"jetpack_post_was_ever_published":false,"footnotes":""},"class_list":["post-1256","page","type-page","status-publish"],"jetpack_sharing_enabled":true,"jetpack_shortlink":"https:\/\/wp.me\/P93ZOd-kg","_links":{"self":[{"href":"https:\/\/www.bambergorthodox.de\/index.php?rest_route=\/wp\/v2\/pages\/1256","targetHints":{"allow":["GET"]}}],"collection":[{"href":"https:\/\/www.bambergorthodox.de\/index.php?rest_route=\/wp\/v2\/pages"}],"about":[{"href":"https:\/\/www.bambergorthodox.de\/index.php?rest_route=\/wp\/v2\/types\/page"}],"author":[{"embeddable":true,"href":"https:\/\/www.bambergorthodox.de\/index.php?rest_route=\/wp\/v2\/users\/2"}],"replies":[{"embeddable":true,"href":"https:\/\/www.bambergorthodox.de\/index.php?rest_route=%2Fwp%2Fv2%2Fcomments&post=1256"}],"version-history":[{"count":4,"href":"https:\/\/www.bambergorthodox.de\/index.php?rest_route=\/wp\/v2\/pages\/1256\/revisions"}],"predecessor-version":[{"id":6944,"href":"https:\/\/www.bambergorthodox.de\/index.php?rest_route=\/wp\/v2\/pages\/1256\/revisions\/6944"}],"wp:attachment":[{"href":"https:\/\/www.bambergorthodox.de\/index.php?rest_route=%2Fwp%2Fv2%2Fmedia&parent=1256"}],"curies":[{"name":"wp","href":"https:\/\/api.w.org\/{rel}","templated":true}]}}