{"id":1239,"date":"2016-04-27T14:53:29","date_gmt":"2016-04-27T12:53:29","guid":{"rendered":"http:\/\/orthodoxe-kapelle.de\/?page_id=1163"},"modified":"2024-03-09T16:20:34","modified_gmt":"2024-03-09T15:20:34","slug":"ingerul-a-strigat-n-moldoveanu","status":"publish","type":"page","link":"https:\/\/www.bambergorthodox.de\/?page_id=1239","title":{"rendered":"\u00cengerul a strigat &#8211; N. Moldoveanu"},"content":{"rendered":"\u201d\u00cengerul a strigat c\u0103tre cea plin\u0103 de daruri: Curat\u0103 Fecioar\u0103, bucur\u0103-te; \u0219i iar\u0103\u0219i zic, bucur\u0103-te, c\u0103 Fiul t\u0103u a \u00eenviat a treia zi din morm\u00e2nt \u0219i pe mor\u021bi i-a \u00eenviat; veseli\u021bi-v\u0103, popoare.<br \/>\nLumineaz\u0103-te, lumineaz\u0103-te, noule Ierusalime, c\u0103 Slava Domnului peste tine a r\u0103s\u0103rit; salt\u0103 acum \u0219i te bucur\u0103, Sioane, iar tu, curat\u0103 N\u0103sc\u0103toare de Dumnezeu, vesele\u0219te-te \u00eentru \u00eenvierea Celui n\u0103scut al T\u0103u.\u201d (Irmos la \u00cenvierea Domnului)<\/p>\n<p>Partitura, cor mixt (pdf): <a href=\"https:\/\/www.bambergorthodox.de\/wp-content\/uploads\/2024\/03\/Ingerul-a-strigat.pdf\">\u00cengerul a strigat<\/a><\/p>\n<p>Voci (mp3): <a href=\"https:\/\/www.bambergorthodox.de\/wp-content\/uploads\/2016\/11\/Ingerul-a-strigat-1.mp3\">sopran<\/a>, <a href=\"https:\/\/www.bambergorthodox.de\/wp-content\/uploads\/2016\/11\/Ingerul-a-strigat-2.mp3\">alto<\/a>, <a href=\"https:\/\/www.bambergorthodox.de\/wp-content\/uploads\/2016\/11\/Ingerul-a-strigat-3.mp3\">tenor<\/a>, <a href=\"https:\/\/www.bambergorthodox.de\/wp-content\/uploads\/2016\/11\/Ingerul-a-strigat-4.mp3\">bas<\/a>, <a href=\"https:\/\/www.bambergorthodox.de\/wp-content\/uploads\/2016\/11\/Ingerul-a-strigat.mp3\">cor mixt<\/a><\/p>\n<p>Surs\u0103 Lilypond (ly): <a href=\"https:\/\/www.bambergorthodox.de\/wp-content\/uploads\/2024\/03\/Ingerul-a-strigat.zip\">\u00cengerul a strigat<\/a>","protected":false},"excerpt":{"rendered":"<p>\u201d\u00cengerul a strigat c\u0103tre cea plin\u0103 de daruri: Curat\u0103 Fecioar\u0103, bucur\u0103-te; \u0219i iar\u0103\u0219i zic, bucur\u0103-te, c\u0103 Fiul t\u0103u a \u00eenviat a treia zi din morm\u00e2nt \u0219i pe mor\u021bi i-a \u00eenviat; veseli\u021bi-v\u0103, popoare. Lumineaz\u0103-te, lumineaz\u0103-te, noule Ierusalime, c\u0103 Slava Domnului peste tine a r\u0103s\u0103rit; salt\u0103 acum \u0219i te bucur\u0103, Sioane, iar tu, curat\u0103 N\u0103sc\u0103toare de Dumnezeu, &#8230; <a class=\"read-more\" href=\"https:\/\/www.bambergorthodox.de\/?page_id=1239\">Read more&#8230;<\/a><\/p>\n","protected":false},"author":2,"featured_media":0,"parent":0,"menu_order":0,"comment_status":"closed","ping_status":"closed","template":"","meta":{"jetpack_post_was_ever_published":false,"footnotes":""},"class_list":["post-1239","page","type-page","status-publish"],"jetpack_sharing_enabled":true,"jetpack_shortlink":"https:\/\/wp.me\/P93ZOd-jZ","_links":{"self":[{"href":"https:\/\/www.bambergorthodox.de\/index.php?rest_route=\/wp\/v2\/pages\/1239","targetHints":{"allow":["GET"]}}],"collection":[{"href":"https:\/\/www.bambergorthodox.de\/index.php?rest_route=\/wp\/v2\/pages"}],"about":[{"href":"https:\/\/www.bambergorthodox.de\/index.php?rest_route=\/wp\/v2\/types\/page"}],"author":[{"embeddable":true,"href":"https:\/\/www.bambergorthodox.de\/index.php?rest_route=\/wp\/v2\/users\/2"}],"replies":[{"embeddable":true,"href":"https:\/\/www.bambergorthodox.de\/index.php?rest_route=%2Fwp%2Fv2%2Fcomments&post=1239"}],"version-history":[{"count":3,"href":"https:\/\/www.bambergorthodox.de\/index.php?rest_route=\/wp\/v2\/pages\/1239\/revisions"}],"predecessor-version":[{"id":6995,"href":"https:\/\/www.bambergorthodox.de\/index.php?rest_route=\/wp\/v2\/pages\/1239\/revisions\/6995"}],"wp:attachment":[{"href":"https:\/\/www.bambergorthodox.de\/index.php?rest_route=%2Fwp%2Fv2%2Fmedia&parent=1239"}],"curies":[{"name":"wp","href":"https:\/\/api.w.org\/{rel}","templated":true}]}}

Îngerul a strigat &#8211; N. Moldoveanu

”Îngerul a strigat către cea plină de daruri: Curată Fecioară, bucură-te; și iarăși zic, bucură-te, că Fiul tău a înviat a treia zi din mormânt și pe morți i-a înviat; veseliți-vă, popoare.<br />
Luminează-te, luminează-te, noule Ierusalime, că Slava Domnului peste tine a răsărit; saltă acum și te bucură, Sioane, iar tu, curată Născătoare de Dumnezeu, veselește-te întru învierea Celui născut al Tău.” (Irmos la Învierea Domnului)</p>
<p>Partitura, cor mixt (pdf): <a href="https://www.bambergorthodox.de/wp-content/uploads/2024/03/Ingerul-a-strigat.pdf">Îngerul a strigat</a></p>
<p>Voci (mp3): <a href="https://www.bambergorthodox.de/wp-content/uploads/2016/11/Ingerul-a-strigat-1.mp3">sopran</a>, <a href="https://www.bambergorthodox.de/wp-content/uploads/2016/11/Ingerul-a-strigat-2.mp3">alto</a>, <a href="https://www.bambergorthodox.de/wp-content/uploads/2016/11/Ingerul-a-strigat-3.mp3">tenor</a>, <a href="https://www.bambergorthodox.de/wp-content/uploads/2016/11/Ingerul-a-strigat-4.mp3">bas</a>, <a href="https://www.bambergorthodox.de/wp-content/uploads/2016/11/Ingerul-a-strigat.mp3">cor mixt</a></p>
<p>Sursă Lilypond (ly): <a href="https://www.bambergorthodox.de/wp-content/uploads/2024/03/Ingerul-a-strigat.zip">Îngerul a strigat</a>

<p>”Îngerul a strigat către cea plină de daruri: Curată Fecioară, bucură-te; și iarăși zic, bucură-te, că Fiul tău a înviat a treia zi din mormânt și pe morți i-a înviat; veseliți-vă, popoare. Luminează-te, luminează-te, noule Ierusalime, că Slava Domnului peste tine a răsărit; saltă acum și te bucură, Sioane, iar tu, curată Născătoare de Dumnezeu, &#8230; <a class="read-more" href="https://www.bambergorthodox.de/?page_id=1239">Read more&#8230;</a></p>
