{"id":1238,"date":"2016-04-22T12:16:46","date_gmt":"2016-04-22T10:16:46","guid":{"rendered":"http:\/\/orthodoxe-kapelle.de\/?page_id=1150"},"modified":"2024-03-14T10:36:13","modified_gmt":"2024-03-14T09:36:13","slug":"tatal-nostru-a-pann","status":"publish","type":"page","link":"https:\/\/www.bambergorthodox.de\/?page_id=1238","title":{"rendered":"Tat\u0103l nostru &#8211; A. Pann"},"content":{"rendered":"&#8221;Tat\u0103l nostru care e\u0219ti \u00een ceruri,<br \/>\nSfin\u021beasc\u0103-se numele T\u0103u,<br \/>\nVie \u00eemp\u0103r\u0103\u021bia Ta, fac\u0103-se voia Ta,<br \/>\nprecum \u00een cer \u0219i pe p\u0103m\u00e2nt.<br \/>\nP\u00e2inea noastr\u0103 cea spre fiin\u021b\u0103 d\u0103-ne-o nou\u0103 ast\u0103zi.<br \/>\n\u0218i ne iart\u0103 nou\u0103 gre\u0219alele noastre, precum \u0219i noi iert\u0103m gre\u0219i\u021bilor no\u0219tri.<br \/>\n\u0218i nu ne duce pe noi \u00een ispit\u0103, ci ne izb\u0103ve\u0219te de cel viclean.&#8221;<\/p>\n<p>Partitura, cor mixt (pdf): <a href=\"https:\/\/www.bambergorthodox.de\/wp-content\/uploads\/2024\/03\/Tatal-nostru-Pann.pdf\">Tat\u0103l nostru &#8211; A. Pann<\/a><\/p>\n<p>Voci (mp3): <a href=\"https:\/\/www.bambergorthodox.de\/wp-content\/uploads\/2016\/11\/Tatal-nostru-Pann-1.mp3\">sopran<\/a>, <a href=\"https:\/\/www.bambergorthodox.de\/wp-content\/uploads\/2016\/11\/Tatal-nostru-Pann-2.mp3\">alto<\/a>, <a href=\"https:\/\/www.bambergorthodox.de\/wp-content\/uploads\/2016\/11\/Tatal-nostru-Pann-3.mp3\">tenor<\/a>, <a href=\"https:\/\/www.bambergorthodox.de\/wp-content\/uploads\/2016\/11\/Tatal-nostru-Pann-4.mp3\">bas<\/a>, <a href=\"https:\/\/www.bambergorthodox.de\/wp-content\/uploads\/2016\/11\/Tatal-nostru-Pann.mp3\">cor mixt<\/a><\/p>\n<p>Surs\u0103 Lilypond (ly): <a href=\"https:\/\/www.bambergorthodox.de\/wp-content\/uploads\/2024\/03\/Tatal-nostru-Pann.zip\">Tat\u0103l nostru &#8211; A. Pann<\/a>","protected":false},"excerpt":{"rendered":"<p>&#8221;Tat\u0103l nostru care e\u0219ti \u00een ceruri, Sfin\u021beasc\u0103-se numele T\u0103u, Vie \u00eemp\u0103r\u0103\u021bia Ta, fac\u0103-se voia Ta, precum \u00een cer \u0219i pe p\u0103m\u00e2nt. P\u00e2inea noastr\u0103 cea spre fiin\u021b\u0103 d\u0103-ne-o nou\u0103 ast\u0103zi. \u0218i ne iart\u0103 nou\u0103 gre\u0219alele noastre, precum \u0219i noi iert\u0103m gre\u0219i\u021bilor no\u0219tri. \u0218i nu ne duce pe noi \u00een ispit\u0103, ci ne izb\u0103ve\u0219te de cel viclean.&#8221; &#8230; <a class=\"read-more\" href=\"https:\/\/www.bambergorthodox.de\/?page_id=1238\">Read more&#8230;<\/a><\/p>\n","protected":false},"author":2,"featured_media":0,"parent":0,"menu_order":0,"comment_status":"closed","ping_status":"closed","template":"","meta":{"jetpack_post_was_ever_published":false,"footnotes":""},"class_list":["post-1238","page","type-page","status-publish"],"jetpack_sharing_enabled":true,"jetpack_shortlink":"https:\/\/wp.me\/P93ZOd-jY","_links":{"self":[{"href":"https:\/\/www.bambergorthodox.de\/index.php?rest_route=\/wp\/v2\/pages\/1238","targetHints":{"allow":["GET"]}}],"collection":[{"href":"https:\/\/www.bambergorthodox.de\/index.php?rest_route=\/wp\/v2\/pages"}],"about":[{"href":"https:\/\/www.bambergorthodox.de\/index.php?rest_route=\/wp\/v2\/types\/page"}],"author":[{"embeddable":true,"href":"https:\/\/www.bambergorthodox.de\/index.php?rest_route=\/wp\/v2\/users\/2"}],"replies":[{"embeddable":true,"href":"https:\/\/www.bambergorthodox.de\/index.php?rest_route=%2Fwp%2Fv2%2Fcomments&post=1238"}],"version-history":[{"count":3,"href":"https:\/\/www.bambergorthodox.de\/index.php?rest_route=\/wp\/v2\/pages\/1238\/revisions"}],"predecessor-version":[{"id":7053,"href":"https:\/\/www.bambergorthodox.de\/index.php?rest_route=\/wp\/v2\/pages\/1238\/revisions\/7053"}],"wp:attachment":[{"href":"https:\/\/www.bambergorthodox.de\/index.php?rest_route=%2Fwp%2Fv2%2Fmedia&parent=1238"}],"curies":[{"name":"wp","href":"https:\/\/api.w.org\/{rel}","templated":true}]}}

Tatăl nostru &#8211; A. Pann

&#8221;Tatăl nostru care ești în ceruri,<br />
Sfințească-se numele Tău,<br />
Vie împărăția Ta, facă-se voia Ta,<br />
precum în cer și pe pământ.<br />
Pâinea noastră cea spre ființă dă-ne-o nouă astăzi.<br />
Și ne iartă nouă greșalele noastre, precum și noi iertăm greșiților noștri.<br />
Și nu ne duce pe noi în ispită, ci ne izbăvește de cel viclean.&#8221;</p>
<p>Partitura, cor mixt (pdf): <a href="https://www.bambergorthodox.de/wp-content/uploads/2024/03/Tatal-nostru-Pann.pdf">Tatăl nostru &#8211; A. Pann</a></p>
<p>Voci (mp3): <a href="https://www.bambergorthodox.de/wp-content/uploads/2016/11/Tatal-nostru-Pann-1.mp3">sopran</a>, <a href="https://www.bambergorthodox.de/wp-content/uploads/2016/11/Tatal-nostru-Pann-2.mp3">alto</a>, <a href="https://www.bambergorthodox.de/wp-content/uploads/2016/11/Tatal-nostru-Pann-3.mp3">tenor</a>, <a href="https://www.bambergorthodox.de/wp-content/uploads/2016/11/Tatal-nostru-Pann-4.mp3">bas</a>, <a href="https://www.bambergorthodox.de/wp-content/uploads/2016/11/Tatal-nostru-Pann.mp3">cor mixt</a></p>
<p>Sursă Lilypond (ly): <a href="https://www.bambergorthodox.de/wp-content/uploads/2024/03/Tatal-nostru-Pann.zip">Tatăl nostru &#8211; A. Pann</a>

<p>&#8221;Tatăl nostru care ești în ceruri, Sfințească-se numele Tău, Vie împărăția Ta, facă-se voia Ta, precum în cer și pe pământ. Pâinea noastră cea spre ființă dă-ne-o nouă astăzi. Și ne iartă nouă greșalele noastre, precum și noi iertăm greșiților noștri. Și nu ne duce pe noi în ispită, ci ne izbăvește de cel viclean.&#8221; &#8230; <a class="read-more" href="https://www.bambergorthodox.de/?page_id=1238">Read more&#8230;</a></p>
