{"id":1234,"date":"2016-03-23T11:32:43","date_gmt":"2016-03-23T10:32:43","guid":{"rendered":"http:\/\/orthodoxe-kapelle.de\/?page_id=1097"},"modified":"2024-03-08T13:56:30","modified_gmt":"2024-03-08T12:56:30","slug":"iata-mirele-vine","status":"publish","type":"page","link":"https:\/\/www.bambergorthodox.de\/?page_id=1234","title":{"rendered":"Iat\u0103, Mirele vine"},"content":{"rendered":"&#8221;Iat\u0103, Mirele vine \u00een miezul nop\u021bii<br \/>\n\u0218i fericit\u0103 e sluga pe care o va afla priveghind<br \/>\nIar nevrednic\u0103-i aceea<br \/>\nPe care o va afla lenevindu-se.<br \/>\nVezi, dar, suflete al meu,<br \/>\nCu somnul sa nu te \u00eengreuiezi<br \/>\nCa s\u0103 nu te dai mor\u021bii<br \/>\n\u0218i afar\u0103 de \u00cemp\u0103ra\u021bie s\u0103 te \u00eencui<br \/>\nCi te de\u0219teapt\u0103, strig\u00e2nd:<br \/>\nSf\u00e2nt, Sf\u00e2nt, Sf\u00e2nt<br \/>\nE\u0219ti Dumnezeul nostru,<br \/>\nPentru Rug\u0103ciunile N\u0103sc\u0103toarei de Dumnezeu<br \/>\nMiluie\u0219te-ne pe noi!&#8221;<\/p>\n<p>Partitura, cor mixt (pdf): <a href=\"https:\/\/www.bambergorthodox.de\/wp-content\/uploads\/2024\/03\/Iata-mirele.pdf\">Iat\u0103, Mirele<\/a><\/p>\n<p>Voci (mp3): <a href=\"https:\/\/www.bambergorthodox.de\/wp-content\/uploads\/2016\/11\/Iata-mirele-1.mp3\">sopran<\/a>, <a href=\"https:\/\/www.bambergorthodox.de\/wp-content\/uploads\/2016\/11\/Iata-mirele-2.mp3\">alto<\/a>, <a href=\"https:\/\/www.bambergorthodox.de\/wp-content\/uploads\/2016\/11\/Iata-mirele-3.mp3\">tenor<\/a>, <a href=\"https:\/\/www.bambergorthodox.de\/wp-content\/uploads\/2016\/11\/Iata-mirele-4.mp3\">bas<\/a>, <a href=\"https:\/\/www.bambergorthodox.de\/wp-content\/uploads\/2016\/11\/Iata-mirele.mp3\">cor mixt<\/a><\/p>\n<p>Surs\u0103 Lilypond (ly): <a href=\"https:\/\/www.bambergorthodox.de\/wp-content\/uploads\/2024\/03\/Iata-mirele.zip\">Iat\u0103, Mirele<\/a>","protected":false},"excerpt":{"rendered":"<p>&#8221;Iat\u0103, Mirele vine \u00een miezul nop\u021bii \u0218i fericit\u0103 e sluga pe care o va afla priveghind Iar nevrednic\u0103-i aceea Pe care o va afla lenevindu-se. Vezi, dar, suflete al meu, Cu somnul sa nu te \u00eengreuiezi Ca s\u0103 nu te dai mor\u021bii \u0218i afar\u0103 de \u00cemp\u0103ra\u021bie s\u0103 te \u00eencui Ci te de\u0219teapt\u0103, strig\u00e2nd: Sf\u00e2nt, Sf\u00e2nt, &#8230; <a class=\"read-more\" href=\"https:\/\/www.bambergorthodox.de\/?page_id=1234\">Read more&#8230;<\/a><\/p>\n","protected":false},"author":2,"featured_media":0,"parent":0,"menu_order":0,"comment_status":"open","ping_status":"closed","template":"","meta":{"jetpack_post_was_ever_published":false,"footnotes":""},"class_list":["post-1234","page","type-page","status-publish"],"jetpack_sharing_enabled":true,"jetpack_shortlink":"https:\/\/wp.me\/P93ZOd-jU","_links":{"self":[{"href":"https:\/\/www.bambergorthodox.de\/index.php?rest_route=\/wp\/v2\/pages\/1234","targetHints":{"allow":["GET"]}}],"collection":[{"href":"https:\/\/www.bambergorthodox.de\/index.php?rest_route=\/wp\/v2\/pages"}],"about":[{"href":"https:\/\/www.bambergorthodox.de\/index.php?rest_route=\/wp\/v2\/types\/page"}],"author":[{"embeddable":true,"href":"https:\/\/www.bambergorthodox.de\/index.php?rest_route=\/wp\/v2\/users\/2"}],"replies":[{"embeddable":true,"href":"https:\/\/www.bambergorthodox.de\/index.php?rest_route=%2Fwp%2Fv2%2Fcomments&post=1234"}],"version-history":[{"count":5,"href":"https:\/\/www.bambergorthodox.de\/index.php?rest_route=\/wp\/v2\/pages\/1234\/revisions"}],"predecessor-version":[{"id":6893,"href":"https:\/\/www.bambergorthodox.de\/index.php?rest_route=\/wp\/v2\/pages\/1234\/revisions\/6893"}],"wp:attachment":[{"href":"https:\/\/www.bambergorthodox.de\/index.php?rest_route=%2Fwp%2Fv2%2Fmedia&parent=1234"}],"curies":[{"name":"wp","href":"https:\/\/api.w.org\/{rel}","templated":true}]}}

Iată, Mirele vine

&#8221;Iată, Mirele vine în miezul nopții<br />
Și fericită e sluga pe care o va afla priveghind<br />
Iar nevrednică-i aceea<br />
Pe care o va afla lenevindu-se.<br />
Vezi, dar, suflete al meu,<br />
Cu somnul sa nu te îngreuiezi<br />
Ca să nu te dai morții<br />
Și afară de Împărație să te încui<br />
Ci te deșteaptă, strigând:<br />
Sfânt, Sfânt, Sfânt<br />
Ești Dumnezeul nostru,<br />
Pentru Rugăciunile Născătoarei de Dumnezeu<br />
Miluiește-ne pe noi!&#8221;</p>
<p>Partitura, cor mixt (pdf): <a href="https://www.bambergorthodox.de/wp-content/uploads/2024/03/Iata-mirele.pdf">Iată, Mirele</a></p>
<p>Voci (mp3): <a href="https://www.bambergorthodox.de/wp-content/uploads/2016/11/Iata-mirele-1.mp3">sopran</a>, <a href="https://www.bambergorthodox.de/wp-content/uploads/2016/11/Iata-mirele-2.mp3">alto</a>, <a href="https://www.bambergorthodox.de/wp-content/uploads/2016/11/Iata-mirele-3.mp3">tenor</a>, <a href="https://www.bambergorthodox.de/wp-content/uploads/2016/11/Iata-mirele-4.mp3">bas</a>, <a href="https://www.bambergorthodox.de/wp-content/uploads/2016/11/Iata-mirele.mp3">cor mixt</a></p>
<p>Sursă Lilypond (ly): <a href="https://www.bambergorthodox.de/wp-content/uploads/2024/03/Iata-mirele.zip">Iată, Mirele</a>

<p>&#8221;Iată, Mirele vine în miezul nopții Și fericită e sluga pe care o va afla priveghind Iar nevrednică-i aceea Pe care o va afla lenevindu-se. Vezi, dar, suflete al meu, Cu somnul sa nu te îngreuiezi Ca să nu te dai morții Și afară de Împărație să te încui Ci te deșteaptă, strigând: Sfânt, Sfânt, &#8230; <a class="read-more" href="https://www.bambergorthodox.de/?page_id=1234">Read more&#8230;</a></p>
