{"id":1230,"date":"2015-12-21T14:50:21","date_gmt":"2015-12-21T13:50:21","guid":{"rendered":"http:\/\/orthodoxe-kapelle.de\/?page_id=1023"},"modified":"2024-03-14T08:43:31","modified_gmt":"2024-03-14T07:43:31","slug":"sub-milostivirea-ta","status":"publish","type":"page","link":"https:\/\/www.bambergorthodox.de\/?page_id=1230","title":{"rendered":"Sub milostivirea ta"},"content":{"rendered":"\u00cen r\u00e2nduiala Vecerniei \u00eent\u00e2lnim cel mai vechi imn liturgic \u00eenchinat Maicii Domnului, &#8222;Sub milostivirea ta\u201d (greac\u0103: \u1f59\u03c0\u1f78 \u03c4\u1f74\u03bd \u03c3\u1f74\u03bd \u03b5\u1f50\u03c3\u03c0\u03bb\u03b1\u03b3\u03c7\u03bd\u03af\u03b1\u03bd; latin\u0103: Sub tuum praesidium):<br \/>\n&#8222;Sub milostivirea ta sc\u0103p\u0103m, N\u0103sc\u0103toare de Dumnezeu. Rug\u0103ciunile noastre nu le trece cu vederea \u00een nevoi, ci din primejdii ne izb\u0103ve\u0219te pe noi, una curat\u0103, una binecuv\u00e2ntat\u0103&#8221;.<br \/>\nAceast\u0103 rug\u0103ciune se reg\u0103se\u0219te at\u00e2t \u00een riturile liturgice r\u0103s\u0103ritene, c\u00e2t \u0219i apusene. Cea mai veche form\u0103 e scris\u0103 \u00een limba greac\u0103 \u0219i e folosit\u0103 \u00een cadrul slujbelor din perioada Cr\u0103ciunului de catre cre\u0219tinii cop\u021bi. Dateaz\u0103 din anul 250.<br \/>\n(Afl\u0103 mai multe <a href=\"http:\/\/www.crestinortodox.ro\/liturgica\/cantarea\/cel-vechi-inchinat-maicii-domnului-135040.html\">aici<\/a>.)<\/p>\n<p>Mare mi-a fost bucuria c\u00e2nd am g\u0103sit acest imn at\u00e2t de drag tocmai pe \u021b\u0103rmul italian al Adriaticii, la Caorle, \u00eentr-o capel\u0103 aflat\u0103 la cap\u0103tul digului, \u00een b\u0103taia valurilor&#8230; \u201dSotto la tua protezione cerchiamo rifugio, Santa Madre di Dio: non disprezzare le suppliche di noi che siamo nella prova, e liberaci da ogni pericolo, o, Vergine gloriosa e benedetta.\u201d<\/p>\n<p>Partitura, cor mixt (pdf): <a href=\"https:\/\/www.bambergorthodox.de\/wp-content\/uploads\/2024\/02\/Sub-milostivirea-ta.pdf\">Sub milostivirea ta<\/a><\/p>\n<p>Voci (mp3): <a href=\"https:\/\/www.bambergorthodox.de\/wp-content\/uploads\/2016\/11\/Sub-milostivirea-ta-1.mp3\">sopran<\/a>, <a href=\"https:\/\/www.bambergorthodox.de\/wp-content\/uploads\/2016\/11\/Sub-milostivirea-ta-2.mp3\">alto<\/a>, <a href=\"https:\/\/www.bambergorthodox.de\/wp-content\/uploads\/2016\/11\/Sub-milostivirea-ta-3.mp3\">tenor<\/a>, <a href=\"https:\/\/www.bambergorthodox.de\/wp-content\/uploads\/2016\/11\/Sub-milostivirea-ta-4.mp3\">bas<\/a>, <a href=\"https:\/\/www.bambergorthodox.de\/wp-content\/uploads\/2016\/11\/Sub-milostivirea-ta.mp3\">cor mixt<\/a><\/p>\n<p>Surs\u0103 Lilypond (ly): <a href=\"https:\/\/www.bambergorthodox.de\/wp-content\/uploads\/2024\/02\/Sub-milostivirea-ta.zip\">Sub milostivirea ta<\/a>","protected":false},"excerpt":{"rendered":"<p>\u00cen r\u00e2nduiala Vecerniei \u00eent\u00e2lnim cel mai vechi imn liturgic \u00eenchinat Maicii Domnului, &#8222;Sub milostivirea ta\u201d (greac\u0103: \u1f59\u03c0\u1f78 \u03c4\u1f74\u03bd \u03c3\u1f74\u03bd \u03b5\u1f50\u03c3\u03c0\u03bb\u03b1\u03b3\u03c7\u03bd\u03af\u03b1\u03bd; latin\u0103: Sub tuum praesidium): &#8222;Sub milostivirea ta sc\u0103p\u0103m, N\u0103sc\u0103toare de Dumnezeu. Rug\u0103ciunile noastre nu le trece cu vederea \u00een nevoi, ci din primejdii ne izb\u0103ve\u0219te pe noi, una curat\u0103, una binecuv\u00e2ntat\u0103&#8221;. Aceast\u0103 rug\u0103ciune se reg\u0103se\u0219te &#8230; <a class=\"read-more\" href=\"https:\/\/www.bambergorthodox.de\/?page_id=1230\">Read more&#8230;<\/a><\/p>\n","protected":false},"author":2,"featured_media":0,"parent":0,"menu_order":0,"comment_status":"open","ping_status":"closed","template":"","meta":{"jetpack_post_was_ever_published":false,"footnotes":""},"class_list":["post-1230","page","type-page","status-publish"],"jetpack_sharing_enabled":true,"jetpack_shortlink":"https:\/\/wp.me\/P93ZOd-jQ","_links":{"self":[{"href":"https:\/\/www.bambergorthodox.de\/index.php?rest_route=\/wp\/v2\/pages\/1230","targetHints":{"allow":["GET"]}}],"collection":[{"href":"https:\/\/www.bambergorthodox.de\/index.php?rest_route=\/wp\/v2\/pages"}],"about":[{"href":"https:\/\/www.bambergorthodox.de\/index.php?rest_route=\/wp\/v2\/types\/page"}],"author":[{"embeddable":true,"href":"https:\/\/www.bambergorthodox.de\/index.php?rest_route=\/wp\/v2\/users\/2"}],"replies":[{"embeddable":true,"href":"https:\/\/www.bambergorthodox.de\/index.php?rest_route=%2Fwp%2Fv2%2Fcomments&post=1230"}],"version-history":[{"count":3,"href":"https:\/\/www.bambergorthodox.de\/index.php?rest_route=\/wp\/v2\/pages\/1230\/revisions"}],"predecessor-version":[{"id":7038,"href":"https:\/\/www.bambergorthodox.de\/index.php?rest_route=\/wp\/v2\/pages\/1230\/revisions\/7038"}],"wp:attachment":[{"href":"https:\/\/www.bambergorthodox.de\/index.php?rest_route=%2Fwp%2Fv2%2Fmedia&parent=1230"}],"curies":[{"name":"wp","href":"https:\/\/api.w.org\/{rel}","templated":true}]}}

În rânduiala Vecerniei întâlnim cel mai vechi imn liturgic închinat Maicii Domnului, &#8222;Sub milostivirea ta” (greacă: Ὑπὸ τὴν σὴν εὐσπλαγχνίαν; latină: Sub tuum praesidium):<br />
&#8222;Sub milostivirea ta scăpăm, Născătoare de Dumnezeu. Rugăciunile noastre nu le trece cu vederea în nevoi, ci din primejdii ne izbăvește pe noi, una curată, una binecuvântată&#8221;.<br />
Această rugăciune se regăsește atât în riturile liturgice răsăritene, cât și apusene. Cea mai veche formă e scrisă în limba greacă și e folosită în cadrul slujbelor din perioada Crăciunului de catre creștinii copți. Datează din anul 250.<br />
(Află mai multe <a href="http://www.crestinortodox.ro/liturgica/cantarea/cel-vechi-inchinat-maicii-domnului-135040.html">aici</a>.)</p>
<p>Mare mi-a fost bucuria când am găsit acest imn atât de drag tocmai pe țărmul italian al Adriaticii, la Caorle, într-o capelă aflată la capătul digului, în bătaia valurilor&#8230; ”Sotto la tua protezione cerchiamo rifugio, Santa Madre di Dio: non disprezzare le suppliche di noi che siamo nella prova, e liberaci da ogni pericolo, o, Vergine gloriosa e benedetta.”</p>
<p>Partitura, cor mixt (pdf): <a href="https://www.bambergorthodox.de/wp-content/uploads/2024/02/Sub-milostivirea-ta.pdf">Sub milostivirea ta</a></p>
<p>Voci (mp3): <a href="https://www.bambergorthodox.de/wp-content/uploads/2016/11/Sub-milostivirea-ta-1.mp3">sopran</a>, <a href="https://www.bambergorthodox.de/wp-content/uploads/2016/11/Sub-milostivirea-ta-2.mp3">alto</a>, <a href="https://www.bambergorthodox.de/wp-content/uploads/2016/11/Sub-milostivirea-ta-3.mp3">tenor</a>, <a href="https://www.bambergorthodox.de/wp-content/uploads/2016/11/Sub-milostivirea-ta-4.mp3">bas</a>, <a href="https://www.bambergorthodox.de/wp-content/uploads/2016/11/Sub-milostivirea-ta.mp3">cor mixt</a></p>
<p>Sursă Lilypond (ly): <a href="https://www.bambergorthodox.de/wp-content/uploads/2024/02/Sub-milostivirea-ta.zip">Sub milostivirea ta</a>

<p>În rânduiala Vecerniei întâlnim cel mai vechi imn liturgic închinat Maicii Domnului, &#8222;Sub milostivirea ta” (greacă: Ὑπὸ τὴν σὴν εὐσπλαγχνίαν; latină: Sub tuum praesidium): &#8222;Sub milostivirea ta scăpăm, Născătoare de Dumnezeu. Rugăciunile noastre nu le trece cu vederea în nevoi, ci din primejdii ne izbăvește pe noi, una curată, una binecuvântată&#8221;. Această rugăciune se regăsește &#8230; <a class="read-more" href="https://www.bambergorthodox.de/?page_id=1230">Read more&#8230;</a></p>
