{"id":1223,"date":"2014-04-01T10:37:13","date_gmt":"2014-04-01T08:37:13","guid":{"rendered":"http:\/\/orthodoxe-kapelle.de\/?page_id=904"},"modified":"2024-03-08T13:42:07","modified_gmt":"2024-03-08T12:42:07","slug":"acestea-zice-domnul-8","status":"publish","type":"page","link":"https:\/\/www.bambergorthodox.de\/?page_id=1223","title":{"rendered":"Acestea zice Domnul"},"content":{"rendered":"&#8221;Acestea zice Domnul c\u0103tre iudei: Poporul Meu, ce am f\u0103cut vou\u0103? Sau cu ce v-am sup\u0103rat pe voi? Pe orbii vo\u015ftri i-am luminat, pe cei lepro\u015fi i-am cur\u0103\u0163it, pe b\u0103rbatul cel ce era \u00een pat l-am \u00eendreptat.<br \/>\nPoporul Meu, ce am f\u0103cut vou\u0103? \u015ei cu ce mi-a\u0163i r\u0103spl\u0103tit Mie? \u00cen loc de man\u0103, cu fiere; \u00een loc de ap\u0103, cu o\u0163et; \u015fi \u00een loc a M\u0103 iubi, pe Cruce M-a\u0163i pironit.<br \/>\nChema-Voi neamurile Mele, \u015fi acelea M\u0103 vor pream\u0103ri \u00eempreun\u0103 cu Tat\u0103l \u015fi cu Duhul Sf\u00e2nt.&#8221;<\/p>\n<p>Partitura, cor mixt (pdf): <a href=\"https:\/\/www.bambergorthodox.de\/wp-content\/uploads\/2024\/03\/Acestea-zice-Domnul.pdf\">Acestea zice Domnul<\/a><\/p>\n<p>Voci (mp3): <a href=\"https:\/\/www.bambergorthodox.de\/wp-content\/uploads\/2016\/11\/Acestea-zice-Domnul-1.mp3\">solo tenor<\/a>, <a href=\"https:\/\/www.bambergorthodox.de\/wp-content\/uploads\/2016\/11\/Acestea-zice-Domnul-2.mp3\">sopran<\/a>, <a href=\"https:\/\/www.bambergorthodox.de\/wp-content\/uploads\/2016\/11\/Acestea-zice-Domnul-3.mp3\">alto<\/a>, <a href=\"https:\/\/www.bambergorthodox.de\/wp-content\/uploads\/2016\/11\/Acestea-zice-Domnul-4.mp3\">tenor<\/a>, <a href=\"https:\/\/www.bambergorthodox.de\/wp-content\/uploads\/2016\/11\/Acestea-zice-Domnul-5.mp3\">bas<\/a>, <a href=\"https:\/\/www.bambergorthodox.de\/wp-content\/uploads\/2016\/11\/Acestea-zice-Domnul.mp3\">cor mixt<\/a><\/p>\n<p>Surs\u0103 Lilypond (ly): <a href=\"https:\/\/www.bambergorthodox.de\/wp-content\/uploads\/2024\/03\/Acestea-zice-Domnul.zip\">Acestea zice Domnul<\/a>","protected":false},"excerpt":{"rendered":"<p>&#8221;Acestea zice Domnul c\u0103tre iudei: Poporul Meu, ce am f\u0103cut vou\u0103? Sau cu ce v-am sup\u0103rat pe voi? Pe orbii vo\u015ftri i-am luminat, pe cei lepro\u015fi i-am cur\u0103\u0163it, pe b\u0103rbatul cel ce era \u00een pat l-am \u00eendreptat. Poporul Meu, ce am f\u0103cut vou\u0103? \u015ei cu ce mi-a\u0163i r\u0103spl\u0103tit Mie? \u00cen loc de man\u0103, cu fiere; &#8230; <a class=\"read-more\" href=\"https:\/\/www.bambergorthodox.de\/?page_id=1223\">Read more&#8230;<\/a><\/p>\n","protected":false},"author":2,"featured_media":0,"parent":0,"menu_order":0,"comment_status":"open","ping_status":"closed","template":"","meta":{"jetpack_post_was_ever_published":false,"footnotes":""},"class_list":["post-1223","page","type-page","status-publish"],"jetpack_sharing_enabled":true,"jetpack_shortlink":"https:\/\/wp.me\/P93ZOd-jJ","_links":{"self":[{"href":"https:\/\/www.bambergorthodox.de\/index.php?rest_route=\/wp\/v2\/pages\/1223","targetHints":{"allow":["GET"]}}],"collection":[{"href":"https:\/\/www.bambergorthodox.de\/index.php?rest_route=\/wp\/v2\/pages"}],"about":[{"href":"https:\/\/www.bambergorthodox.de\/index.php?rest_route=\/wp\/v2\/types\/page"}],"author":[{"embeddable":true,"href":"https:\/\/www.bambergorthodox.de\/index.php?rest_route=\/wp\/v2\/users\/2"}],"replies":[{"embeddable":true,"href":"https:\/\/www.bambergorthodox.de\/index.php?rest_route=%2Fwp%2Fv2%2Fcomments&post=1223"}],"version-history":[{"count":8,"href":"https:\/\/www.bambergorthodox.de\/index.php?rest_route=\/wp\/v2\/pages\/1223\/revisions"}],"predecessor-version":[{"id":6887,"href":"https:\/\/www.bambergorthodox.de\/index.php?rest_route=\/wp\/v2\/pages\/1223\/revisions\/6887"}],"wp:attachment":[{"href":"https:\/\/www.bambergorthodox.de\/index.php?rest_route=%2Fwp%2Fv2%2Fmedia&parent=1223"}],"curies":[{"name":"wp","href":"https:\/\/api.w.org\/{rel}","templated":true}]}}

&#8221;Acestea zice Domnul către iudei: Poporul Meu, ce am făcut vouă? Sau cu ce v-am supărat pe voi? Pe orbii voştri i-am luminat, pe cei leproşi i-am curăţit, pe bărbatul cel ce era în pat l-am îndreptat.<br />
Poporul Meu, ce am făcut vouă? Şi cu ce mi-aţi răsplătit Mie? În loc de mană, cu fiere; în loc de apă, cu oţet; şi în loc a Mă iubi, pe Cruce M-aţi pironit.<br />
Chema-Voi neamurile Mele, şi acelea Mă vor preamări împreună cu Tatăl şi cu Duhul Sfânt.&#8221;</p>
<p>Partitura, cor mixt (pdf): <a href="https://www.bambergorthodox.de/wp-content/uploads/2024/03/Acestea-zice-Domnul.pdf">Acestea zice Domnul</a></p>
<p>Voci (mp3): <a href="https://www.bambergorthodox.de/wp-content/uploads/2016/11/Acestea-zice-Domnul-1.mp3">solo tenor</a>, <a href="https://www.bambergorthodox.de/wp-content/uploads/2016/11/Acestea-zice-Domnul-2.mp3">sopran</a>, <a href="https://www.bambergorthodox.de/wp-content/uploads/2016/11/Acestea-zice-Domnul-3.mp3">alto</a>, <a href="https://www.bambergorthodox.de/wp-content/uploads/2016/11/Acestea-zice-Domnul-4.mp3">tenor</a>, <a href="https://www.bambergorthodox.de/wp-content/uploads/2016/11/Acestea-zice-Domnul-5.mp3">bas</a>, <a href="https://www.bambergorthodox.de/wp-content/uploads/2016/11/Acestea-zice-Domnul.mp3">cor mixt</a></p>
<p>Sursă Lilypond (ly): <a href="https://www.bambergorthodox.de/wp-content/uploads/2024/03/Acestea-zice-Domnul.zip">Acestea zice Domnul</a>

<p>&#8221;Acestea zice Domnul către iudei: Poporul Meu, ce am făcut vouă? Sau cu ce v-am supărat pe voi? Pe orbii voştri i-am luminat, pe cei leproşi i-am curăţit, pe bărbatul cel ce era în pat l-am îndreptat. Poporul Meu, ce am făcut vouă? Şi cu ce mi-aţi răsplătit Mie? În loc de mană, cu fiere; &#8230; <a class="read-more" href="https://www.bambergorthodox.de/?page_id=1223">Read more&#8230;</a></p>
