{"id":1220,"date":"2014-03-24T14:27:09","date_gmt":"2014-03-24T13:27:09","guid":{"rendered":"http:\/\/orthodoxe-kapelle.de\/?page_id=857"},"modified":"2024-03-08T14:26:54","modified_gmt":"2024-03-08T13:26:54","slug":"concert-la-invierea-domnului-musicescu","status":"publish","type":"page","link":"https:\/\/www.bambergorthodox.de\/?page_id=1220","title":{"rendered":"Concert la \u00cenvierea Domnului &#8211; Musicescu"},"content":{"rendered":"&#8221;Ast\u0103zi tot trupul se vesele\u015fte \u015fi se bucur\u0103, c\u0103 a \u00eenviat Hristos \u015fi iadul s-a pr\u0103dat.<br \/>\nPe Tine, Doamne, \u00een glasuri, imnuri Te m\u0103rim, c\u0103 pentru neamul nostru ai primit Crucea \u015fi moartea.<br \/>\nSf\u0103r\u00e2m\u00e2nd por\u0163ile iadului \u015fi \u00eenviind a treia zi din groap\u0103, salvatu-ne-ai ca un iubitor de oameni, Doamne!&#8221;<\/p>\n<p>Partitura, cor mixt (pdf): <a href=\"https:\/\/www.bambergorthodox.de\/wp-content\/uploads\/2024\/03\/Concert-la-Invierea-D-Mus.pdf\">Concert la \u00cenvierea Domnului<\/a><\/p>\n<p>Voci (mp3): <a href=\"https:\/\/www.bambergorthodox.de\/wp-content\/uploads\/2016\/11\/Concert-la-Invierea-D-Mus-1.mp3\">sopran<\/a>, <a href=\"https:\/\/www.bambergorthodox.de\/wp-content\/uploads\/2016\/11\/Concert-la-Invierea-D-Mus-2.mp3\">alto<\/a>, <a href=\"https:\/\/www.bambergorthodox.de\/wp-content\/uploads\/2016\/11\/Concert-la-Invierea-D-Mus-3.mp3\">tenor<\/a>, <a href=\"https:\/\/www.bambergorthodox.de\/wp-content\/uploads\/2016\/11\/Concert-la-Invierea-D-Mus-4.mp3\">bas<\/a>, <a href=\"https:\/\/www.bambergorthodox.de\/wp-content\/uploads\/2016\/11\/Concert-la-Invierea-D-Mus.mp3\">cor mixt<\/a><\/p>\n<p>Surs\u0103 Lilypond (ly): <a href=\"https:\/\/www.bambergorthodox.de\/wp-content\/uploads\/2024\/03\/Concert-la-Invierea-D-Mus.zip\">Concert la \u00cenvierea Domnului<\/a>","protected":false},"excerpt":{"rendered":"<p>&#8221;Ast\u0103zi tot trupul se vesele\u015fte \u015fi se bucur\u0103, c\u0103 a \u00eenviat Hristos \u015fi iadul s-a pr\u0103dat. Pe Tine, Doamne, \u00een glasuri, imnuri Te m\u0103rim, c\u0103 pentru neamul nostru ai primit Crucea \u015fi moartea. Sf\u0103r\u00e2m\u00e2nd por\u0163ile iadului \u015fi \u00eenviind a treia zi din groap\u0103, salvatu-ne-ai ca un iubitor de oameni, Doamne!&#8221; Partitura, cor mixt (pdf): Concert &#8230; <a class=\"read-more\" href=\"https:\/\/www.bambergorthodox.de\/?page_id=1220\">Read more&#8230;<\/a><\/p>\n","protected":false},"author":2,"featured_media":0,"parent":0,"menu_order":0,"comment_status":"open","ping_status":"closed","template":"","meta":{"jetpack_post_was_ever_published":false,"footnotes":""},"class_list":["post-1220","page","type-page","status-publish"],"jetpack_sharing_enabled":true,"jetpack_shortlink":"https:\/\/wp.me\/P93ZOd-jG","_links":{"self":[{"href":"https:\/\/www.bambergorthodox.de\/index.php?rest_route=\/wp\/v2\/pages\/1220","targetHints":{"allow":["GET"]}}],"collection":[{"href":"https:\/\/www.bambergorthodox.de\/index.php?rest_route=\/wp\/v2\/pages"}],"about":[{"href":"https:\/\/www.bambergorthodox.de\/index.php?rest_route=\/wp\/v2\/types\/page"}],"author":[{"embeddable":true,"href":"https:\/\/www.bambergorthodox.de\/index.php?rest_route=\/wp\/v2\/users\/2"}],"replies":[{"embeddable":true,"href":"https:\/\/www.bambergorthodox.de\/index.php?rest_route=%2Fwp%2Fv2%2Fcomments&post=1220"}],"version-history":[{"count":5,"href":"https:\/\/www.bambergorthodox.de\/index.php?rest_route=\/wp\/v2\/pages\/1220\/revisions"}],"predecessor-version":[{"id":6901,"href":"https:\/\/www.bambergorthodox.de\/index.php?rest_route=\/wp\/v2\/pages\/1220\/revisions\/6901"}],"wp:attachment":[{"href":"https:\/\/www.bambergorthodox.de\/index.php?rest_route=%2Fwp%2Fv2%2Fmedia&parent=1220"}],"curies":[{"name":"wp","href":"https:\/\/api.w.org\/{rel}","templated":true}]}}

Concert la Învierea Domnului &#8211; Musicescu

&#8221;Astăzi tot trupul se veseleşte şi se bucură, că a înviat Hristos şi iadul s-a prădat.<br />
Pe Tine, Doamne, în glasuri, imnuri Te mărim, că pentru neamul nostru ai primit Crucea şi moartea.<br />
Sfărâmând porţile iadului şi înviind a treia zi din groapă, salvatu-ne-ai ca un iubitor de oameni, Doamne!&#8221;</p>
<p>Partitura, cor mixt (pdf): <a href="https://www.bambergorthodox.de/wp-content/uploads/2024/03/Concert-la-Invierea-D-Mus.pdf">Concert la Învierea Domnului</a></p>
<p>Voci (mp3): <a href="https://www.bambergorthodox.de/wp-content/uploads/2016/11/Concert-la-Invierea-D-Mus-1.mp3">sopran</a>, <a href="https://www.bambergorthodox.de/wp-content/uploads/2016/11/Concert-la-Invierea-D-Mus-2.mp3">alto</a>, <a href="https://www.bambergorthodox.de/wp-content/uploads/2016/11/Concert-la-Invierea-D-Mus-3.mp3">tenor</a>, <a href="https://www.bambergorthodox.de/wp-content/uploads/2016/11/Concert-la-Invierea-D-Mus-4.mp3">bas</a>, <a href="https://www.bambergorthodox.de/wp-content/uploads/2016/11/Concert-la-Invierea-D-Mus.mp3">cor mixt</a></p>
<p>Sursă Lilypond (ly): <a href="https://www.bambergorthodox.de/wp-content/uploads/2024/03/Concert-la-Invierea-D-Mus.zip">Concert la Învierea Domnului</a>

<p>&#8221;Astăzi tot trupul se veseleşte şi se bucură, că a înviat Hristos şi iadul s-a prădat. Pe Tine, Doamne, în glasuri, imnuri Te mărim, că pentru neamul nostru ai primit Crucea şi moartea. Sfărâmând porţile iadului şi înviind a treia zi din groapă, salvatu-ne-ai ca un iubitor de oameni, Doamne!&#8221; Partitura, cor mixt (pdf): Concert &#8230; <a class="read-more" href="https://www.bambergorthodox.de/?page_id=1220">Read more&#8230;</a></p>
