{"id":1217,"date":"2013-10-08T10:10:23","date_gmt":"2013-10-08T08:10:23","guid":{"rendered":"http:\/\/orthodoxe-kapelle.de\/?page_id=787"},"modified":"2024-03-09T15:52:21","modified_gmt":"2024-03-09T14:52:21","slug":"de-tine-se-bucura-musicescu","status":"publish","type":"page","link":"https:\/\/www.bambergorthodox.de\/?page_id=1217","title":{"rendered":"De tine se bucur\u0103 &#8211; Musicescu"},"content":{"rendered":"De tine se bucur\u0103, ceea ce e\u015fti plin\u0103 de har, toat\u0103 f\u0103ptura. Soborul \u00eengeresc \u015fi neamul omenesc; ceea ce e\u015fti biseric\u0103 sfin\u0163it\u0103 si rai cuv\u00e2nt\u0103tor, lauda fecioriei, din care Dumnezeu S-a \u00eentrupat \u015fi prunc S-a f\u0103cut, Cel ce este mai \u00eenainte de veci. C\u0103 mitrasul t\u0103u scaun l-a f\u0103cut \u015fi p\u00e2ntecele t\u0103u mai desf\u0103tat dec\u00e2t cerurile l-a lucrat.<br \/>\nDe tine se bucur\u0103, ceea ce esti plin\u00e3 de har, toat\u0103 f\u0103ptura, m\u0103rire \u0163ie!<\/p>\n<p>Partitura, cor mixt (pdf): <a href=\"https:\/\/www.bambergorthodox.de\/wp-content\/uploads\/2024\/03\/De-tine-se-bucura-Mus.pdf\">De tine se bucur\u0103<\/a><\/p>\n<p>Voci (mp3): <a href=\"https:\/\/www.bambergorthodox.de\/wp-content\/uploads\/2016\/11\/De-tine-se-bucura-Mus-1.mp3\">sopran<\/a>, <a href=\"https:\/\/www.bambergorthodox.de\/wp-content\/uploads\/2016\/11\/De-tine-se-bucura-Mus-2.mp3\">alto<\/a>, <a href=\"https:\/\/www.bambergorthodox.de\/wp-content\/uploads\/2016\/11\/De-tine-se-bucura-Mus-3.mp3\">tenor<\/a>, <a href=\"https:\/\/www.bambergorthodox.de\/wp-content\/uploads\/2016\/11\/De-tine-se-bucura-Mus-4.mp3\">bas<\/a>, <a href=\"https:\/\/www.bambergorthodox.de\/wp-content\/uploads\/2016\/11\/De-tine-se-bucura-Mus.mp3\">cor mixt<\/a><\/p>\n<p>Surs\u0103 Lilypond (ly): <a href=\"https:\/\/www.bambergorthodox.de\/wp-content\/uploads\/2024\/03\/De-tine-se-bucura-Mus.zip\">De tine se bucur\u0103<\/a>","protected":false},"excerpt":{"rendered":"<p>De tine se bucur\u0103, ceea ce e\u015fti plin\u0103 de har, toat\u0103 f\u0103ptura. Soborul \u00eengeresc \u015fi neamul omenesc; ceea ce e\u015fti biseric\u0103 sfin\u0163it\u0103 si rai cuv\u00e2nt\u0103tor, lauda fecioriei, din care Dumnezeu S-a \u00eentrupat \u015fi prunc S-a f\u0103cut, Cel ce este mai \u00eenainte de veci. C\u0103 mitrasul t\u0103u scaun l-a f\u0103cut \u015fi p\u00e2ntecele t\u0103u mai desf\u0103tat dec\u00e2t &#8230; <a class=\"read-more\" href=\"https:\/\/www.bambergorthodox.de\/?page_id=1217\">Read more&#8230;<\/a><\/p>\n","protected":false},"author":2,"featured_media":0,"parent":0,"menu_order":0,"comment_status":"closed","ping_status":"closed","template":"","meta":{"jetpack_post_was_ever_published":false,"footnotes":""},"class_list":["post-1217","page","type-page","status-publish"],"jetpack_sharing_enabled":true,"jetpack_shortlink":"https:\/\/wp.me\/P93ZOd-jD","_links":{"self":[{"href":"https:\/\/www.bambergorthodox.de\/index.php?rest_route=\/wp\/v2\/pages\/1217","targetHints":{"allow":["GET"]}}],"collection":[{"href":"https:\/\/www.bambergorthodox.de\/index.php?rest_route=\/wp\/v2\/pages"}],"about":[{"href":"https:\/\/www.bambergorthodox.de\/index.php?rest_route=\/wp\/v2\/types\/page"}],"author":[{"embeddable":true,"href":"https:\/\/www.bambergorthodox.de\/index.php?rest_route=\/wp\/v2\/users\/2"}],"replies":[{"embeddable":true,"href":"https:\/\/www.bambergorthodox.de\/index.php?rest_route=%2Fwp%2Fv2%2Fcomments&post=1217"}],"version-history":[{"count":4,"href":"https:\/\/www.bambergorthodox.de\/index.php?rest_route=\/wp\/v2\/pages\/1217\/revisions"}],"predecessor-version":[{"id":6973,"href":"https:\/\/www.bambergorthodox.de\/index.php?rest_route=\/wp\/v2\/pages\/1217\/revisions\/6973"}],"wp:attachment":[{"href":"https:\/\/www.bambergorthodox.de\/index.php?rest_route=%2Fwp%2Fv2%2Fmedia&parent=1217"}],"curies":[{"name":"wp","href":"https:\/\/api.w.org\/{rel}","templated":true}]}}

De tine se bucură &#8211; Musicescu

De tine se bucură, ceea ce eşti plină de har, toată făptura. Soborul îngeresc şi neamul omenesc; ceea ce eşti biserică sfinţită si rai cuvântător, lauda fecioriei, din care Dumnezeu S-a întrupat şi prunc S-a făcut, Cel ce este mai înainte de veci. Că mitrasul tău scaun l-a făcut şi pântecele tău mai desfătat decât cerurile l-a lucrat.<br />
De tine se bucură, ceea ce esti plinã de har, toată făptura, mărire ţie!</p>
<p>Partitura, cor mixt (pdf): <a href="https://www.bambergorthodox.de/wp-content/uploads/2024/03/De-tine-se-bucura-Mus.pdf">De tine se bucură</a></p>
<p>Voci (mp3): <a href="https://www.bambergorthodox.de/wp-content/uploads/2016/11/De-tine-se-bucura-Mus-1.mp3">sopran</a>, <a href="https://www.bambergorthodox.de/wp-content/uploads/2016/11/De-tine-se-bucura-Mus-2.mp3">alto</a>, <a href="https://www.bambergorthodox.de/wp-content/uploads/2016/11/De-tine-se-bucura-Mus-3.mp3">tenor</a>, <a href="https://www.bambergorthodox.de/wp-content/uploads/2016/11/De-tine-se-bucura-Mus-4.mp3">bas</a>, <a href="https://www.bambergorthodox.de/wp-content/uploads/2016/11/De-tine-se-bucura-Mus.mp3">cor mixt</a></p>
<p>Sursă Lilypond (ly): <a href="https://www.bambergorthodox.de/wp-content/uploads/2024/03/De-tine-se-bucura-Mus.zip">De tine se bucură</a>

<p>De tine se bucură, ceea ce eşti plină de har, toată făptura. Soborul îngeresc şi neamul omenesc; ceea ce eşti biserică sfinţită si rai cuvântător, lauda fecioriei, din care Dumnezeu S-a întrupat şi prunc S-a făcut, Cel ce este mai înainte de veci. Că mitrasul tău scaun l-a făcut şi pântecele tău mai desfătat decât &#8230; <a class="read-more" href="https://www.bambergorthodox.de/?page_id=1217">Read more&#8230;</a></p>
