{"id":1210,"date":"2013-08-02T10:13:27","date_gmt":"2013-08-02T08:13:27","guid":{"rendered":"http:\/\/orthodoxe-kapelle.de\/?page_id=634"},"modified":"2024-03-11T16:52:39","modified_gmt":"2024-03-11T15:52:39","slug":"pe-tine-te-laudam-musicescu-1","status":"publish","type":"page","link":"https:\/\/www.bambergorthodox.de\/?page_id=1210","title":{"rendered":"Pe Tine Te l\u0103ud\u0103m &#8211; Musicescu (1)"},"content":{"rendered":"Ale Tale dintru ale Tale, \u0162ie \u00ce\u0163i aducem de toate \u015fi pentru toate,<br \/>\nPe Tine Te l\u0103ud\u0103m, pe Tine bine Te cuv\u00e2nt\u0103m, \u0162ie-\u0162i mul\u0163umim, Doamne, \u015fi ne rug\u0103m \u0162ie, Dumnezeului nostru.<\/p>\n<p>Partitura, cor mixt (pdf): <a href=\"https:\/\/www.bambergorthodox.de\/wp-content\/uploads\/2024\/03\/Pe-Tine-Te-laudam-Mus.pdf\">Pe Tine Te l\u0103udam (1)<\/a><\/p>\n<p>Voci (mp3): <a href=\"https:\/\/www.bambergorthodox.de\/wp-content\/uploads\/2016\/11\/Pe-Tine-Te-laudam-Mus-1.mp3\">sopran<\/a>, <a href=\"https:\/\/www.bambergorthodox.de\/wp-content\/uploads\/2016\/11\/Pe-Tine-Te-laudam-Mus-2.mp3\">alto<\/a>, <a href=\"https:\/\/www.bambergorthodox.de\/wp-content\/uploads\/2016\/11\/Pe-Tine-Te-laudam-Mus-3.mp3\">tenor<\/a>, <a href=\"https:\/\/www.bambergorthodox.de\/wp-content\/uploads\/2016\/11\/Pe-Tine-Te-laudam-Mus-4.mp3\">bas<\/a>, <a href=\"https:\/\/www.bambergorthodox.de\/wp-content\/uploads\/2016\/11\/Pe-Tine-Te-laudam-Mus.mp3\">cor mixt<\/a><\/p>\n<p>Surs\u0103 Lilypond (ly): <a href=\"https:\/\/www.bambergorthodox.de\/wp-content\/uploads\/2024\/03\/Pe-Tine-Te-laudam-Mus.zip\">Pe Tine Te l\u0103udam (1)<\/a>","protected":false},"excerpt":{"rendered":"<p>Ale Tale dintru ale Tale, \u0162ie \u00ce\u0163i aducem de toate \u015fi pentru toate, Pe Tine Te l\u0103ud\u0103m, pe Tine bine Te cuv\u00e2nt\u0103m, \u0162ie-\u0162i mul\u0163umim, Doamne, \u015fi ne rug\u0103m \u0162ie, Dumnezeului nostru. Partitura, cor mixt (pdf): Pe Tine Te l\u0103udam (1) Voci (mp3): sopran, alto, tenor, bas, cor mixt Surs\u0103 Lilypond (ly): Pe Tine Te l\u0103udam &#8230; <a class=\"read-more\" href=\"https:\/\/www.bambergorthodox.de\/?page_id=1210\">Read more&#8230;<\/a><\/p>\n","protected":false},"author":2,"featured_media":0,"parent":0,"menu_order":0,"comment_status":"open","ping_status":"closed","template":"","meta":{"jetpack_post_was_ever_published":false,"footnotes":""},"class_list":["post-1210","page","type-page","status-publish"],"jetpack_sharing_enabled":true,"jetpack_shortlink":"https:\/\/wp.me\/P93ZOd-jw","_links":{"self":[{"href":"https:\/\/www.bambergorthodox.de\/index.php?rest_route=\/wp\/v2\/pages\/1210","targetHints":{"allow":["GET"]}}],"collection":[{"href":"https:\/\/www.bambergorthodox.de\/index.php?rest_route=\/wp\/v2\/pages"}],"about":[{"href":"https:\/\/www.bambergorthodox.de\/index.php?rest_route=\/wp\/v2\/types\/page"}],"author":[{"embeddable":true,"href":"https:\/\/www.bambergorthodox.de\/index.php?rest_route=\/wp\/v2\/users\/2"}],"replies":[{"embeddable":true,"href":"https:\/\/www.bambergorthodox.de\/index.php?rest_route=%2Fwp%2Fv2%2Fcomments&post=1210"}],"version-history":[{"count":3,"href":"https:\/\/www.bambergorthodox.de\/index.php?rest_route=\/wp\/v2\/pages\/1210\/revisions"}],"predecessor-version":[{"id":7004,"href":"https:\/\/www.bambergorthodox.de\/index.php?rest_route=\/wp\/v2\/pages\/1210\/revisions\/7004"}],"wp:attachment":[{"href":"https:\/\/www.bambergorthodox.de\/index.php?rest_route=%2Fwp%2Fv2%2Fmedia&parent=1210"}],"curies":[{"name":"wp","href":"https:\/\/api.w.org\/{rel}","templated":true}]}}