{"id":1208,"date":"2013-07-24T12:09:36","date_gmt":"2013-07-24T10:09:36","guid":{"rendered":"http:\/\/orthodoxe-kapelle.de\/?page_id=610"},"modified":"2024-03-06T20:02:28","modified_gmt":"2024-03-06T19:02:28","slug":"rugaciune-2","status":"publish","type":"page","link":"https:\/\/www.bambergorthodox.de\/?page_id=1208","title":{"rendered":"Rug\u0103ciune"},"content":{"rendered":"<strong>Rug\u0103mu-ne-ndur\u0103rilor<\/strong><br \/>\nLuceaf\u0103rului m\u0103rilor!<br \/>\nDin valul ce ne b\u00e2ntuie,<br \/>\n\u00eenal\u0163\u0103-ne, ne m\u00e2ntuie!<\/p>\n<p>Ce ne-am face noi rom\u00e2nii f\u0103r\u0103 Eminescu?!<br \/>\nPatriotismul poetului nostru na\u0163ional transcende \u00eentru na\u0163ionalism \u015fi e notoriu. Mai pu\u0163in cunoscut\u0103 e latura cre\u015ftin\u0103 a crea\u0163iei sale. Un exemplu tipic: poezia &#8222;\u00cenvierea&#8221; denot\u0103 un lirism pur ortodox, crezul poporului pe care Eminescu at\u00e2t l-a iubit \u015fi care, o dat\u0103 \u00een plus, a r\u0103spuns cu indiferen\u0163\u0103 la chemarea unui geniu na\u0163ional&#8230;<\/p>\n<p>Nu una, ci dou\u0103 rug\u0103ciuni a scris Eminescu. Una din ele l-a inspirat pe cel care a fost Teodor Teodorescu din Ia\u015fi, compozitor \u015fi pedagog muzical. Elev al lui Gavriil Musicescu, care l-a descoperit \u015fi promovat, ajut\u00e2ndu-l s\u0103 studieze la Paris, Teodorescu a compus o mi\u015fc\u0103toare melodie &#8222;Cr\u0103iesei peste \u00eengeri&#8221;, Fecioara Maria. Compozitorul nu a p\u0103strat structura original\u0103 a poeziei, ci a schimbat unele versuri \u00eentre ele.<\/p>\n<p>Partitura, cor mixt (pdf): <a href=\"https:\/\/www.bambergorthodox.de\/wp-content\/uploads\/2024\/03\/Rugaciune.pdf\">Rug\u0103ciune<\/a><\/p>\n<p>Voci (mp3): <a href=\"https:\/\/www.bambergorthodox.de\/wp-content\/uploads\/2016\/11\/Rugaciune-1.mp3\">sopran<\/a>, <a href=\"https:\/\/www.bambergorthodox.de\/wp-content\/uploads\/2016\/11\/Rugaciune-2.mp3\">alto<\/a>, <a href=\"https:\/\/www.bambergorthodox.de\/wp-content\/uploads\/2016\/11\/Rugaciune-3.mp3\">tenor<\/a>, <a href=\"https:\/\/www.bambergorthodox.de\/wp-content\/uploads\/2016\/11\/Rugaciune-4.mp3\">bas<\/a>, <a href=\"https:\/\/www.bambergorthodox.de\/wp-content\/uploads\/2016\/11\/Rugaciune.mp3\">cor mixt<\/a><\/p>\n<p>Surs\u0103 Lilypond (ly): <a href=\"https:\/\/www.bambergorthodox.de\/wp-content\/uploads\/2024\/03\/Rugaciune.zip\">Rug\u0103ciune<\/a><\/p>\n<p><a  href=\"https:\/\/www.bambergorthodox.de\/wp-content\/uploads\/2016\/12\/ruga.jpg\" data-rel=\"lightbox-gallery-0\" data-rl_title=\"\" data-rl_caption=\"\"><img loading=\"lazy\" decoding=\"async\" class=\"alignnone size-full wp-image-438\" title=\"\" src=\"https:\/\/www.bambergorthodox.de\/wp-content\/uploads\/2016\/12\/ruga.jpg\" alt=\"\" width=\"208\" height=\"242\" \/><\/a>","protected":false},"excerpt":{"rendered":"<p>Rug\u0103mu-ne-ndur\u0103rilor Luceaf\u0103rului m\u0103rilor! Din valul ce ne b\u00e2ntuie, \u00eenal\u0163\u0103-ne, ne m\u00e2ntuie! Ce ne-am face noi rom\u00e2nii f\u0103r\u0103 Eminescu?! Patriotismul poetului nostru na\u0163ional transcende \u00eentru na\u0163ionalism \u015fi e notoriu. Mai pu\u0163in cunoscut\u0103 e latura cre\u015ftin\u0103 a crea\u0163iei sale. Un exemplu tipic: poezia &#8222;\u00cenvierea&#8221; denot\u0103 un lirism pur ortodox, crezul poporului pe care Eminescu at\u00e2t l-a iubit &#8230; <a class=\"read-more\" href=\"https:\/\/www.bambergorthodox.de\/?page_id=1208\">Read more&#8230;<\/a><\/p>\n","protected":false},"author":2,"featured_media":0,"parent":0,"menu_order":0,"comment_status":"open","ping_status":"closed","template":"","meta":{"jetpack_post_was_ever_published":false,"footnotes":""},"class_list":["post-1208","page","type-page","status-publish"],"jetpack_sharing_enabled":true,"jetpack_shortlink":"https:\/\/wp.me\/P93ZOd-ju","_links":{"self":[{"href":"https:\/\/www.bambergorthodox.de\/index.php?rest_route=\/wp\/v2\/pages\/1208","targetHints":{"allow":["GET"]}}],"collection":[{"href":"https:\/\/www.bambergorthodox.de\/index.php?rest_route=\/wp\/v2\/pages"}],"about":[{"href":"https:\/\/www.bambergorthodox.de\/index.php?rest_route=\/wp\/v2\/types\/page"}],"author":[{"embeddable":true,"href":"https:\/\/www.bambergorthodox.de\/index.php?rest_route=\/wp\/v2\/users\/2"}],"replies":[{"embeddable":true,"href":"https:\/\/www.bambergorthodox.de\/index.php?rest_route=%2Fwp%2Fv2%2Fcomments&post=1208"}],"version-history":[{"count":6,"href":"https:\/\/www.bambergorthodox.de\/index.php?rest_route=\/wp\/v2\/pages\/1208\/revisions"}],"predecessor-version":[{"id":6753,"href":"https:\/\/www.bambergorthodox.de\/index.php?rest_route=\/wp\/v2\/pages\/1208\/revisions\/6753"}],"wp:attachment":[{"href":"https:\/\/www.bambergorthodox.de\/index.php?rest_route=%2Fwp%2Fv2%2Fmedia&parent=1208"}],"curies":[{"name":"wp","href":"https:\/\/api.w.org\/{rel}","templated":true}]}}