{"id":1204,"date":"2012-09-26T12:26:08","date_gmt":"2012-09-26T10:26:08","guid":{"rendered":"http:\/\/orthodoxe-kapelle.de\/?page_id=445"},"modified":"2024-03-06T19:40:59","modified_gmt":"2024-03-06T18:40:59","slug":"pentru-tine-doamne","status":"publish","type":"page","link":"https:\/\/www.bambergorthodox.de\/?page_id=1204","title":{"rendered":"Pentru Tine, Doamne"},"content":{"rendered":"<strong>D\u0103-mi r\u0103bdarea pietrei<\/strong><br \/>\n\u015ei din cerul sf\u00e2nt,<br \/>\nPicur\u0103-mi, pe gene,<br \/>\nRoua, s\u0103 Te c\u00e2nt.<\/p>\n<p>Din aceast\u0103 priceasn\u0103, ceva mai lung\u0103, am ales strofa de mai sus, fiind edificatoare pentru &#8222;taina&#8221; c\u00e2ntatului.<br \/>\nM\u0103 pot eu, negru de p\u0103cate, \u00eencumeta s\u0103-mi \u00eenal\u0163 glasul, al\u0103turi de \u00eengeri, pentru a-I c\u00e2nta Domnului?<br \/>\nNu, hot\u0103r\u00e2t lucru!<br \/>\nDar pot n\u0103d\u0103jdui la ne\u0163\u0103rmurit\u0103 mila Sa, c\u0103 m\u0103 va cur\u0103\u0163i, \u00een timpul c\u00e2ntatului, astfel \u00eenc\u00e2t s\u0103 nu-mi fie spre os\u00e2nd\u0103. N\u0103d\u0103jduind, c\u00e2nt. \u015ei mai \u015fi pl\u00e2ng&#8230;<\/p>\n<p>O nou\u0103 armonizare a prof. T. Sechei din Dej, care a modificat u\u015for compozi\u0163ia lui Chiril Popescu. Lansat la Curtea de Arge\u015f ca protopsalt, Popescu a devenit profesor de psaltichie. Autorul versurilor nu e cunoscut, fiind vorba de o tradi\u0163ie oral\u0103. Izul popular al versurilor se pare c\u0103 l-a inspirat pe Chiril Popescu s\u0103 caute la r\u0103d\u0103cinile folclorului muzical rom\u00e2nesc. \u00cendep\u0103rt\u00e2ndu-se de psaltic\u0103, a reu\u015fit s\u0103 compun\u0103 o popular\u0103 melodie pl\u0103cut\u0103, pe alocuri melancolic\u0103, uneori s\u0103lt\u0103rea\u0163\u0103, la \u00eenfloriturile vocilor \u00eenalte. Ve\u015fnicul amestec de team\u0103 \u015fi bucurie, propriu cre\u015ftinului, relativ la Divinitate.<\/p>\n<p>Partitura,\u00a0cor mixt\u00a0(pdf): <a href=\"https:\/\/www.bambergorthodox.de\/wp-content\/uploads\/2024\/03\/Pentru-Tine-Doamne.pdf\">Pentru Tine, Doamne<\/a><\/p>\n<p>Voci\u00a0(mp3):\u00a0<a href=\"https:\/\/www.bambergorthodox.de\/wp-content\/uploads\/2016\/12\/Pentru-Tine-Doamne-1.mp3\">sopran<\/a>, <a href=\"https:\/\/www.bambergorthodox.de\/wp-content\/uploads\/2016\/12\/Pentru-Tine-Doamne-2.mp3\">alto<\/a>, <a href=\"https:\/\/www.bambergorthodox.de\/wp-content\/uploads\/2016\/12\/Pentru-Tine-Doamne-3.mp3\">tenor<\/a>, <a href=\"https:\/\/www.bambergorthodox.de\/wp-content\/uploads\/2016\/12\/Pentru-Tine-Doamne-4.mp3\">bas<\/a>, <a href=\"https:\/\/www.bambergorthodox.de\/wp-content\/uploads\/2016\/12\/Pentru-Tine-Doamne.mp3\">cor mixt<\/a><\/p>\n<p>Surs\u0103 Lilypond (ly): <a href=\"https:\/\/www.bambergorthodox.de\/wp-content\/uploads\/2024\/03\/Pentru-Tine-Doamne.zip\">Pentru Tine, Doamne<\/a><\/p>\n<p><a  href=\"https:\/\/www.bambergorthodox.de\/wp-content\/uploads\/2016\/12\/PtTD.jpg\" data-rel=\"lightbox-gallery-0\" data-rl_title=\"\" data-rl_caption=\"\"><img loading=\"lazy\" decoding=\"async\" class=\"alignnone size-full wp-image-456\" title=\"\" src=\"https:\/\/www.bambergorthodox.de\/wp-content\/uploads\/2016\/12\/PtTD.jpg\" alt=\"\" width=\"251\" height=\"201\" \/><\/a>","protected":false},"excerpt":{"rendered":"<p>D\u0103-mi r\u0103bdarea pietrei \u015ei din cerul sf\u00e2nt, Picur\u0103-mi, pe gene, Roua, s\u0103 Te c\u00e2nt. Din aceast\u0103 priceasn\u0103, ceva mai lung\u0103, am ales strofa de mai sus, fiind edificatoare pentru &#8222;taina&#8221; c\u00e2ntatului. M\u0103 pot eu, negru de p\u0103cate, \u00eencumeta s\u0103-mi \u00eenal\u0163 glasul, al\u0103turi de \u00eengeri, pentru a-I c\u00e2nta Domnului? Nu, hot\u0103r\u00e2t lucru! Dar pot n\u0103d\u0103jdui la &#8230; <a class=\"read-more\" href=\"https:\/\/www.bambergorthodox.de\/?page_id=1204\">Read more&#8230;<\/a><\/p>\n","protected":false},"author":2,"featured_media":0,"parent":0,"menu_order":0,"comment_status":"open","ping_status":"closed","template":"","meta":{"jetpack_post_was_ever_published":false,"footnotes":""},"class_list":["post-1204","page","type-page","status-publish"],"jetpack_sharing_enabled":true,"jetpack_shortlink":"https:\/\/wp.me\/P93ZOd-jq","_links":{"self":[{"href":"https:\/\/www.bambergorthodox.de\/index.php?rest_route=\/wp\/v2\/pages\/1204","targetHints":{"allow":["GET"]}}],"collection":[{"href":"https:\/\/www.bambergorthodox.de\/index.php?rest_route=\/wp\/v2\/pages"}],"about":[{"href":"https:\/\/www.bambergorthodox.de\/index.php?rest_route=\/wp\/v2\/types\/page"}],"author":[{"embeddable":true,"href":"https:\/\/www.bambergorthodox.de\/index.php?rest_route=\/wp\/v2\/users\/2"}],"replies":[{"embeddable":true,"href":"https:\/\/www.bambergorthodox.de\/index.php?rest_route=%2Fwp%2Fv2%2Fcomments&post=1204"}],"version-history":[{"count":4,"href":"https:\/\/www.bambergorthodox.de\/index.php?rest_route=\/wp\/v2\/pages\/1204\/revisions"}],"predecessor-version":[{"id":6745,"href":"https:\/\/www.bambergorthodox.de\/index.php?rest_route=\/wp\/v2\/pages\/1204\/revisions\/6745"}],"wp:attachment":[{"href":"https:\/\/www.bambergorthodox.de\/index.php?rest_route=%2Fwp%2Fv2%2Fmedia&parent=1204"}],"curies":[{"name":"wp","href":"https:\/\/api.w.org\/{rel}","templated":true}]}}

<strong>Dă-mi răbdarea pietrei</strong><br />
Şi din cerul sfânt,<br />
Picură-mi, pe gene,<br />
Roua, să Te cânt.</p>
<p>Din această priceasnă, ceva mai lungă, am ales strofa de mai sus, fiind edificatoare pentru &#8222;taina&#8221; cântatului.<br />
Mă pot eu, negru de păcate, încumeta să-mi înalţ glasul, alături de îngeri, pentru a-I cânta Domnului?<br />
Nu, hotărât lucru!<br />
Dar pot nădăjdui la neţărmurită mila Sa, că mă va curăţi, în timpul cântatului, astfel încât să nu-mi fie spre osândă. Nădăjduind, cânt. Şi mai şi plâng&#8230;</p>
<p>O nouă armonizare a prof. T. Sechei din Dej, care a modificat uşor compoziţia lui Chiril Popescu. Lansat la Curtea de Argeş ca protopsalt, Popescu a devenit profesor de psaltichie. Autorul versurilor nu e cunoscut, fiind vorba de o tradiţie orală. Izul popular al versurilor se pare că l-a inspirat pe Chiril Popescu să caute la rădăcinile folclorului muzical românesc. Îndepărtându-se de psaltică, a reuşit să compună o populară melodie plăcută, pe alocuri melancolică, uneori săltăreaţă, la înfloriturile vocilor înalte. Veşnicul amestec de teamă şi bucurie, propriu creştinului, relativ la Divinitate.</p>
<p>Partitura, cor mixt (pdf): <a href="https://www.bambergorthodox.de/wp-content/uploads/2024/03/Pentru-Tine-Doamne.pdf">Pentru Tine, Doamne</a></p>
<p>Voci (mp3): <a href="https://www.bambergorthodox.de/wp-content/uploads/2016/12/Pentru-Tine-Doamne-1.mp3">sopran</a>, <a href="https://www.bambergorthodox.de/wp-content/uploads/2016/12/Pentru-Tine-Doamne-2.mp3">alto</a>, <a href="https://www.bambergorthodox.de/wp-content/uploads/2016/12/Pentru-Tine-Doamne-3.mp3">tenor</a>, <a href="https://www.bambergorthodox.de/wp-content/uploads/2016/12/Pentru-Tine-Doamne-4.mp3">bas</a>, <a href="https://www.bambergorthodox.de/wp-content/uploads/2016/12/Pentru-Tine-Doamne.mp3">cor mixt</a></p>
<p>Sursă Lilypond (ly): <a href="https://www.bambergorthodox.de/wp-content/uploads/2024/03/Pentru-Tine-Doamne.zip">Pentru Tine, Doamne</a></p>
<p><a  href="https://www.bambergorthodox.de/wp-content/uploads/2016/12/PtTD.jpg" data-rel="lightbox-gallery-0" data-rl_title="" data-rl_caption=""><img loading="lazy" decoding="async" class="alignnone size-full wp-image-456" title="" src="https://www.bambergorthodox.de/wp-content/uploads/2016/12/PtTD.jpg" alt="" width="251" height="201" /></a>

<p>Dă-mi răbdarea pietrei Şi din cerul sfânt, Picură-mi, pe gene, Roua, să Te cânt. Din această priceasnă, ceva mai lungă, am ales strofa de mai sus, fiind edificatoare pentru &#8222;taina&#8221; cântatului. Mă pot eu, negru de păcate, încumeta să-mi înalţ glasul, alături de îngeri, pentru a-I cânta Domnului? Nu, hotărât lucru! Dar pot nădăjdui la &#8230; <a class="read-more" href="https://www.bambergorthodox.de/?page_id=1204">Read more&#8230;</a></p>
