{"id":1203,"date":"2012-09-24T14:34:22","date_gmt":"2012-09-24T12:34:22","guid":{"rendered":"http:\/\/orthodoxe-kapelle.de\/?page_id=428"},"modified":"2024-03-06T20:08:40","modified_gmt":"2024-03-06T19:08:40","slug":"rugaciune","status":"publish","type":"page","link":"https:\/\/www.bambergorthodox.de\/?page_id=1203","title":{"rendered":"Rug\u0103ciune (variant\u0103)"},"content":{"rendered":"<strong>Rug\u0103mu-ne-ndur\u0103rilor<\/strong><br \/>\nLuceaf\u0103rului m\u0103rilor!<br \/>\nDin valul ce ne b\u00e2ntuie,<br \/>\n\u00eenal\u0163\u0103-ne, ne m\u00e2ntuie!<\/p>\n<p>Ce ne-am face noi rom\u00e2nii f\u0103r\u0103 Eminescu?!<br \/>\nPatriotismul poetului nostru na\u0163ional transcede\u00a0\u00eentru na\u0163ionalism \u015fi e notoriu. Mai pu\u0163in cunoscut\u0103 e latura cre\u015ftin\u0103 a crea\u0163iei sale. Un exemplu tipic: poezia &#8222;\u00cenvierea&#8221; denot\u0103 un lirism\u00a0pur ortodox, crezul poporului pe care Eminescu at\u00e2t l-a iubit \u015fi care,\u00a0o dat\u0103 \u00een plus, a r\u0103spuns cu indiferen\u0163\u0103 la chemarea unui geniu na\u0163ional&#8230;<\/p>\n<p>Nu una, ci dou\u0103 rug\u0103ciuni a scris Eminescu.\u00a0Una din ele l-a inspirat pe cel care a fost Teodor Teodorescu din Ia\u015fi, compozitor \u015fi pedagog muzical.\u00a0Elev al lui Gavriil Musicescu, care l-a descoperit \u015fi promovat, ajut\u00e2ndu-l s\u0103 studieze la Paris, Teodorescu a\u00a0compus o mi\u015fc\u0103toare melodie &#8222;Cr\u0103iesei peste \u00eengeri&#8221;, Fecioara Maria.\u00a0Compozitorul nu a p\u0103strat structura original\u0103 a poeziei, ci a schimbat unele versuri \u00eentre ele.<\/p>\n<p>Aici, avem de-a face cu o armonizare rar\u0103, deosebit de reu\u015fit\u0103, a prof. T. Sechei din Dej. O adev\u0103rat\u0103 c\u00e2ntare de dragoste, manifestat\u0103 \u015fi prin ritmul inimii, de vals, originalul lui Teodorescu fiind scris \u00een timpul de trei p\u0103trimi.<\/p>\n<p>Partitura,\u00a0cor mixt\u00a0(pdf): <a href=\"https:\/\/www.bambergorthodox.de\/wp-content\/uploads\/2024\/03\/Rugaciune-var.pdf\">Rug\u0103ciune (variant\u0103)<\/a><\/p>\n<p>Voci\u00a0(mp3):\u00a0<a href=\"https:\/\/www.bambergorthodox.de\/wp-content\/uploads\/2016\/11\/Rugaciune-var-1.mp3\">sopran<\/a>, <a href=\"https:\/\/www.bambergorthodox.de\/wp-content\/uploads\/2016\/11\/Rugaciune-var-2.mp3\">alto<\/a>, <a href=\"https:\/\/www.bambergorthodox.de\/wp-content\/uploads\/2016\/11\/Rugaciune-var-3.mp3\">tenor<\/a>, <a href=\"https:\/\/www.bambergorthodox.de\/wp-content\/uploads\/2016\/11\/Rugaciune-var-4.mp3\">bas<\/a>, <a href=\"https:\/\/www.bambergorthodox.de\/wp-content\/uploads\/2016\/11\/Rugaciune-var.mp3\">cor mixt<\/a><\/p>\n<p>Surs\u0103 Lilypond (ly): <a href=\"https:\/\/www.bambergorthodox.de\/wp-content\/uploads\/2024\/03\/Rugaciune-var.zip\">Rug\u0103ciune<\/a><\/p>\n<p><a  href=\"https:\/\/www.bambergorthodox.de\/wp-content\/uploads\/2016\/12\/ruga.jpg\" data-rel=\"lightbox-gallery-0\" data-rl_title=\"\" data-rl_caption=\"\"><img loading=\"lazy\" decoding=\"async\" class=\"alignnone size-full wp-image-438\" title=\"\" src=\"https:\/\/www.bambergorthodox.de\/wp-content\/uploads\/2016\/12\/ruga.jpg\" alt=\"\" width=\"208\" height=\"242\" \/><\/a>","protected":false},"excerpt":{"rendered":"<p>Rug\u0103mu-ne-ndur\u0103rilor Luceaf\u0103rului m\u0103rilor! Din valul ce ne b\u00e2ntuie, \u00eenal\u0163\u0103-ne, ne m\u00e2ntuie! Ce ne-am face noi rom\u00e2nii f\u0103r\u0103 Eminescu?! Patriotismul poetului nostru na\u0163ional transcede\u00a0\u00eentru na\u0163ionalism \u015fi e notoriu. Mai pu\u0163in cunoscut\u0103 e latura cre\u015ftin\u0103 a crea\u0163iei sale. Un exemplu tipic: poezia &#8222;\u00cenvierea&#8221; denot\u0103 un lirism\u00a0pur ortodox, crezul poporului pe care Eminescu at\u00e2t l-a iubit \u015fi care,\u00a0o &#8230; <a class=\"read-more\" href=\"https:\/\/www.bambergorthodox.de\/?page_id=1203\">Read more&#8230;<\/a><\/p>\n","protected":false},"author":2,"featured_media":0,"parent":0,"menu_order":0,"comment_status":"open","ping_status":"closed","template":"","meta":{"jetpack_post_was_ever_published":false,"footnotes":""},"class_list":["post-1203","page","type-page","status-publish"],"jetpack_sharing_enabled":true,"jetpack_shortlink":"https:\/\/wp.me\/P93ZOd-jp","_links":{"self":[{"href":"https:\/\/www.bambergorthodox.de\/index.php?rest_route=\/wp\/v2\/pages\/1203","targetHints":{"allow":["GET"]}}],"collection":[{"href":"https:\/\/www.bambergorthodox.de\/index.php?rest_route=\/wp\/v2\/pages"}],"about":[{"href":"https:\/\/www.bambergorthodox.de\/index.php?rest_route=\/wp\/v2\/types\/page"}],"author":[{"embeddable":true,"href":"https:\/\/www.bambergorthodox.de\/index.php?rest_route=\/wp\/v2\/users\/2"}],"replies":[{"embeddable":true,"href":"https:\/\/www.bambergorthodox.de\/index.php?rest_route=%2Fwp%2Fv2%2Fcomments&post=1203"}],"version-history":[{"count":5,"href":"https:\/\/www.bambergorthodox.de\/index.php?rest_route=\/wp\/v2\/pages\/1203\/revisions"}],"predecessor-version":[{"id":6756,"href":"https:\/\/www.bambergorthodox.de\/index.php?rest_route=\/wp\/v2\/pages\/1203\/revisions\/6756"}],"wp:attachment":[{"href":"https:\/\/www.bambergorthodox.de\/index.php?rest_route=%2Fwp%2Fv2%2Fmedia&parent=1203"}],"curies":[{"name":"wp","href":"https:\/\/api.w.org\/{rel}","templated":true}]}}